{"id":124409,"date":"2026-05-06T15:30:58","date_gmt":"2026-05-06T18:30:58","guid":{"rendered":"https:\/\/www.hediyepazar.com\/?product=tirnak-matkabi-ve-led-oje-kurutucu-2li-profesyonel-bakim-seti"},"modified":"2026-05-06T15:30:58","modified_gmt":"2026-05-06T18:30:58","slug":"tirnak-matkabi-ve-led-oje-kurutucu-2li-profesyonel-bakim-seti","status":"publish","type":"product","link":"https:\/\/www.hediyepazar.com\/?product=tirnak-matkabi-ve-led-oje-kurutucu-2li-profesyonel-bakim-seti","title":{"rendered":"T\u0131rnak Matkab\u0131 ve LED Oje Kurutucu 2\u2019li Profesyonel Bak\u0131m Seti"},"content":{"rendered":"<p>Bu 2\u2019li t\u0131rnak bak\u0131m seti, t\u0131rnak bak\u0131m\u0131n\u0131 h\u0131zl\u0131, pratik ve profesyonel hale getirmek isteyenler i\u00e7in \u00f6zel olarak haz\u0131rlanm\u0131\u015ft\u0131r. Ergonomik yap\u0131ya sahip t\u0131rnak matkab\u0131, kaymaz y\u00fczeyi sayesinde uzun s\u00fcreli kullan\u0131mlarda el yorgunlu\u011funu \u00f6nler. Is\u0131nma yapmayan motor teknolojisi ile g\u00fcvenli kullan\u0131m sunar. 20.000 RPM h\u0131z kapasitesi sayesinde jel oje s\u00f6kme, akrilik \u015fekillendirme ve t\u0131rnak y\u00fczeyi d\u00fczeltme i\u015flemlerinde etkili sonu\u00e7lar elde edilir.Set i\u00e7erisinde yer alan mini LED oje kurutma cihaz\u0131 ise 16 watt g\u00fcc\u00fcndeki LED \u0131\u015f\u0131klar\u0131 sayesinde ojelerin h\u0131zl\u0131 ve e\u015fit \u015fekilde kurumas\u0131n\u0131 sa\u011flar. UV LED teknolojisi, t\u0131rnaklara zarar vermeden parlak ve uzun \u00f6m\u00fcrl\u00fc sonu\u00e7lar sunar. Evde veya profesyonel ortamda kullan\u0131m i\u00e7in ideal bir settir.<\/p>\n","protected":false},"excerpt":{"rendered":"<p>Bu 2\u2019li t\u0131rnak bak\u0131m seti, t\u0131rnak bak\u0131m\u0131n\u0131 h\u0131zl\u0131, pratik ve profesyonel hale getirmek isteyenler i\u00e7in \u00f6zel olarak haz\u0131rlanm\u0131\u015ft\u0131r. Ergonomik yap\u0131ya sahip t\u0131rnak matkab\u0131, kaymaz y\u00fczeyi sayesinde uzun s\u00fcreli kullan\u0131mlarda el yorgunlu\u011funu \u00f6nler. Is\u0131nma yapmayan motor teknolojisi ile g\u00fcvenli kullan\u0131m sunar. 20.000 RPM h\u0131z kapasitesi sayesinde jel oje s\u00f6kme, akrilik \u015fekillendirme ve t\u0131rnak y\u00fczeyi d\u00fczeltme i\u015flemlerinde&#8230;<\/p>\n","protected":false},"featured_media":124408,"comment_status":"open","ping_status":"closed","template":"","meta":{"_kad_post_transparent":"","_kad_post_title":"","_kad_post_layout":"","_kad_post_sidebar_id":"","_kad_post_content_style":"","_kad_post_vertical_padding":"","_kad_post_feature":"","_kad_post_feature_position":"","_kad_post_header":false,"_kad_post_footer":false,"_kad_post_classname":""},"product_brand":[],"product_cat":[14963],"product_tag":[],"class_list":{"0":"post-124409","1":"product","2":"type-product","3":"status-publish","4":"has-post-thumbnail","6":"product_cat-manikur-ve-pedikur-aletleri-manikur-ve-pedikur-aletleri","8":"first","9":"instock","10":"purchasable","11":"product-type-simple","12":"entry","13":"content-bg","14":"loop-entry"},"_links":{"self":[{"href":"https:\/\/www.hediyepazar.com\/index.php?rest_route=\/wp\/v2\/product\/124409","targetHints":{"allow":["GET"]}}],"collection":[{"href":"https:\/\/www.hediyepazar.com\/index.php?rest_route=\/wp\/v2\/product"}],"about":[{"href":"https:\/\/www.hediyepazar.com\/index.php?rest_route=\/wp\/v2\/types\/product"}],"replies":[{"embeddable":true,"href":"https:\/\/www.hediyepazar.com\/index.php?rest_route=%2Fwp%2Fv2%2Fcomments&post=124409"}],"wp:featuredmedia":[{"embeddable":true,"href":"https:\/\/www.hediyepazar.com\/index.php?rest_route=\/wp\/v2\/media\/124408"}],"wp:attachment":[{"href":"https:\/\/www.hediyepazar.com\/index.php?rest_route=%2Fwp%2Fv2%2Fmedia&parent=124409"}],"wp:term":[{"taxonomy":"product_brand","embeddable":true,"href":"https:\/\/www.hediyepazar.com\/index.php?rest_route=%2Fwp%2Fv2%2Fproduct_brand&post=124409"},{"taxonomy":"product_cat","embeddable":true,"href":"https:\/\/www.hediyepazar.com\/index.php?rest_route=%2Fwp%2Fv2%2Fproduct_cat&post=124409"},{"taxonomy":"product_tag","embeddable":true,"href":"https:\/\/www.hediyepazar.com\/index.php?rest_route=%2Fwp%2Fv2%2Fproduct_tag&post=124409"}],"curies":[{"name":"wp","href":"https:\/\/api.w.org\/{rel}","templated":true}]}}