{"id":124445,"date":"2026-05-06T15:35:15","date_gmt":"2026-05-06T18:35:15","guid":{"rendered":"https:\/\/www.hediyepazar.com\/?product=oyun-konsolu-tutucu-sik-ve-minimal-masa-ustu-stand"},"modified":"2026-05-06T15:35:15","modified_gmt":"2026-05-06T18:35:15","slug":"oyun-konsolu-tutucu-sik-ve-minimal-masa-ustu-stand","status":"publish","type":"product","link":"https:\/\/www.hediyepazar.com\/?product=oyun-konsolu-tutucu-sik-ve-minimal-masa-ustu-stand","title":{"rendered":"Oyun Konsolu Tutucu \u015e\u0131k ve Minimal Masa \u00dcst\u00fc Stand"},"content":{"rendered":"<p>Bu konsol stand\u0131, masa \u00fcst\u00fc ve TV \u00fcnitesi kullan\u0131m\u0131na uygun pratik bir \u00e7\u00f6z\u00fcmd\u00fcr. Sabit ve dengeli yap\u0131s\u0131 sayesinde konsolun devrilmesini \u00f6nlemeye yard\u0131mc\u0131 olur. Kompakt tasar\u0131m\u0131 fazla yer kaplamaz ve bulundu\u011fu ortamda sade bir g\u00f6r\u00fcn\u00fcm sunar. Oyun alan\u0131n\u0131 daha d\u00fczenli hale getirmek isteyen kullan\u0131c\u0131lar i\u00e7in ideal bir tamamlay\u0131c\u0131d\u0131r.<\/p>\n","protected":false},"excerpt":{"rendered":"<p>Bu konsol stand\u0131, masa \u00fcst\u00fc ve TV \u00fcnitesi kullan\u0131m\u0131na uygun pratik bir \u00e7\u00f6z\u00fcmd\u00fcr. Sabit ve dengeli yap\u0131s\u0131 sayesinde konsolun devrilmesini \u00f6nlemeye yard\u0131mc\u0131 olur. Kompakt tasar\u0131m\u0131 fazla yer kaplamaz ve bulundu\u011fu ortamda sade bir g\u00f6r\u00fcn\u00fcm sunar. Oyun alan\u0131n\u0131 daha d\u00fczenli hale getirmek isteyen kullan\u0131c\u0131lar i\u00e7in ideal bir tamamlay\u0131c\u0131d\u0131r.<\/p>\n","protected":false},"featured_media":124444,"comment_status":"open","ping_status":"closed","template":"","meta":{"_kad_post_transparent":"","_kad_post_title":"","_kad_post_layout":"","_kad_post_sidebar_id":"","_kad_post_content_style":"","_kad_post_vertical_padding":"","_kad_post_feature":"","_kad_post_feature_position":"","_kad_post_header":false,"_kad_post_footer":false,"_kad_post_classname":""},"product_brand":[],"product_cat":[14940],"product_tag":[],"class_list":{"0":"post-124445","1":"product","2":"type-product","3":"status-publish","4":"has-post-thumbnail","6":"product_cat-dekoratif-obje-biblo-dekoratif-obje-biblo","8":"first","9":"instock","10":"purchasable","11":"product-type-simple","12":"entry","13":"content-bg","14":"loop-entry"},"_links":{"self":[{"href":"https:\/\/www.hediyepazar.com\/index.php?rest_route=\/wp\/v2\/product\/124445","targetHints":{"allow":["GET"]}}],"collection":[{"href":"https:\/\/www.hediyepazar.com\/index.php?rest_route=\/wp\/v2\/product"}],"about":[{"href":"https:\/\/www.hediyepazar.com\/index.php?rest_route=\/wp\/v2\/types\/product"}],"replies":[{"embeddable":true,"href":"https:\/\/www.hediyepazar.com\/index.php?rest_route=%2Fwp%2Fv2%2Fcomments&post=124445"}],"wp:featuredmedia":[{"embeddable":true,"href":"https:\/\/www.hediyepazar.com\/index.php?rest_route=\/wp\/v2\/media\/124444"}],"wp:attachment":[{"href":"https:\/\/www.hediyepazar.com\/index.php?rest_route=%2Fwp%2Fv2%2Fmedia&parent=124445"}],"wp:term":[{"taxonomy":"product_brand","embeddable":true,"href":"https:\/\/www.hediyepazar.com\/index.php?rest_route=%2Fwp%2Fv2%2Fproduct_brand&post=124445"},{"taxonomy":"product_cat","embeddable":true,"href":"https:\/\/www.hediyepazar.com\/index.php?rest_route=%2Fwp%2Fv2%2Fproduct_cat&post=124445"},{"taxonomy":"product_tag","embeddable":true,"href":"https:\/\/www.hediyepazar.com\/index.php?rest_route=%2Fwp%2Fv2%2Fproduct_tag&post=124445"}],"curies":[{"name":"wp","href":"https:\/\/api.w.org\/{rel}","templated":true}]}}