{"id":124447,"date":"2026-05-06T15:35:20","date_gmt":"2026-05-06T18:35:20","guid":{"rendered":"https:\/\/www.hediyepazar.com\/?product=oyun-konsolu-standi-masa-ve-tv-unitesi-ustu-duzenleyici-tutucu"},"modified":"2026-05-06T15:35:20","modified_gmt":"2026-05-06T18:35:20","slug":"oyun-konsolu-standi-masa-ve-tv-unitesi-ustu-duzenleyici-tutucu","status":"publish","type":"product","link":"https:\/\/www.hediyepazar.com\/?product=oyun-konsolu-standi-masa-ve-tv-unitesi-ustu-duzenleyici-tutucu","title":{"rendered":"Oyun Konsolu Stand\u0131 Masa ve TV \u00dcnitesi \u00dcst\u00fc D\u00fczenleyici Tutucu"},"content":{"rendered":"<p>Oyun konsolu tutucu, konsolunuzu dik konumda g\u00fcvenli ve d\u00fczenli \u015fekilde konumland\u0131rmak i\u00e7in tasarlanm\u0131\u015ft\u0131r. Masa, raf veya TV \u00fcnitesi \u00fcst\u00fcnde kullan\u0131ma uygundur. Dikey kullan\u0131m sayesinde alandan tasarruf sa\u011flar ve daha d\u00fczenli bir g\u00f6r\u00fcn\u00fcm sunar. Minimal ve sade tasar\u0131m\u0131, modern ev ve salon dekorasyonuna uyum sa\u011flar. G\u00fcnl\u00fck kullan\u0131mda konsolunuzu korumaya yard\u0131mc\u0131 olur.<\/p>\n","protected":false},"excerpt":{"rendered":"<p>Oyun konsolu tutucu, konsolunuzu dik konumda g\u00fcvenli ve d\u00fczenli \u015fekilde konumland\u0131rmak i\u00e7in tasarlanm\u0131\u015ft\u0131r. Masa, raf veya TV \u00fcnitesi \u00fcst\u00fcnde kullan\u0131ma uygundur. Dikey kullan\u0131m sayesinde alandan tasarruf sa\u011flar ve daha d\u00fczenli bir g\u00f6r\u00fcn\u00fcm sunar. Minimal ve sade tasar\u0131m\u0131, modern ev ve salon dekorasyonuna uyum sa\u011flar. G\u00fcnl\u00fck kullan\u0131mda konsolunuzu korumaya yard\u0131mc\u0131 olur.<\/p>\n","protected":false},"featured_media":124446,"comment_status":"open","ping_status":"closed","template":"","meta":{"_kad_post_transparent":"","_kad_post_title":"","_kad_post_layout":"","_kad_post_sidebar_id":"","_kad_post_content_style":"","_kad_post_vertical_padding":"","_kad_post_feature":"","_kad_post_feature_position":"","_kad_post_header":false,"_kad_post_footer":false,"_kad_post_classname":""},"product_brand":[],"product_cat":[14940],"product_tag":[],"class_list":{"0":"post-124447","1":"product","2":"type-product","3":"status-publish","4":"has-post-thumbnail","6":"product_cat-dekoratif-obje-biblo-dekoratif-obje-biblo","8":"first","9":"instock","10":"purchasable","11":"product-type-simple","12":"entry","13":"content-bg","14":"loop-entry"},"_links":{"self":[{"href":"https:\/\/www.hediyepazar.com\/index.php?rest_route=\/wp\/v2\/product\/124447","targetHints":{"allow":["GET"]}}],"collection":[{"href":"https:\/\/www.hediyepazar.com\/index.php?rest_route=\/wp\/v2\/product"}],"about":[{"href":"https:\/\/www.hediyepazar.com\/index.php?rest_route=\/wp\/v2\/types\/product"}],"replies":[{"embeddable":true,"href":"https:\/\/www.hediyepazar.com\/index.php?rest_route=%2Fwp%2Fv2%2Fcomments&post=124447"}],"wp:featuredmedia":[{"embeddable":true,"href":"https:\/\/www.hediyepazar.com\/index.php?rest_route=\/wp\/v2\/media\/124446"}],"wp:attachment":[{"href":"https:\/\/www.hediyepazar.com\/index.php?rest_route=%2Fwp%2Fv2%2Fmedia&parent=124447"}],"wp:term":[{"taxonomy":"product_brand","embeddable":true,"href":"https:\/\/www.hediyepazar.com\/index.php?rest_route=%2Fwp%2Fv2%2Fproduct_brand&post=124447"},{"taxonomy":"product_cat","embeddable":true,"href":"https:\/\/www.hediyepazar.com\/index.php?rest_route=%2Fwp%2Fv2%2Fproduct_cat&post=124447"},{"taxonomy":"product_tag","embeddable":true,"href":"https:\/\/www.hediyepazar.com\/index.php?rest_route=%2Fwp%2Fv2%2Fproduct_tag&post=124447"}],"curies":[{"name":"wp","href":"https:\/\/api.w.org\/{rel}","templated":true}]}}