{"id":124778,"date":"2026-05-06T16:21:07","date_gmt":"2026-05-06T19:21:07","guid":{"rendered":"https:\/\/www.hediyepazar.com\/?product=kadinlar-icin-yuz-tuy-alma-cihazi-nazik-ve-etkili-kullanim"},"modified":"2026-05-06T16:21:07","modified_gmt":"2026-05-06T19:21:07","slug":"kadinlar-icin-yuz-tuy-alma-cihazi-nazik-ve-etkili-kullanim","status":"publish","type":"product","link":"https:\/\/www.hediyepazar.com\/?product=kadinlar-icin-yuz-tuy-alma-cihazi-nazik-ve-etkili-kullanim","title":{"rendered":"Kad\u0131nlar \u0130\u00e7in Y\u00fcz T\u00fcy Alma Cihaz\u0131 Nazik ve Etkili Kullan\u0131m"},"content":{"rendered":"<p>Nazik ve g\u00fcvenli kullan\u0131m sunan bu y\u00fcz t\u00fcy alma cihaz\u0131, y\u00fcz b\u00f6lgesindeki istenmeyen t\u00fcyleri h\u0131zl\u0131 ve pratik \u015fekilde temizlemek isteyenler i\u00e7in ideal bir \u00e7\u00f6z\u00fcmd\u00fcr. A\u011fr\u0131s\u0131z \u00e7al\u0131\u015fma sistemi sayesinde ciltte k\u0131zar\u0131kl\u0131k ve tahri\u015f olu\u015fumunu minimuma indirir.LED destekli yap\u0131s\u0131, ince t\u00fcylerin kolayca fark edilmesini sa\u011flar ve daha kontroll\u00fc bir epilasyon deneyimi sunar. Y\u00fcksek performansl\u0131 motor yap\u0131s\u0131 sayesinde p\u00fcr\u00fczs\u00fcz sonu\u00e7 elde edilir.Ta\u015f\u0131nabilir boyutu ve hafif yap\u0131s\u0131 sayesinde \u00e7antada rahatl\u0131kla ta\u015f\u0131nabilir. Evde, i\u015fte veya seyahatte her an kullan\u0131ma uygundur. Sessiz \u00e7al\u0131\u015fmas\u0131 sayesinde \u00e7evreyi rahats\u0131z etmez.T\u00fcm cilt tipleri i\u00e7in uygun yap\u0131s\u0131yla g\u00fcnl\u00fck ki\u015fisel bak\u0131mda g\u00fcvenle kullan\u0131labilir.<\/p>\n","protected":false},"excerpt":{"rendered":"<p>Nazik ve g\u00fcvenli kullan\u0131m sunan bu y\u00fcz t\u00fcy alma cihaz\u0131, y\u00fcz b\u00f6lgesindeki istenmeyen t\u00fcyleri h\u0131zl\u0131 ve pratik \u015fekilde temizlemek isteyenler i\u00e7in ideal bir \u00e7\u00f6z\u00fcmd\u00fcr. A\u011fr\u0131s\u0131z \u00e7al\u0131\u015fma sistemi sayesinde ciltte k\u0131zar\u0131kl\u0131k ve tahri\u015f olu\u015fumunu minimuma indirir.LED destekli yap\u0131s\u0131, ince t\u00fcylerin kolayca fark edilmesini sa\u011flar ve daha kontroll\u00fc bir epilasyon deneyimi sunar. Y\u00fcksek performansl\u0131 motor yap\u0131s\u0131 sayesinde&#8230;<\/p>\n","protected":false},"featured_media":124777,"comment_status":"open","ping_status":"closed","template":"","meta":{"_kad_post_transparent":"","_kad_post_title":"","_kad_post_layout":"","_kad_post_sidebar_id":"","_kad_post_content_style":"","_kad_post_vertical_padding":"","_kad_post_feature":"","_kad_post_feature_position":"","_kad_post_header":false,"_kad_post_footer":false,"_kad_post_classname":""},"product_brand":[],"product_cat":[14919],"product_tag":[],"class_list":{"0":"post-124778","1":"product","2":"type-product","3":"status-publish","4":"has-post-thumbnail","6":"product_cat-epilator-epilator","8":"first","9":"instock","10":"purchasable","11":"product-type-simple","12":"entry","13":"content-bg","14":"loop-entry"},"_links":{"self":[{"href":"https:\/\/www.hediyepazar.com\/index.php?rest_route=\/wp\/v2\/product\/124778","targetHints":{"allow":["GET"]}}],"collection":[{"href":"https:\/\/www.hediyepazar.com\/index.php?rest_route=\/wp\/v2\/product"}],"about":[{"href":"https:\/\/www.hediyepazar.com\/index.php?rest_route=\/wp\/v2\/types\/product"}],"replies":[{"embeddable":true,"href":"https:\/\/www.hediyepazar.com\/index.php?rest_route=%2Fwp%2Fv2%2Fcomments&post=124778"}],"wp:featuredmedia":[{"embeddable":true,"href":"https:\/\/www.hediyepazar.com\/index.php?rest_route=\/wp\/v2\/media\/124777"}],"wp:attachment":[{"href":"https:\/\/www.hediyepazar.com\/index.php?rest_route=%2Fwp%2Fv2%2Fmedia&parent=124778"}],"wp:term":[{"taxonomy":"product_brand","embeddable":true,"href":"https:\/\/www.hediyepazar.com\/index.php?rest_route=%2Fwp%2Fv2%2Fproduct_brand&post=124778"},{"taxonomy":"product_cat","embeddable":true,"href":"https:\/\/www.hediyepazar.com\/index.php?rest_route=%2Fwp%2Fv2%2Fproduct_cat&post=124778"},{"taxonomy":"product_tag","embeddable":true,"href":"https:\/\/www.hediyepazar.com\/index.php?rest_route=%2Fwp%2Fv2%2Fproduct_tag&post=124778"}],"curies":[{"name":"wp","href":"https:\/\/api.w.org\/{rel}","templated":true}]}}