{"id":124784,"date":"2026-05-06T16:22:01","date_gmt":"2026-05-06T19:22:01","guid":{"rendered":"https:\/\/www.hediyepazar.com\/?product=gurultu-engelleme-ozellikli-canli-yayin-ses-karti"},"modified":"2026-05-06T16:22:01","modified_gmt":"2026-05-06T19:22:01","slug":"gurultu-engelleme-ozellikli-canli-yayin-ses-karti","status":"publish","type":"product","link":"https:\/\/www.hediyepazar.com\/?product=gurultu-engelleme-ozellikli-canli-yayin-ses-karti","title":{"rendered":"G\u00fcr\u00fclt\u00fc Engelleme \u00d6zellikli Canl\u0131 Yay\u0131n Ses Kart\u0131"},"content":{"rendered":"<p>Bluetooth ba\u011flant\u0131l\u0131 karaoke ve yay\u0131n ses kart\u0131, e\u011flence ve profesyonelli\u011fi bir arada sunar. Karaoke performanslar\u0131n\u0131 daha etkileyici hale getirirken canl\u0131 yay\u0131nlarda da net ve dengeli bir ses sunar.Kablosuz ba\u011flant\u0131 \u00f6zelli\u011fi sayesinde arka plan m\u00fczi\u011fi h\u0131zl\u0131ca eklenebilir. G\u00fcr\u00fclt\u00fc engelleme sistemi ile arka plan sesleri azalt\u0131l\u0131r ve odak mikrofon sesine y\u00f6nlendirilir.Ba\u011f\u0131ms\u0131z ses ayarlar\u0131 sayesinde kullan\u0131c\u0131 tam kontrol sa\u011flar. Ergonomik tasar\u0131m\u0131 ve kolay kullan\u0131m\u0131 sayesinde her seviyeden kullan\u0131c\u0131ya uygundur.<\/p>\n","protected":false},"excerpt":{"rendered":"<p>Bluetooth ba\u011flant\u0131l\u0131 karaoke ve yay\u0131n ses kart\u0131, e\u011flence ve profesyonelli\u011fi bir arada sunar. Karaoke performanslar\u0131n\u0131 daha etkileyici hale getirirken canl\u0131 yay\u0131nlarda da net ve dengeli bir ses sunar.Kablosuz ba\u011flant\u0131 \u00f6zelli\u011fi sayesinde arka plan m\u00fczi\u011fi h\u0131zl\u0131ca eklenebilir. G\u00fcr\u00fclt\u00fc engelleme sistemi ile arka plan sesleri azalt\u0131l\u0131r ve odak mikrofon sesine y\u00f6nlendirilir.Ba\u011f\u0131ms\u0131z ses ayarlar\u0131 sayesinde kullan\u0131c\u0131 tam kontrol&#8230;<\/p>\n","protected":false},"featured_media":124783,"comment_status":"open","ping_status":"closed","template":"","meta":{"_kad_post_transparent":"","_kad_post_title":"","_kad_post_layout":"","_kad_post_sidebar_id":"","_kad_post_content_style":"","_kad_post_vertical_padding":"","_kad_post_feature":"","_kad_post_feature_position":"","_kad_post_header":false,"_kad_post_footer":false,"_kad_post_classname":""},"product_brand":[],"product_cat":[14929],"product_tag":[],"class_list":{"0":"post-124784","1":"product","2":"type-product","3":"status-publish","4":"has-post-thumbnail","6":"product_cat-muzik-sistemi-muzik-sistemi","8":"first","9":"instock","10":"purchasable","11":"product-type-simple","12":"entry","13":"content-bg","14":"loop-entry"},"_links":{"self":[{"href":"https:\/\/www.hediyepazar.com\/index.php?rest_route=\/wp\/v2\/product\/124784","targetHints":{"allow":["GET"]}}],"collection":[{"href":"https:\/\/www.hediyepazar.com\/index.php?rest_route=\/wp\/v2\/product"}],"about":[{"href":"https:\/\/www.hediyepazar.com\/index.php?rest_route=\/wp\/v2\/types\/product"}],"replies":[{"embeddable":true,"href":"https:\/\/www.hediyepazar.com\/index.php?rest_route=%2Fwp%2Fv2%2Fcomments&post=124784"}],"wp:featuredmedia":[{"embeddable":true,"href":"https:\/\/www.hediyepazar.com\/index.php?rest_route=\/wp\/v2\/media\/124783"}],"wp:attachment":[{"href":"https:\/\/www.hediyepazar.com\/index.php?rest_route=%2Fwp%2Fv2%2Fmedia&parent=124784"}],"wp:term":[{"taxonomy":"product_brand","embeddable":true,"href":"https:\/\/www.hediyepazar.com\/index.php?rest_route=%2Fwp%2Fv2%2Fproduct_brand&post=124784"},{"taxonomy":"product_cat","embeddable":true,"href":"https:\/\/www.hediyepazar.com\/index.php?rest_route=%2Fwp%2Fv2%2Fproduct_cat&post=124784"},{"taxonomy":"product_tag","embeddable":true,"href":"https:\/\/www.hediyepazar.com\/index.php?rest_route=%2Fwp%2Fv2%2Fproduct_tag&post=124784"}],"curies":[{"name":"wp","href":"https:\/\/api.w.org\/{rel}","templated":true}]}}