{"id":124802,"date":"2026-05-06T16:24:36","date_gmt":"2026-05-06T19:24:36","guid":{"rendered":"https:\/\/www.hediyepazar.com\/?product=ev-tipi-profesyonel-cilt-bakim-masaj-cihazi-2"},"modified":"2026-05-06T16:24:36","modified_gmt":"2026-05-06T19:24:36","slug":"ev-tipi-profesyonel-cilt-bakim-masaj-cihazi-2","status":"publish","type":"product","link":"https:\/\/www.hediyepazar.com\/?product=ev-tipi-profesyonel-cilt-bakim-masaj-cihazi-2","title":{"rendered":"Ev Tipi Profesyonel Cilt Bak\u0131m Masaj Cihaz\u0131"},"content":{"rendered":"<p>Ultrasonik ses dalgas\u0131 teknolojisiyle mikro titre\u015fimler \u00fcreten bu masaj cihaz\u0131, yaln\u0131zca y\u00fczeysel bak\u0131m sa\u011flamakla kalmaz, ayn\u0131 zamanda cildin alt katmanlar\u0131na etki ederek elastikiyeti art\u0131r\u0131r. D\u00fczenli kullan\u0131mda cilt tonunu e\u015fitler, g\u00f6zenekleri s\u0131k\u0131la\u015ft\u0131r\u0131r ve ya\u015flanma belirtilerini en aza indirir. Evde profesyonel bak\u0131m deneyimi ya\u015famak isteyenler i\u00e7in ideal bir \u00e7\u00f6z\u00fcmd\u00fcr.<\/p>\n","protected":false},"excerpt":{"rendered":"<p>Ultrasonik ses dalgas\u0131 teknolojisiyle mikro titre\u015fimler \u00fcreten bu masaj cihaz\u0131, yaln\u0131zca y\u00fczeysel bak\u0131m sa\u011flamakla kalmaz, ayn\u0131 zamanda cildin alt katmanlar\u0131na etki ederek elastikiyeti art\u0131r\u0131r. D\u00fczenli kullan\u0131mda cilt tonunu e\u015fitler, g\u00f6zenekleri s\u0131k\u0131la\u015ft\u0131r\u0131r ve ya\u015flanma belirtilerini en aza indirir. Evde profesyonel bak\u0131m deneyimi ya\u015famak isteyenler i\u00e7in ideal bir \u00e7\u00f6z\u00fcmd\u00fcr.<\/p>\n","protected":false},"featured_media":124801,"comment_status":"open","ping_status":"closed","template":"","meta":{"_kad_post_transparent":"","_kad_post_title":"","_kad_post_layout":"","_kad_post_sidebar_id":"","_kad_post_content_style":"","_kad_post_vertical_padding":"","_kad_post_feature":"","_kad_post_feature_position":"","_kad_post_header":false,"_kad_post_footer":false,"_kad_post_classname":""},"product_brand":[],"product_cat":[14917],"product_tag":[],"class_list":{"0":"post-124802","1":"product","2":"type-product","3":"status-publish","4":"has-post-thumbnail","6":"product_cat-yuz-masaj-aleti-yuz-masaj-aleti","8":"first","9":"instock","10":"purchasable","11":"product-type-simple","12":"entry","13":"content-bg","14":"loop-entry"},"_links":{"self":[{"href":"https:\/\/www.hediyepazar.com\/index.php?rest_route=\/wp\/v2\/product\/124802","targetHints":{"allow":["GET"]}}],"collection":[{"href":"https:\/\/www.hediyepazar.com\/index.php?rest_route=\/wp\/v2\/product"}],"about":[{"href":"https:\/\/www.hediyepazar.com\/index.php?rest_route=\/wp\/v2\/types\/product"}],"replies":[{"embeddable":true,"href":"https:\/\/www.hediyepazar.com\/index.php?rest_route=%2Fwp%2Fv2%2Fcomments&post=124802"}],"wp:featuredmedia":[{"embeddable":true,"href":"https:\/\/www.hediyepazar.com\/index.php?rest_route=\/wp\/v2\/media\/124801"}],"wp:attachment":[{"href":"https:\/\/www.hediyepazar.com\/index.php?rest_route=%2Fwp%2Fv2%2Fmedia&parent=124802"}],"wp:term":[{"taxonomy":"product_brand","embeddable":true,"href":"https:\/\/www.hediyepazar.com\/index.php?rest_route=%2Fwp%2Fv2%2Fproduct_brand&post=124802"},{"taxonomy":"product_cat","embeddable":true,"href":"https:\/\/www.hediyepazar.com\/index.php?rest_route=%2Fwp%2Fv2%2Fproduct_cat&post=124802"},{"taxonomy":"product_tag","embeddable":true,"href":"https:\/\/www.hediyepazar.com\/index.php?rest_route=%2Fwp%2Fv2%2Fproduct_tag&post=124802"}],"curies":[{"name":"wp","href":"https:\/\/api.w.org\/{rel}","templated":true}]}}