{"id":124882,"date":"2026-05-06T16:37:16","date_gmt":"2026-05-06T19:37:16","guid":{"rendered":"https:\/\/www.hediyepazar.com\/?product=guclu-sarjli-matkap-vidalama-cift-batarya"},"modified":"2026-05-06T16:37:16","modified_gmt":"2026-05-06T19:37:16","slug":"guclu-sarjli-matkap-vidalama-cift-batarya","status":"publish","type":"product","link":"https:\/\/www.hediyepazar.com\/?product=guclu-sarjli-matkap-vidalama-cift-batarya","title":{"rendered":"G\u00fc\u00e7l\u00fc \u015earjl\u0131 Matkap Vidalama \u00c7ift Batarya"},"content":{"rendered":"<p>Bu 18 par\u00e7a \u015farjl\u0131 matkap seti, hem ta\u015f\u0131nabilir hem de g\u00fc\u00e7l\u00fc bir \u00e7\u00f6z\u00fcm sunar. \u00c7ift batarya sistemi sayesinde uzun i\u015fler s\u0131ras\u0131nda zaman kaybetmeden \u00e7al\u0131\u015fmaya devam edebilirsiniz.Dijital ekran, kullan\u0131c\u0131ya anl\u0131k bilgi sunarak kontrol\u00fc art\u0131r\u0131r. Ergonomik g\u00f6vde yap\u0131s\u0131 ve dengeli a\u011f\u0131rl\u0131k da\u011f\u0131l\u0131m\u0131 sayesinde rahat bir tutu\u015f sa\u011flar.Mobilya kurulumu, raf montaj\u0131, tamirat ve hobi \u00e7al\u0131\u015fmalar\u0131 i\u00e7in uygundur.<\/p>\n","protected":false},"excerpt":{"rendered":"<p>Bu 18 par\u00e7a \u015farjl\u0131 matkap seti, hem ta\u015f\u0131nabilir hem de g\u00fc\u00e7l\u00fc bir \u00e7\u00f6z\u00fcm sunar. \u00c7ift batarya sistemi sayesinde uzun i\u015fler s\u0131ras\u0131nda zaman kaybetmeden \u00e7al\u0131\u015fmaya devam edebilirsiniz.Dijital ekran, kullan\u0131c\u0131ya anl\u0131k bilgi sunarak kontrol\u00fc art\u0131r\u0131r. Ergonomik g\u00f6vde yap\u0131s\u0131 ve dengeli a\u011f\u0131rl\u0131k da\u011f\u0131l\u0131m\u0131 sayesinde rahat bir tutu\u015f sa\u011flar.Mobilya kurulumu, raf montaj\u0131, tamirat ve hobi \u00e7al\u0131\u015fmalar\u0131 i\u00e7in uygundur.<\/p>\n","protected":false},"featured_media":124881,"comment_status":"open","ping_status":"closed","template":"","meta":{"_kad_post_transparent":"","_kad_post_title":"","_kad_post_layout":"","_kad_post_sidebar_id":"","_kad_post_content_style":"","_kad_post_vertical_padding":"","_kad_post_feature":"","_kad_post_feature_position":"","_kad_post_header":false,"_kad_post_footer":false,"_kad_post_classname":""},"product_brand":[],"product_cat":[15150],"product_tag":[],"class_list":{"0":"post-124882","1":"product","2":"type-product","3":"status-publish","4":"has-post-thumbnail","6":"product_cat-matkap-matkap","8":"first","9":"instock","10":"purchasable","11":"product-type-simple","12":"entry","13":"content-bg","14":"loop-entry"},"_links":{"self":[{"href":"https:\/\/www.hediyepazar.com\/index.php?rest_route=\/wp\/v2\/product\/124882","targetHints":{"allow":["GET"]}}],"collection":[{"href":"https:\/\/www.hediyepazar.com\/index.php?rest_route=\/wp\/v2\/product"}],"about":[{"href":"https:\/\/www.hediyepazar.com\/index.php?rest_route=\/wp\/v2\/types\/product"}],"replies":[{"embeddable":true,"href":"https:\/\/www.hediyepazar.com\/index.php?rest_route=%2Fwp%2Fv2%2Fcomments&post=124882"}],"wp:featuredmedia":[{"embeddable":true,"href":"https:\/\/www.hediyepazar.com\/index.php?rest_route=\/wp\/v2\/media\/124881"}],"wp:attachment":[{"href":"https:\/\/www.hediyepazar.com\/index.php?rest_route=%2Fwp%2Fv2%2Fmedia&parent=124882"}],"wp:term":[{"taxonomy":"product_brand","embeddable":true,"href":"https:\/\/www.hediyepazar.com\/index.php?rest_route=%2Fwp%2Fv2%2Fproduct_brand&post=124882"},{"taxonomy":"product_cat","embeddable":true,"href":"https:\/\/www.hediyepazar.com\/index.php?rest_route=%2Fwp%2Fv2%2Fproduct_cat&post=124882"},{"taxonomy":"product_tag","embeddable":true,"href":"https:\/\/www.hediyepazar.com\/index.php?rest_route=%2Fwp%2Fv2%2Fproduct_tag&post=124882"}],"curies":[{"name":"wp","href":"https:\/\/api.w.org\/{rel}","templated":true}]}}