{"id":124884,"date":"2026-05-06T16:38:08","date_gmt":"2026-05-06T19:38:08","guid":{"rendered":"https:\/\/www.hediyepazar.com\/?product=dijital-ekranli-matkap-seti-cift-akulu"},"modified":"2026-05-06T16:38:08","modified_gmt":"2026-05-06T19:38:08","slug":"dijital-ekranli-matkap-seti-cift-akulu","status":"publish","type":"product","link":"https:\/\/www.hediyepazar.com\/?product=dijital-ekranli-matkap-seti-cift-akulu","title":{"rendered":"Dijital Ekranl\u0131 Matkap Seti \u00c7ift Ak\u00fcl\u00fc"},"content":{"rendered":"<p>Fonksiyonel ve dayan\u0131kl\u0131 yap\u0131s\u0131yla \u00f6ne \u00e7\u0131kan bu matkap seti, \u00e7ift ak\u00fc avantaj\u0131 sayesinde uzun s\u00fcreli \u00e7al\u0131\u015fma imk\u00e2n\u0131 sunar. G\u00fc\u00e7l\u00fc motor yap\u0131s\u0131 sayesinde sert y\u00fczeylerde bile etkili sonu\u00e7lar elde edebilirsiniz.Dijital ekranl\u0131 tasar\u0131m\u0131, modern kullan\u0131m al\u0131\u015fkanl\u0131klar\u0131na uygundur. Batarya durumunu ve \u00e7al\u0131\u015fma performans\u0131n\u0131 kolayca takip edebilirsiniz. Vidalama i\u015flemlerinde hassasiyet ve g\u00fc\u00e7 dengesi sa\u011flar.Ev kullan\u0131c\u0131lar\u0131 ve ustalar i\u00e7in ideal bir yard\u0131mc\u0131d\u0131r.<\/p>\n","protected":false},"excerpt":{"rendered":"<p>Fonksiyonel ve dayan\u0131kl\u0131 yap\u0131s\u0131yla \u00f6ne \u00e7\u0131kan bu matkap seti, \u00e7ift ak\u00fc avantaj\u0131 sayesinde uzun s\u00fcreli \u00e7al\u0131\u015fma imk\u00e2n\u0131 sunar. G\u00fc\u00e7l\u00fc motor yap\u0131s\u0131 sayesinde sert y\u00fczeylerde bile etkili sonu\u00e7lar elde edebilirsiniz.Dijital ekranl\u0131 tasar\u0131m\u0131, modern kullan\u0131m al\u0131\u015fkanl\u0131klar\u0131na uygundur. Batarya durumunu ve \u00e7al\u0131\u015fma performans\u0131n\u0131 kolayca takip edebilirsiniz. Vidalama i\u015flemlerinde hassasiyet ve g\u00fc\u00e7 dengesi sa\u011flar.Ev kullan\u0131c\u0131lar\u0131 ve ustalar i\u00e7in ideal&#8230;<\/p>\n","protected":false},"featured_media":124883,"comment_status":"open","ping_status":"closed","template":"","meta":{"_kad_post_transparent":"","_kad_post_title":"","_kad_post_layout":"","_kad_post_sidebar_id":"","_kad_post_content_style":"","_kad_post_vertical_padding":"","_kad_post_feature":"","_kad_post_feature_position":"","_kad_post_header":false,"_kad_post_footer":false,"_kad_post_classname":""},"product_brand":[],"product_cat":[15150],"product_tag":[],"class_list":{"0":"post-124884","1":"product","2":"type-product","3":"status-publish","4":"has-post-thumbnail","6":"product_cat-matkap-matkap","8":"first","9":"instock","10":"purchasable","11":"product-type-simple","12":"entry","13":"content-bg","14":"loop-entry"},"_links":{"self":[{"href":"https:\/\/www.hediyepazar.com\/index.php?rest_route=\/wp\/v2\/product\/124884","targetHints":{"allow":["GET"]}}],"collection":[{"href":"https:\/\/www.hediyepazar.com\/index.php?rest_route=\/wp\/v2\/product"}],"about":[{"href":"https:\/\/www.hediyepazar.com\/index.php?rest_route=\/wp\/v2\/types\/product"}],"replies":[{"embeddable":true,"href":"https:\/\/www.hediyepazar.com\/index.php?rest_route=%2Fwp%2Fv2%2Fcomments&post=124884"}],"wp:featuredmedia":[{"embeddable":true,"href":"https:\/\/www.hediyepazar.com\/index.php?rest_route=\/wp\/v2\/media\/124883"}],"wp:attachment":[{"href":"https:\/\/www.hediyepazar.com\/index.php?rest_route=%2Fwp%2Fv2%2Fmedia&parent=124884"}],"wp:term":[{"taxonomy":"product_brand","embeddable":true,"href":"https:\/\/www.hediyepazar.com\/index.php?rest_route=%2Fwp%2Fv2%2Fproduct_brand&post=124884"},{"taxonomy":"product_cat","embeddable":true,"href":"https:\/\/www.hediyepazar.com\/index.php?rest_route=%2Fwp%2Fv2%2Fproduct_cat&post=124884"},{"taxonomy":"product_tag","embeddable":true,"href":"https:\/\/www.hediyepazar.com\/index.php?rest_route=%2Fwp%2Fv2%2Fproduct_tag&post=124884"}],"curies":[{"name":"wp","href":"https:\/\/api.w.org\/{rel}","templated":true}]}}