{"id":124890,"date":"2026-05-06T16:38:59","date_gmt":"2026-05-06T19:38:59","guid":{"rendered":"https:\/\/www.hediyepazar.com\/?product=18-parca-dijital-matkap-seti-cift-bataryali"},"modified":"2026-05-06T16:38:59","modified_gmt":"2026-05-06T19:38:59","slug":"18-parca-dijital-matkap-seti-cift-bataryali","status":"publish","type":"product","link":"https:\/\/www.hediyepazar.com\/?product=18-parca-dijital-matkap-seti-cift-bataryali","title":{"rendered":"18 Par\u00e7a Dijital Matkap Seti \u00c7ift Bataryal\u0131"},"content":{"rendered":"<p>Ev ve profesyonel kullan\u0131ma uygun olarak tasarlanan bu 18 par\u00e7a dijital matkap seti, g\u00fc\u00e7l\u00fc performans\u0131 ve pratik yap\u0131s\u0131yla \u00f6ne \u00e7\u0131kar. \u00c7ift batarya deste\u011fi sayesinde uzun s\u00fcre kesintisiz \u00e7al\u0131\u015fma imk\u00e2n\u0131 sunar. Bir batarya kullan\u0131l\u0131rken di\u011feri \u015farj edilebilir, b\u00f6ylece i\u015finiz yar\u0131m kalmaz.Dijital ekran\u0131 sayesinde batarya durumu ve \u00e7al\u0131\u015fma bilgileri anl\u0131k olarak takip edilebilir. Vidalama ve delme i\u015flemlerinde g\u00fc\u00e7l\u00fc tork \u00fcretimi sa\u011flar. Ergonomik tutma sap\u0131, uzun s\u00fcreli kullan\u0131mlarda bile konfor sunar.Mobilya montaj\u0131, tamirat, dekorasyon ve g\u00fcnl\u00fck i\u015fler i\u00e7in ideal bir settir.<\/p>\n","protected":false},"excerpt":{"rendered":"<p>Ev ve profesyonel kullan\u0131ma uygun olarak tasarlanan bu 18 par\u00e7a dijital matkap seti, g\u00fc\u00e7l\u00fc performans\u0131 ve pratik yap\u0131s\u0131yla \u00f6ne \u00e7\u0131kar. \u00c7ift batarya deste\u011fi sayesinde uzun s\u00fcre kesintisiz \u00e7al\u0131\u015fma imk\u00e2n\u0131 sunar. Bir batarya kullan\u0131l\u0131rken di\u011feri \u015farj edilebilir, b\u00f6ylece i\u015finiz yar\u0131m kalmaz.Dijital ekran\u0131 sayesinde batarya durumu ve \u00e7al\u0131\u015fma bilgileri anl\u0131k olarak takip edilebilir. Vidalama ve delme i\u015flemlerinde&#8230;<\/p>\n","protected":false},"featured_media":124889,"comment_status":"open","ping_status":"closed","template":"","meta":{"_kad_post_transparent":"","_kad_post_title":"","_kad_post_layout":"","_kad_post_sidebar_id":"","_kad_post_content_style":"","_kad_post_vertical_padding":"","_kad_post_feature":"","_kad_post_feature_position":"","_kad_post_header":false,"_kad_post_footer":false,"_kad_post_classname":""},"product_brand":[],"product_cat":[15150],"product_tag":[],"class_list":{"0":"post-124890","1":"product","2":"type-product","3":"status-publish","4":"has-post-thumbnail","6":"product_cat-matkap-matkap","8":"first","9":"instock","10":"purchasable","11":"product-type-simple","12":"entry","13":"content-bg","14":"loop-entry"},"_links":{"self":[{"href":"https:\/\/www.hediyepazar.com\/index.php?rest_route=\/wp\/v2\/product\/124890","targetHints":{"allow":["GET"]}}],"collection":[{"href":"https:\/\/www.hediyepazar.com\/index.php?rest_route=\/wp\/v2\/product"}],"about":[{"href":"https:\/\/www.hediyepazar.com\/index.php?rest_route=\/wp\/v2\/types\/product"}],"replies":[{"embeddable":true,"href":"https:\/\/www.hediyepazar.com\/index.php?rest_route=%2Fwp%2Fv2%2Fcomments&post=124890"}],"wp:featuredmedia":[{"embeddable":true,"href":"https:\/\/www.hediyepazar.com\/index.php?rest_route=\/wp\/v2\/media\/124889"}],"wp:attachment":[{"href":"https:\/\/www.hediyepazar.com\/index.php?rest_route=%2Fwp%2Fv2%2Fmedia&parent=124890"}],"wp:term":[{"taxonomy":"product_brand","embeddable":true,"href":"https:\/\/www.hediyepazar.com\/index.php?rest_route=%2Fwp%2Fv2%2Fproduct_brand&post=124890"},{"taxonomy":"product_cat","embeddable":true,"href":"https:\/\/www.hediyepazar.com\/index.php?rest_route=%2Fwp%2Fv2%2Fproduct_cat&post=124890"},{"taxonomy":"product_tag","embeddable":true,"href":"https:\/\/www.hediyepazar.com\/index.php?rest_route=%2Fwp%2Fv2%2Fproduct_tag&post=124890"}],"curies":[{"name":"wp","href":"https:\/\/api.w.org\/{rel}","templated":true}]}}