{"id":124934,"date":"2026-05-06T16:47:09","date_gmt":"2026-05-06T19:47:09","guid":{"rendered":"https:\/\/www.hediyepazar.com\/?product=profesyonel-elektrikli-ayak-torpusu"},"modified":"2026-05-06T16:47:09","modified_gmt":"2026-05-06T19:47:09","slug":"profesyonel-elektrikli-ayak-torpusu","status":"publish","type":"product","link":"https:\/\/www.hediyepazar.com\/?product=profesyonel-elektrikli-ayak-torpusu","title":{"rendered":"Profesyonel Elektrikli Ayak T\u00f6rp\u00fcs\u00fc"},"content":{"rendered":"<p>Kallus ve nas\u0131r giderici elektrikli ayak t\u00f6rp\u00fcs\u00fc, aya\u011f\u0131n sertle\u015fmi\u015f y\u00fczeyine uyum sa\u011flayan 360\u00b0 etkili \u00f6\u011f\u00fctme sistemi ile \u00e7al\u0131\u015f\u0131r. Ayakta \u00e7atlak g\u00f6r\u00fcn\u00fcm\u00fcn\u00fc azaltmaya ve daha yumu\u015fak bir cilt dokusu elde etmeye yard\u0131mc\u0131 olur.Kaba ve ince ta\u015flama ba\u015fl\u0131klar\u0131, farkl\u0131 bak\u0131m ihtiya\u00e7lar\u0131 i\u00e7in esnek kullan\u0131m imk\u00e2n\u0131 sunar. D\u00fczenli bak\u0131m ile daha sa\u011fl\u0131kl\u0131 ayak g\u00f6r\u00fcn\u00fcm\u00fc sa\u011flar.<\/p>\n","protected":false},"excerpt":{"rendered":"<p>Kallus ve nas\u0131r giderici elektrikli ayak t\u00f6rp\u00fcs\u00fc, aya\u011f\u0131n sertle\u015fmi\u015f y\u00fczeyine uyum sa\u011flayan 360\u00b0 etkili \u00f6\u011f\u00fctme sistemi ile \u00e7al\u0131\u015f\u0131r. Ayakta \u00e7atlak g\u00f6r\u00fcn\u00fcm\u00fcn\u00fc azaltmaya ve daha yumu\u015fak bir cilt dokusu elde etmeye yard\u0131mc\u0131 olur.Kaba ve ince ta\u015flama ba\u015fl\u0131klar\u0131, farkl\u0131 bak\u0131m ihtiya\u00e7lar\u0131 i\u00e7in esnek kullan\u0131m imk\u00e2n\u0131 sunar. D\u00fczenli bak\u0131m ile daha sa\u011fl\u0131kl\u0131 ayak g\u00f6r\u00fcn\u00fcm\u00fc sa\u011flar.<\/p>\n","protected":false},"featured_media":124933,"comment_status":"open","ping_status":"closed","template":"","meta":{"_kad_post_transparent":"","_kad_post_title":"","_kad_post_layout":"","_kad_post_sidebar_id":"","_kad_post_content_style":"","_kad_post_vertical_padding":"","_kad_post_feature":"","_kad_post_feature_position":"","_kad_post_header":false,"_kad_post_footer":false,"_kad_post_classname":""},"product_brand":[],"product_cat":[14963],"product_tag":[],"class_list":{"0":"post-124934","1":"product","2":"type-product","3":"status-publish","4":"has-post-thumbnail","6":"product_cat-manikur-ve-pedikur-aletleri-manikur-ve-pedikur-aletleri","8":"first","9":"instock","10":"purchasable","11":"product-type-simple","12":"entry","13":"content-bg","14":"loop-entry"},"_links":{"self":[{"href":"https:\/\/www.hediyepazar.com\/index.php?rest_route=\/wp\/v2\/product\/124934","targetHints":{"allow":["GET"]}}],"collection":[{"href":"https:\/\/www.hediyepazar.com\/index.php?rest_route=\/wp\/v2\/product"}],"about":[{"href":"https:\/\/www.hediyepazar.com\/index.php?rest_route=\/wp\/v2\/types\/product"}],"replies":[{"embeddable":true,"href":"https:\/\/www.hediyepazar.com\/index.php?rest_route=%2Fwp%2Fv2%2Fcomments&post=124934"}],"wp:featuredmedia":[{"embeddable":true,"href":"https:\/\/www.hediyepazar.com\/index.php?rest_route=\/wp\/v2\/media\/124933"}],"wp:attachment":[{"href":"https:\/\/www.hediyepazar.com\/index.php?rest_route=%2Fwp%2Fv2%2Fmedia&parent=124934"}],"wp:term":[{"taxonomy":"product_brand","embeddable":true,"href":"https:\/\/www.hediyepazar.com\/index.php?rest_route=%2Fwp%2Fv2%2Fproduct_brand&post=124934"},{"taxonomy":"product_cat","embeddable":true,"href":"https:\/\/www.hediyepazar.com\/index.php?rest_route=%2Fwp%2Fv2%2Fproduct_cat&post=124934"},{"taxonomy":"product_tag","embeddable":true,"href":"https:\/\/www.hediyepazar.com\/index.php?rest_route=%2Fwp%2Fv2%2Fproduct_tag&post=124934"}],"curies":[{"name":"wp","href":"https:\/\/api.w.org\/{rel}","templated":true}]}}