{"id":124950,"date":"2026-05-06T16:50:09","date_gmt":"2026-05-06T19:50:09","guid":{"rendered":"https:\/\/www.hediyepazar.com\/?product=evde-profesyonel-led-isik-terapisi-cilt-bakim-cihazi"},"modified":"2026-05-06T16:50:09","modified_gmt":"2026-05-06T19:50:09","slug":"evde-profesyonel-led-isik-terapisi-cilt-bakim-cihazi","status":"publish","type":"product","link":"https:\/\/www.hediyepazar.com\/?product=evde-profesyonel-led-isik-terapisi-cilt-bakim-cihazi","title":{"rendered":"Evde Profesyonel LED I\u015f\u0131k Terapisi Cilt Bak\u0131m Cihaz\u0131"},"content":{"rendered":"<p>Bu \u00e7ok fonksiyonlu LED cilt bak\u0131m cihaz\u0131, masaj ve \u0131\u015f\u0131k terapisini bir arada sunar. Y\u00fcz ve boyun b\u00f6lgesinde d\u00fczenli kullan\u0131m i\u00e7in uygundur.Evde profesyonel bak\u0131m hissi ya\u015fat\u0131r. Hafif ve ergonomik tasar\u0131m\u0131 sayesinde kullan\u0131m s\u0131ras\u0131nda konfor sa\u011flar.<\/p>\n","protected":false},"excerpt":{"rendered":"<p>Bu \u00e7ok fonksiyonlu LED cilt bak\u0131m cihaz\u0131, masaj ve \u0131\u015f\u0131k terapisini bir arada sunar. Y\u00fcz ve boyun b\u00f6lgesinde d\u00fczenli kullan\u0131m i\u00e7in uygundur.Evde profesyonel bak\u0131m hissi ya\u015fat\u0131r. Hafif ve ergonomik tasar\u0131m\u0131 sayesinde kullan\u0131m s\u0131ras\u0131nda konfor sa\u011flar.<\/p>\n","protected":false},"featured_media":124949,"comment_status":"open","ping_status":"closed","template":"","meta":{"_kad_post_transparent":"","_kad_post_title":"","_kad_post_layout":"","_kad_post_sidebar_id":"","_kad_post_content_style":"","_kad_post_vertical_padding":"","_kad_post_feature":"","_kad_post_feature_position":"","_kad_post_header":false,"_kad_post_footer":false,"_kad_post_classname":""},"product_brand":[],"product_cat":[14917],"product_tag":[],"class_list":{"0":"post-124950","1":"product","2":"type-product","3":"status-publish","4":"has-post-thumbnail","6":"product_cat-yuz-masaj-aleti-yuz-masaj-aleti","8":"first","9":"instock","10":"purchasable","11":"product-type-simple","12":"entry","13":"content-bg","14":"loop-entry"},"_links":{"self":[{"href":"https:\/\/www.hediyepazar.com\/index.php?rest_route=\/wp\/v2\/product\/124950","targetHints":{"allow":["GET"]}}],"collection":[{"href":"https:\/\/www.hediyepazar.com\/index.php?rest_route=\/wp\/v2\/product"}],"about":[{"href":"https:\/\/www.hediyepazar.com\/index.php?rest_route=\/wp\/v2\/types\/product"}],"replies":[{"embeddable":true,"href":"https:\/\/www.hediyepazar.com\/index.php?rest_route=%2Fwp%2Fv2%2Fcomments&post=124950"}],"wp:featuredmedia":[{"embeddable":true,"href":"https:\/\/www.hediyepazar.com\/index.php?rest_route=\/wp\/v2\/media\/124949"}],"wp:attachment":[{"href":"https:\/\/www.hediyepazar.com\/index.php?rest_route=%2Fwp%2Fv2%2Fmedia&parent=124950"}],"wp:term":[{"taxonomy":"product_brand","embeddable":true,"href":"https:\/\/www.hediyepazar.com\/index.php?rest_route=%2Fwp%2Fv2%2Fproduct_brand&post=124950"},{"taxonomy":"product_cat","embeddable":true,"href":"https:\/\/www.hediyepazar.com\/index.php?rest_route=%2Fwp%2Fv2%2Fproduct_cat&post=124950"},{"taxonomy":"product_tag","embeddable":true,"href":"https:\/\/www.hediyepazar.com\/index.php?rest_route=%2Fwp%2Fv2%2Fproduct_tag&post=124950"}],"curies":[{"name":"wp","href":"https:\/\/api.w.org\/{rel}","templated":true}]}}