{"id":124978,"date":"2026-05-06T16:53:07","date_gmt":"2026-05-06T19:53:07","guid":{"rendered":"https:\/\/www.hediyepazar.com\/?product=acil-durum-el-feneri-cekic-ve-pusula-ozellikli-guclu-isik"},"modified":"2026-05-06T16:53:07","modified_gmt":"2026-05-06T19:53:07","slug":"acil-durum-el-feneri-cekic-ve-pusula-ozellikli-guclu-isik","status":"publish","type":"product","link":"https:\/\/www.hediyepazar.com\/?product=acil-durum-el-feneri-cekic-ve-pusula-ozellikli-guclu-isik","title":{"rendered":"Acil Durum El Feneri \u00c7eki\u00e7 ve Pusula \u00d6zellikli G\u00fc\u00e7l\u00fc I\u015f\u0131k"},"content":{"rendered":"<p>Bu \u00e7ok fonksiyonlu acil durum el feneri; fener, \u00e7eki\u00e7 ve pusulay\u0131 tek g\u00f6vdede birle\u015ftirerek maksimum fayda sunar. G\u00fc\u00e7l\u00fc LED \u0131\u015f\u0131k, uzun mesafeli ayd\u0131nlatma sa\u011flarken yan \u0131\u015f\u0131k modu yak\u0131n mesafe ve kamp alanlar\u0131 i\u00e7in idealdir.Acil durum \u00e7ekici sayesinde ara\u00e7 i\u00e7inde g\u00fcvenli bir yard\u0131mc\u0131 olarak kullan\u0131labilir. Pusula \u00f6zelli\u011fi y\u00f6n bulmay\u0131 kolayla\u015ft\u0131r\u0131r ve outdoor aktivitelerinde g\u00fcven verir. USB \u015farj edilebilir bataryas\u0131 sayesinde pil masraf\u0131 olmadan uzun s\u00fcreli kullan\u0131m sunar.Sa\u011flam yap\u0131s\u0131 darbelere kar\u015f\u0131 dayan\u0131kl\u0131d\u0131r. Kamp, do\u011fa y\u00fcr\u00fcy\u00fc\u015f\u00fc, ara\u00e7 i\u00e7i kullan\u0131m ve evde acil durum ekipman\u0131 olarak tercih edilebilir.<\/p>\n","protected":false},"excerpt":{"rendered":"<p>Bu \u00e7ok fonksiyonlu acil durum el feneri; fener, \u00e7eki\u00e7 ve pusulay\u0131 tek g\u00f6vdede birle\u015ftirerek maksimum fayda sunar. G\u00fc\u00e7l\u00fc LED \u0131\u015f\u0131k, uzun mesafeli ayd\u0131nlatma sa\u011flarken yan \u0131\u015f\u0131k modu yak\u0131n mesafe ve kamp alanlar\u0131 i\u00e7in idealdir.Acil durum \u00e7ekici sayesinde ara\u00e7 i\u00e7inde g\u00fcvenli bir yard\u0131mc\u0131 olarak kullan\u0131labilir. Pusula \u00f6zelli\u011fi y\u00f6n bulmay\u0131 kolayla\u015ft\u0131r\u0131r ve outdoor aktivitelerinde g\u00fcven verir. USB&#8230;<\/p>\n","protected":false},"featured_media":124977,"comment_status":"open","ping_status":"closed","template":"","meta":{"_kad_post_transparent":"","_kad_post_title":"","_kad_post_layout":"","_kad_post_sidebar_id":"","_kad_post_content_style":"","_kad_post_vertical_padding":"","_kad_post_feature":"","_kad_post_feature_position":"","_kad_post_header":false,"_kad_post_footer":false,"_kad_post_classname":""},"product_brand":[],"product_cat":[14977],"product_tag":[],"class_list":{"0":"post-124978","1":"product","2":"type-product","3":"status-publish","4":"has-post-thumbnail","6":"product_cat-kamp-lambasi-kamp-lambasi","8":"first","9":"instock","10":"purchasable","11":"product-type-simple","12":"entry","13":"content-bg","14":"loop-entry"},"_links":{"self":[{"href":"https:\/\/www.hediyepazar.com\/index.php?rest_route=\/wp\/v2\/product\/124978","targetHints":{"allow":["GET"]}}],"collection":[{"href":"https:\/\/www.hediyepazar.com\/index.php?rest_route=\/wp\/v2\/product"}],"about":[{"href":"https:\/\/www.hediyepazar.com\/index.php?rest_route=\/wp\/v2\/types\/product"}],"replies":[{"embeddable":true,"href":"https:\/\/www.hediyepazar.com\/index.php?rest_route=%2Fwp%2Fv2%2Fcomments&post=124978"}],"wp:featuredmedia":[{"embeddable":true,"href":"https:\/\/www.hediyepazar.com\/index.php?rest_route=\/wp\/v2\/media\/124977"}],"wp:attachment":[{"href":"https:\/\/www.hediyepazar.com\/index.php?rest_route=%2Fwp%2Fv2%2Fmedia&parent=124978"}],"wp:term":[{"taxonomy":"product_brand","embeddable":true,"href":"https:\/\/www.hediyepazar.com\/index.php?rest_route=%2Fwp%2Fv2%2Fproduct_brand&post=124978"},{"taxonomy":"product_cat","embeddable":true,"href":"https:\/\/www.hediyepazar.com\/index.php?rest_route=%2Fwp%2Fv2%2Fproduct_cat&post=124978"},{"taxonomy":"product_tag","embeddable":true,"href":"https:\/\/www.hediyepazar.com\/index.php?rest_route=%2Fwp%2Fv2%2Fproduct_tag&post=124978"}],"curies":[{"name":"wp","href":"https:\/\/api.w.org\/{rel}","templated":true}]}}