{"id":124992,"date":"2026-05-06T16:54:19","date_gmt":"2026-05-06T19:54:19","guid":{"rendered":"https:\/\/www.hediyepazar.com\/?product=rf-kumandali-renk-degistiren-tv-led-serit-2mt"},"modified":"2026-05-06T16:54:19","modified_gmt":"2026-05-06T19:54:19","slug":"rf-kumandali-renk-degistiren-tv-led-serit-2mt","status":"publish","type":"product","link":"https:\/\/www.hediyepazar.com\/?product=rf-kumandali-renk-degistiren-tv-led-serit-2mt","title":{"rendered":"RF Kumandal\u0131 Renk De\u011fi\u015ftiren TV LED \u015eerit 2MT"},"content":{"rendered":"<p>Kendinden yap\u0131\u015fkanl\u0131 LED TV \u0131\u015f\u0131k \u015feridi, ekstra aparata ihtiya\u00e7 duymadan h\u0131zl\u0131 kurulum imkan\u0131 sunar. \u00c7ift tarafl\u0131 g\u00fc\u00e7l\u00fc bant sayesinde y\u00fczeye sa\u011flam \u015fekilde tutunur. Ayr\u0131ca g\u00fc\u00e7lendirilmi\u015f tokalar ile ekstra sabitleme yap\u0131labilir.8 farkl\u0131 renk se\u00e7ene\u011fi ve \u00e7oklu modlar\u0131 sayesinde ortama g\u00f6re ayd\u0131nlatma ayar\u0131 yap\u0131labilir. Film keyfi, oyun deneyimi ve dekoratif kullan\u0131m i\u00e7in ideal bir \u00fcr\u00fcnd\u00fcr.<\/p>\n","protected":false},"excerpt":{"rendered":"<p>Kendinden yap\u0131\u015fkanl\u0131 LED TV \u0131\u015f\u0131k \u015feridi, ekstra aparata ihtiya\u00e7 duymadan h\u0131zl\u0131 kurulum imkan\u0131 sunar. \u00c7ift tarafl\u0131 g\u00fc\u00e7l\u00fc bant sayesinde y\u00fczeye sa\u011flam \u015fekilde tutunur. Ayr\u0131ca g\u00fc\u00e7lendirilmi\u015f tokalar ile ekstra sabitleme yap\u0131labilir.8 farkl\u0131 renk se\u00e7ene\u011fi ve \u00e7oklu modlar\u0131 sayesinde ortama g\u00f6re ayd\u0131nlatma ayar\u0131 yap\u0131labilir. Film keyfi, oyun deneyimi ve dekoratif kullan\u0131m i\u00e7in ideal bir \u00fcr\u00fcnd\u00fcr.<\/p>\n","protected":false},"featured_media":124991,"comment_status":"open","ping_status":"closed","template":"","meta":{"_kad_post_transparent":"","_kad_post_title":"","_kad_post_layout":"","_kad_post_sidebar_id":"","_kad_post_content_style":"","_kad_post_vertical_padding":"","_kad_post_feature":"","_kad_post_feature_position":"","_kad_post_header":false,"_kad_post_footer":false,"_kad_post_classname":""},"product_brand":[],"product_cat":[14933],"product_tag":[],"class_list":{"0":"post-124992","1":"product","2":"type-product","3":"status-publish","4":"has-post-thumbnail","6":"product_cat-led-isik-led-isik","8":"first","9":"instock","10":"purchasable","11":"product-type-simple","12":"entry","13":"content-bg","14":"loop-entry"},"_links":{"self":[{"href":"https:\/\/www.hediyepazar.com\/index.php?rest_route=\/wp\/v2\/product\/124992","targetHints":{"allow":["GET"]}}],"collection":[{"href":"https:\/\/www.hediyepazar.com\/index.php?rest_route=\/wp\/v2\/product"}],"about":[{"href":"https:\/\/www.hediyepazar.com\/index.php?rest_route=\/wp\/v2\/types\/product"}],"replies":[{"embeddable":true,"href":"https:\/\/www.hediyepazar.com\/index.php?rest_route=%2Fwp%2Fv2%2Fcomments&post=124992"}],"wp:featuredmedia":[{"embeddable":true,"href":"https:\/\/www.hediyepazar.com\/index.php?rest_route=\/wp\/v2\/media\/124991"}],"wp:attachment":[{"href":"https:\/\/www.hediyepazar.com\/index.php?rest_route=%2Fwp%2Fv2%2Fmedia&parent=124992"}],"wp:term":[{"taxonomy":"product_brand","embeddable":true,"href":"https:\/\/www.hediyepazar.com\/index.php?rest_route=%2Fwp%2Fv2%2Fproduct_brand&post=124992"},{"taxonomy":"product_cat","embeddable":true,"href":"https:\/\/www.hediyepazar.com\/index.php?rest_route=%2Fwp%2Fv2%2Fproduct_cat&post=124992"},{"taxonomy":"product_tag","embeddable":true,"href":"https:\/\/www.hediyepazar.com\/index.php?rest_route=%2Fwp%2Fv2%2Fproduct_tag&post=124992"}],"curies":[{"name":"wp","href":"https:\/\/api.w.org\/{rel}","templated":true}]}}