{"id":125002,"date":"2026-05-06T16:55:48","date_gmt":"2026-05-06T19:55:48","guid":{"rendered":"https:\/\/www.hediyepazar.com\/?product=uzun-sapli-paslanmaz-celik-izgara-temizlik-fircasi"},"modified":"2026-05-06T16:55:48","modified_gmt":"2026-05-06T19:55:48","slug":"uzun-sapli-paslanmaz-celik-izgara-temizlik-fircasi","status":"publish","type":"product","link":"https:\/\/www.hediyepazar.com\/?product=uzun-sapli-paslanmaz-celik-izgara-temizlik-fircasi","title":{"rendered":"Uzun Sapl\u0131 Paslanmaz \u00c7elik Izgara Temizlik F\u0131r\u00e7as\u0131"},"content":{"rendered":"<p>Dayan\u0131kl\u0131 tel yap\u0131s\u0131 ile \u00f6ne \u00e7\u0131kan bu mangal \u0131zgara temizleme f\u0131r\u00e7as\u0131, uzun s\u00fcreli kullan\u0131m i\u00e7in tasarlanm\u0131\u015ft\u0131r. Paslanmaz \u00e7elik telleri paslanmaya kar\u015f\u0131 diren\u00e7lidir ve formunu uzun s\u00fcre korur.Ergonomik sap\u0131 sayesinde el yormadan temizlik yap\u0131labilir. Bah\u00e7e, piknik ve kamp alanlar\u0131nda kullan\u0131m i\u00e7in uygundur. Izgaran\u0131z\u0131 her kullan\u0131mdan sonra temiz tutarak daha sa\u011fl\u0131kl\u0131 pi\u015firme imkan\u0131 sa\u011flar.<\/p>\n","protected":false},"excerpt":{"rendered":"<p>Dayan\u0131kl\u0131 tel yap\u0131s\u0131 ile \u00f6ne \u00e7\u0131kan bu mangal \u0131zgara temizleme f\u0131r\u00e7as\u0131, uzun s\u00fcreli kullan\u0131m i\u00e7in tasarlanm\u0131\u015ft\u0131r. Paslanmaz \u00e7elik telleri paslanmaya kar\u015f\u0131 diren\u00e7lidir ve formunu uzun s\u00fcre korur.Ergonomik sap\u0131 sayesinde el yormadan temizlik yap\u0131labilir. Bah\u00e7e, piknik ve kamp alanlar\u0131nda kullan\u0131m i\u00e7in uygundur. Izgaran\u0131z\u0131 her kullan\u0131mdan sonra temiz tutarak daha sa\u011fl\u0131kl\u0131 pi\u015firme imkan\u0131 sa\u011flar.<\/p>\n","protected":false},"featured_media":125001,"comment_status":"open","ping_status":"closed","template":"","meta":{"_kad_post_transparent":"","_kad_post_title":"","_kad_post_layout":"","_kad_post_sidebar_id":"","_kad_post_content_style":"","_kad_post_vertical_padding":"","_kad_post_feature":"","_kad_post_feature_position":"","_kad_post_header":false,"_kad_post_footer":false,"_kad_post_classname":""},"product_brand":[],"product_cat":[15068],"product_tag":[],"class_list":{"0":"post-125002","1":"product","2":"type-product","3":"status-publish","4":"has-post-thumbnail","6":"product_cat-pratik-mutfak-gerecleri-pratik-mutfak-gerecleri-2","8":"first","9":"instock","10":"purchasable","11":"product-type-simple","12":"entry","13":"content-bg","14":"loop-entry"},"_links":{"self":[{"href":"https:\/\/www.hediyepazar.com\/index.php?rest_route=\/wp\/v2\/product\/125002","targetHints":{"allow":["GET"]}}],"collection":[{"href":"https:\/\/www.hediyepazar.com\/index.php?rest_route=\/wp\/v2\/product"}],"about":[{"href":"https:\/\/www.hediyepazar.com\/index.php?rest_route=\/wp\/v2\/types\/product"}],"replies":[{"embeddable":true,"href":"https:\/\/www.hediyepazar.com\/index.php?rest_route=%2Fwp%2Fv2%2Fcomments&post=125002"}],"wp:featuredmedia":[{"embeddable":true,"href":"https:\/\/www.hediyepazar.com\/index.php?rest_route=\/wp\/v2\/media\/125001"}],"wp:attachment":[{"href":"https:\/\/www.hediyepazar.com\/index.php?rest_route=%2Fwp%2Fv2%2Fmedia&parent=125002"}],"wp:term":[{"taxonomy":"product_brand","embeddable":true,"href":"https:\/\/www.hediyepazar.com\/index.php?rest_route=%2Fwp%2Fv2%2Fproduct_brand&post=125002"},{"taxonomy":"product_cat","embeddable":true,"href":"https:\/\/www.hediyepazar.com\/index.php?rest_route=%2Fwp%2Fv2%2Fproduct_cat&post=125002"},{"taxonomy":"product_tag","embeddable":true,"href":"https:\/\/www.hediyepazar.com\/index.php?rest_route=%2Fwp%2Fv2%2Fproduct_tag&post=125002"}],"curies":[{"name":"wp","href":"https:\/\/api.w.org\/{rel}","templated":true}]}}