{"id":125080,"date":"2026-05-06T17:07:26","date_gmt":"2026-05-06T20:07:26","guid":{"rendered":"https:\/\/www.hediyepazar.com\/?product=hareket-algilamali-dis-mekan-lamba-konforlu-aydinlatma"},"modified":"2026-05-06T17:07:26","modified_gmt":"2026-05-06T20:07:26","slug":"hareket-algilamali-dis-mekan-lamba-konforlu-aydinlatma","status":"publish","type":"product","link":"https:\/\/www.hediyepazar.com\/?product=hareket-algilamali-dis-mekan-lamba-konforlu-aydinlatma","title":{"rendered":"Hareket Alg\u0131lamal\u0131 D\u0131\u015f Mekan Lamba Konforlu Ayd\u0131nlatma"},"content":{"rendered":"<p>Hareket alg\u0131lama \u00f6zelli\u011fine sahip bu d\u0131\u015f mekan lambas\u0131, ihtiya\u00e7 an\u0131nda devreye girerek etkili bir ayd\u0131nlatma sa\u011flar. Kullan\u0131c\u0131y\u0131 yormayan yap\u0131s\u0131 sayesinde g\u00fcnl\u00fck ya\u015famda ekstra bir \u00e7aba gerektirmez. \u00d6zellikle gece kullan\u0131m\u0131nda b\u00fcy\u00fck rahatl\u0131k sunar.Kurulduktan sonra d\u00fczenli \u015fekilde \u00e7al\u0131\u015f\u0131r ve alan\u0131n ayd\u0131nlat\u0131lmas\u0131n\u0131 otomatik hale getirir. Bu sayede hem ev hem i\u015f yerlerinde g\u00fcvenli bir ortam olu\u015fturur. Sens\u00f6rl\u00fc yap\u0131s\u0131, yaln\u0131zca gerekli durumlarda \u0131\u015f\u0131k sa\u011flayarak kontroll\u00fc bir kullan\u0131m sunar.Bah\u00e7e, bina giri\u015fi, duvar ve d\u0131\u015f cephelerde estetik bir g\u00f6r\u00fcn\u00fcm sunar. Modern \u00e7izgileriyle d\u0131\u015f mekan dekorasyonuna uyum sa\u011flar. Kullan\u0131m kolayl\u0131\u011f\u0131 ve pratikli\u011fiyle \u00f6ne \u00e7\u0131kan bir ayd\u0131nlatma \u00e7\u00f6z\u00fcm\u00fcd\u00fcr.<\/p>\n","protected":false},"excerpt":{"rendered":"<p>Hareket alg\u0131lama \u00f6zelli\u011fine sahip bu d\u0131\u015f mekan lambas\u0131, ihtiya\u00e7 an\u0131nda devreye girerek etkili bir ayd\u0131nlatma sa\u011flar. Kullan\u0131c\u0131y\u0131 yormayan yap\u0131s\u0131 sayesinde g\u00fcnl\u00fck ya\u015famda ekstra bir \u00e7aba gerektirmez. \u00d6zellikle gece kullan\u0131m\u0131nda b\u00fcy\u00fck rahatl\u0131k sunar.Kurulduktan sonra d\u00fczenli \u015fekilde \u00e7al\u0131\u015f\u0131r ve alan\u0131n ayd\u0131nlat\u0131lmas\u0131n\u0131 otomatik hale getirir. Bu sayede hem ev hem i\u015f yerlerinde g\u00fcvenli bir ortam olu\u015fturur. Sens\u00f6rl\u00fc yap\u0131s\u0131,&#8230;<\/p>\n","protected":false},"featured_media":125079,"comment_status":"open","ping_status":"closed","template":"","meta":{"_kad_post_transparent":"","_kad_post_title":"","_kad_post_layout":"","_kad_post_sidebar_id":"","_kad_post_content_style":"","_kad_post_vertical_padding":"","_kad_post_feature":"","_kad_post_feature_position":"","_kad_post_header":false,"_kad_post_footer":false,"_kad_post_classname":""},"product_brand":[],"product_cat":[14946],"product_tag":[],"class_list":{"0":"post-125080","1":"product","2":"type-product","3":"status-publish","4":"has-post-thumbnail","6":"product_cat-bahce-aydinlatmasi-bahce-aydinlatmasi","8":"first","9":"instock","10":"purchasable","11":"product-type-simple","12":"entry","13":"content-bg","14":"loop-entry"},"_links":{"self":[{"href":"https:\/\/www.hediyepazar.com\/index.php?rest_route=\/wp\/v2\/product\/125080","targetHints":{"allow":["GET"]}}],"collection":[{"href":"https:\/\/www.hediyepazar.com\/index.php?rest_route=\/wp\/v2\/product"}],"about":[{"href":"https:\/\/www.hediyepazar.com\/index.php?rest_route=\/wp\/v2\/types\/product"}],"replies":[{"embeddable":true,"href":"https:\/\/www.hediyepazar.com\/index.php?rest_route=%2Fwp%2Fv2%2Fcomments&post=125080"}],"wp:featuredmedia":[{"embeddable":true,"href":"https:\/\/www.hediyepazar.com\/index.php?rest_route=\/wp\/v2\/media\/125079"}],"wp:attachment":[{"href":"https:\/\/www.hediyepazar.com\/index.php?rest_route=%2Fwp%2Fv2%2Fmedia&parent=125080"}],"wp:term":[{"taxonomy":"product_brand","embeddable":true,"href":"https:\/\/www.hediyepazar.com\/index.php?rest_route=%2Fwp%2Fv2%2Fproduct_brand&post=125080"},{"taxonomy":"product_cat","embeddable":true,"href":"https:\/\/www.hediyepazar.com\/index.php?rest_route=%2Fwp%2Fv2%2Fproduct_cat&post=125080"},{"taxonomy":"product_tag","embeddable":true,"href":"https:\/\/www.hediyepazar.com\/index.php?rest_route=%2Fwp%2Fv2%2Fproduct_tag&post=125080"}],"curies":[{"name":"wp","href":"https:\/\/api.w.org\/{rel}","templated":true}]}}