{"id":125098,"date":"2026-05-06T17:09:16","date_gmt":"2026-05-06T20:09:16","guid":{"rendered":"https:\/\/www.hediyepazar.com\/?product=basinc-saatli-ayak-pompasi-bisiklet-ve-arac-uyumlu"},"modified":"2026-05-06T17:09:16","modified_gmt":"2026-05-06T20:09:16","slug":"basinc-saatli-ayak-pompasi-bisiklet-ve-arac-uyumlu","status":"publish","type":"product","link":"https:\/\/www.hediyepazar.com\/?product=basinc-saatli-ayak-pompasi-bisiklet-ve-arac-uyumlu","title":{"rendered":"Bas\u0131n\u00e7 Saatli Ayak Pompas\u0131 Bisiklet ve Ara\u00e7 Uyumlu"},"content":{"rendered":"<p>Bu bas\u0131n\u00e7 g\u00f6stergeli ayak pompas\u0131, hava ak\u0131\u015f\u0131n\u0131 ba\u015flatmak i\u00e7in sadece pedala basman\u0131z\u0131n yeterli oldu\u011fu pratik bir kullan\u0131m sunar. Geni\u015f ve kaymaz ayak pedi sayesinde pompalama s\u0131ras\u0131nda dengeli bir duru\u015f sa\u011flar.Y\u00fcksek hassasiyetli \u00f6l\u00e7\u00fcm saati, lastik bas\u0131nc\u0131n\u0131 net \u015fekilde g\u00f6rmenize yard\u0131mc\u0131 olur. B\u00f6ylece lasti\u011finize zarar vermeden ideal bas\u0131nca ula\u015fabilirsiniz.Bisiklet, motosiklet, elektrikli ara\u00e7, spor ekipmanlar\u0131 ve \u015fi\u015fme \u00fcr\u00fcnlerde kullan\u0131labilen bu pompa, hem ev hem d\u0131\u015f mek\u00e2n kullan\u0131m\u0131 i\u00e7in uygundur.<\/p>\n","protected":false},"excerpt":{"rendered":"<p>Bu bas\u0131n\u00e7 g\u00f6stergeli ayak pompas\u0131, hava ak\u0131\u015f\u0131n\u0131 ba\u015flatmak i\u00e7in sadece pedala basman\u0131z\u0131n yeterli oldu\u011fu pratik bir kullan\u0131m sunar. Geni\u015f ve kaymaz ayak pedi sayesinde pompalama s\u0131ras\u0131nda dengeli bir duru\u015f sa\u011flar.Y\u00fcksek hassasiyetli \u00f6l\u00e7\u00fcm saati, lastik bas\u0131nc\u0131n\u0131 net \u015fekilde g\u00f6rmenize yard\u0131mc\u0131 olur. B\u00f6ylece lasti\u011finize zarar vermeden ideal bas\u0131nca ula\u015fabilirsiniz.Bisiklet, motosiklet, elektrikli ara\u00e7, spor ekipmanlar\u0131 ve \u015fi\u015fme \u00fcr\u00fcnlerde&#8230;<\/p>\n","protected":false},"featured_media":125097,"comment_status":"open","ping_status":"closed","template":"","meta":{"_kad_post_transparent":"","_kad_post_title":"","_kad_post_layout":"","_kad_post_sidebar_id":"","_kad_post_content_style":"","_kad_post_vertical_padding":"","_kad_post_feature":"","_kad_post_feature_position":"","_kad_post_header":false,"_kad_post_footer":false,"_kad_post_classname":""},"product_brand":[],"product_cat":[15053],"product_tag":[],"class_list":{"0":"post-125098","1":"product","2":"type-product","3":"status-publish","4":"has-post-thumbnail","6":"product_cat-oto-bakim-seti-oto-bakim-seti-2","8":"first","9":"instock","10":"purchasable","11":"product-type-simple","12":"entry","13":"content-bg","14":"loop-entry"},"_links":{"self":[{"href":"https:\/\/www.hediyepazar.com\/index.php?rest_route=\/wp\/v2\/product\/125098","targetHints":{"allow":["GET"]}}],"collection":[{"href":"https:\/\/www.hediyepazar.com\/index.php?rest_route=\/wp\/v2\/product"}],"about":[{"href":"https:\/\/www.hediyepazar.com\/index.php?rest_route=\/wp\/v2\/types\/product"}],"replies":[{"embeddable":true,"href":"https:\/\/www.hediyepazar.com\/index.php?rest_route=%2Fwp%2Fv2%2Fcomments&post=125098"}],"wp:featuredmedia":[{"embeddable":true,"href":"https:\/\/www.hediyepazar.com\/index.php?rest_route=\/wp\/v2\/media\/125097"}],"wp:attachment":[{"href":"https:\/\/www.hediyepazar.com\/index.php?rest_route=%2Fwp%2Fv2%2Fmedia&parent=125098"}],"wp:term":[{"taxonomy":"product_brand","embeddable":true,"href":"https:\/\/www.hediyepazar.com\/index.php?rest_route=%2Fwp%2Fv2%2Fproduct_brand&post=125098"},{"taxonomy":"product_cat","embeddable":true,"href":"https:\/\/www.hediyepazar.com\/index.php?rest_route=%2Fwp%2Fv2%2Fproduct_cat&post=125098"},{"taxonomy":"product_tag","embeddable":true,"href":"https:\/\/www.hediyepazar.com\/index.php?rest_route=%2Fwp%2Fv2%2Fproduct_tag&post=125098"}],"curies":[{"name":"wp","href":"https:\/\/api.w.org\/{rel}","templated":true}]}}