{"id":125110,"date":"2026-05-06T17:12:56","date_gmt":"2026-05-06T20:12:56","guid":{"rendered":"https:\/\/www.hediyepazar.com\/?product=elektrikli-tiftik-toplayici-uzun-omurlu-pil-performansi"},"modified":"2026-05-06T17:12:56","modified_gmt":"2026-05-06T20:12:56","slug":"elektrikli-tiftik-toplayici-uzun-omurlu-pil-performansi","status":"publish","type":"product","link":"https:\/\/www.hediyepazar.com\/?product=elektrikli-tiftik-toplayici-uzun-omurlu-pil-performansi","title":{"rendered":"Elektrikli Tiftik Toplay\u0131c\u0131 Uzun \u00d6m\u00fcrl\u00fc Pil Performans\u0131"},"content":{"rendered":"<p>Elektrikli tiftik toplama makinesi, kuma\u015f y\u00fczeylerde olu\u015fan t\u00fcy ve p\u00fcr\u00fczleri pratik \u015fekilde gidermek i\u00e7in tasarlanm\u0131\u015ft\u0131r. Geni\u015f ba\u015fl\u0131k yap\u0131s\u0131, daha k\u0131sa s\u00fcrede daha fazla alan\u0131n temizlenmesine imk\u00e2n tan\u0131r. \u00c7\u0131kar\u0131labilir tiftik kab\u0131, temizlik s\u0131ras\u0131nda kesintisiz kullan\u0131m avantaj\u0131 sunar.Kablosuz kullan\u0131m sa\u011flayan \u015farjl\u0131 pil sistemi, \u00fcr\u00fcn\u00fc evin her alan\u0131nda rahat\u00e7a kullanabilmenizi sa\u011flar. Uzun s\u00fcreli performans sunan pil yap\u0131s\u0131, g\u00fcnl\u00fck kullan\u0131m i\u00e7in idealdir. Dayan\u0131kl\u0131 ABS g\u00f6vdesi, cihaz\u0131n d\u00fczenli kullan\u0131mlarda g\u00fcvenli \u015fekilde \u00e7al\u0131\u015fmas\u0131n\u0131 destekler.Kuma\u015f d\u00fczeltici; giysiler, battaniyeler, d\u00f6\u015femeler ve perdeler \u00fczerinde g\u00fcvenle kullan\u0131labilir. T\u00fcyleri ve bulan\u0131k g\u00f6r\u00fcnt\u00fcy\u00fc ortadan kald\u0131rarak kuma\u015flara yenilenmi\u015f bir g\u00f6r\u00fcn\u00fcm kazand\u0131r\u0131r. Ev tekstili ve ki\u015fisel bak\u0131m rutini i\u00e7in pratik bir \u00e7\u00f6z\u00fcmd\u00fcr.<\/p>\n","protected":false},"excerpt":{"rendered":"<p>Elektrikli tiftik toplama makinesi, kuma\u015f y\u00fczeylerde olu\u015fan t\u00fcy ve p\u00fcr\u00fczleri pratik \u015fekilde gidermek i\u00e7in tasarlanm\u0131\u015ft\u0131r. Geni\u015f ba\u015fl\u0131k yap\u0131s\u0131, daha k\u0131sa s\u00fcrede daha fazla alan\u0131n temizlenmesine imk\u00e2n tan\u0131r. \u00c7\u0131kar\u0131labilir tiftik kab\u0131, temizlik s\u0131ras\u0131nda kesintisiz kullan\u0131m avantaj\u0131 sunar.Kablosuz kullan\u0131m sa\u011flayan \u015farjl\u0131 pil sistemi, \u00fcr\u00fcn\u00fc evin her alan\u0131nda rahat\u00e7a kullanabilmenizi sa\u011flar. Uzun s\u00fcreli performans sunan pil yap\u0131s\u0131, g\u00fcnl\u00fck&#8230;<\/p>\n","protected":false},"featured_media":125109,"comment_status":"open","ping_status":"closed","template":"","meta":{"_kad_post_transparent":"","_kad_post_title":"","_kad_post_layout":"","_kad_post_sidebar_id":"","_kad_post_content_style":"","_kad_post_vertical_padding":"","_kad_post_feature":"","_kad_post_feature_position":"","_kad_post_header":false,"_kad_post_footer":false,"_kad_post_classname":""},"product_brand":[],"product_cat":[15006],"product_tag":[],"class_list":{"0":"post-125110","1":"product","2":"type-product","3":"status-publish","4":"has-post-thumbnail","6":"product_cat-tuy-toplayici-tuy-toplayici","8":"first","9":"instock","10":"purchasable","11":"product-type-simple","12":"entry","13":"content-bg","14":"loop-entry"},"_links":{"self":[{"href":"https:\/\/www.hediyepazar.com\/index.php?rest_route=\/wp\/v2\/product\/125110","targetHints":{"allow":["GET"]}}],"collection":[{"href":"https:\/\/www.hediyepazar.com\/index.php?rest_route=\/wp\/v2\/product"}],"about":[{"href":"https:\/\/www.hediyepazar.com\/index.php?rest_route=\/wp\/v2\/types\/product"}],"replies":[{"embeddable":true,"href":"https:\/\/www.hediyepazar.com\/index.php?rest_route=%2Fwp%2Fv2%2Fcomments&post=125110"}],"wp:featuredmedia":[{"embeddable":true,"href":"https:\/\/www.hediyepazar.com\/index.php?rest_route=\/wp\/v2\/media\/125109"}],"wp:attachment":[{"href":"https:\/\/www.hediyepazar.com\/index.php?rest_route=%2Fwp%2Fv2%2Fmedia&parent=125110"}],"wp:term":[{"taxonomy":"product_brand","embeddable":true,"href":"https:\/\/www.hediyepazar.com\/index.php?rest_route=%2Fwp%2Fv2%2Fproduct_brand&post=125110"},{"taxonomy":"product_cat","embeddable":true,"href":"https:\/\/www.hediyepazar.com\/index.php?rest_route=%2Fwp%2Fv2%2Fproduct_cat&post=125110"},{"taxonomy":"product_tag","embeddable":true,"href":"https:\/\/www.hediyepazar.com\/index.php?rest_route=%2Fwp%2Fv2%2Fproduct_tag&post=125110"}],"curies":[{"name":"wp","href":"https:\/\/api.w.org\/{rel}","templated":true}]}}