{"id":125150,"date":"2026-05-06T17:17:46","date_gmt":"2026-05-06T20:17:46","guid":{"rendered":"https:\/\/www.hediyepazar.com\/?product=enkado-ekd-jk10-rj45-yeni-nesil-jac-utp-100lu-paket1923"},"modified":"2026-05-06T17:17:46","modified_gmt":"2026-05-06T20:17:46","slug":"enkado-ekd-jk10-rj45-yeni-nesil-jac-utp-100lu-paket1923","status":"publish","type":"product","link":"https:\/\/www.hediyepazar.com\/?product=enkado-ekd-jk10-rj45-yeni-nesil-jac-utp-100lu-paket1923","title":{"rendered":"ENKADO EKD-JK10 RJ45 Yeni Nesil JAC UTP (100l\u00fc PAKET)(1923)"},"content":{"rendered":"<p>ENKADO EKD-JK10 RJ-45 UTP YEN\u0130 NES\u0130L DEL\u0130KL\u0130 100 L\u00dc JACK<\/p>\n","protected":false},"excerpt":{"rendered":"<p>ENKADO EKD-JK10 RJ-45 UTP YEN\u0130 NES\u0130L DEL\u0130KL\u0130 100 L\u00dc JACK<\/p>\n","protected":false},"featured_media":125149,"comment_status":"open","ping_status":"closed","template":"","meta":{"_kad_post_transparent":"","_kad_post_title":"","_kad_post_layout":"","_kad_post_sidebar_id":"","_kad_post_content_style":"","_kad_post_vertical_padding":"","_kad_post_feature":"","_kad_post_feature_position":"","_kad_post_header":false,"_kad_post_footer":false,"_kad_post_classname":""},"product_brand":[],"product_cat":[14603],"product_tag":[],"class_list":{"0":"post-125150","1":"product","2":"type-product","3":"status-publish","4":"has-post-thumbnail","6":"product_cat-ag-urunleri-bilgisayar-tablet-elektronik-ag-urunleri","8":"first","9":"instock","10":"purchasable","11":"product-type-simple","12":"entry","13":"content-bg","14":"loop-entry"},"_links":{"self":[{"href":"https:\/\/www.hediyepazar.com\/index.php?rest_route=\/wp\/v2\/product\/125150","targetHints":{"allow":["GET"]}}],"collection":[{"href":"https:\/\/www.hediyepazar.com\/index.php?rest_route=\/wp\/v2\/product"}],"about":[{"href":"https:\/\/www.hediyepazar.com\/index.php?rest_route=\/wp\/v2\/types\/product"}],"replies":[{"embeddable":true,"href":"https:\/\/www.hediyepazar.com\/index.php?rest_route=%2Fwp%2Fv2%2Fcomments&post=125150"}],"wp:featuredmedia":[{"embeddable":true,"href":"https:\/\/www.hediyepazar.com\/index.php?rest_route=\/wp\/v2\/media\/125149"}],"wp:attachment":[{"href":"https:\/\/www.hediyepazar.com\/index.php?rest_route=%2Fwp%2Fv2%2Fmedia&parent=125150"}],"wp:term":[{"taxonomy":"product_brand","embeddable":true,"href":"https:\/\/www.hediyepazar.com\/index.php?rest_route=%2Fwp%2Fv2%2Fproduct_brand&post=125150"},{"taxonomy":"product_cat","embeddable":true,"href":"https:\/\/www.hediyepazar.com\/index.php?rest_route=%2Fwp%2Fv2%2Fproduct_cat&post=125150"},{"taxonomy":"product_tag","embeddable":true,"href":"https:\/\/www.hediyepazar.com\/index.php?rest_route=%2Fwp%2Fv2%2Fproduct_tag&post=125150"}],"curies":[{"name":"wp","href":"https:\/\/api.w.org\/{rel}","templated":true}]}}