{"id":125222,"date":"2026-05-06T17:29:19","date_gmt":"2026-05-06T20:29:19","guid":{"rendered":"https:\/\/www.hediyepazar.com\/?product=powergate-pg-htv01-hdmi-to-vga-cevirici-adaptor1923"},"modified":"2026-05-06T17:29:19","modified_gmt":"2026-05-06T20:29:19","slug":"powergate-pg-htv01-hdmi-to-vga-cevirici-adaptor1923","status":"publish","type":"product","link":"https:\/\/www.hediyepazar.com\/?product=powergate-pg-htv01-hdmi-to-vga-cevirici-adaptor1923","title":{"rendered":"POWERGATE PG-HTV01 HDMI To VGA \u00c7evirici Adapt\u00f6r(1923)"},"content":{"rendered":"<p>POWERGATE PG-HTV01 HMDI To VGA\u00a0\u00c7evirici Adapt\u00f6rSadece HDMI \u00e7\u0131k\u0131\u015fl\u0131 Bilgisayar ve notebooklar\u0131n\u0131z\u0131, PS3, Xbox gibi oyun konsollar\u0131n\u0131z\u0131, FullHD medya oynat\u0131c\u0131lar\u0131n\u0131z\u0131, HDMI \u00e7\u0131k\u0131\u015fa sahip kameralar\u0131n\u0131z\u0131, VGA monit\u00f6r\u00fcn\u00fcze kolayca ba\u011flay\u0131n!PowerGate ile Dijital HDMI Sinyali Analog VGA ve Stereo Ses&#8217;e D\u00f6n\u00fc\u015fecek!Mini boyutlar\u0131yla fark yaratan PowerGate dijital &#8211; analog sinyal d\u00f6n\u00fc\u015ft\u00fcr\u00fcc\u00fc ile HDMI \u00e7\u0131k\u0131\u015fa sahip PS3, Xbox gibi oyun konsollar\u0131n\u0131, FullHD medya oynat\u0131c\u0131lar\u0131, kameralar\u0131 VGA monit\u00f6re kolayca ba\u011flayabilecek; 3.5mm stereo ses \u00e7\u0131k\u0131\u015f\u0131n\u0131 kullanarak ses alabileceksiniz.VGA Monit\u00f6r\u00fcn\u00fczde HDMI keyfine Haz\u0131rlan\u0131nY\u00fcksek \u00e7\u00f6z\u00fcn\u00fcrl\u00fc\u011fe sahip oyun konsolu, medya oynat\u0131c\u0131 gibi cihazlar\u0131n\u0131z\u0131 halihaz\u0131rda elinizde bulunan VGA monit\u00f6rlere art\u0131k ba\u011flayabileceksiniz. 3.5mm ses \u00e7\u0131k\u0131\u015f\u0131 ile kolayca kulakl\u0131k veya hoparl\u00f6r ba\u011flayabilirsiniz.\u00a0Dijital HDMI sinyalinden ses ve g\u00f6r\u00fcnt\u00fc \u00e7\u0131k\u0131\u015flar\u0131n\u0131 ay\u0131ran PowerGate d\u00f6n\u00fc\u015ft\u00fcr\u00fcc\u00fc ile HDMI keyfi VGA ile bulu\u015fuyor.\u00a0Ayar Gerektirmeyen Tak-\u00c7al\u0131\u015ft\u0131r Kullan\u0131mPowerGate HDMI-VGA d\u00f6n\u00fc\u015ft\u00fcr\u00fcc\u00fcn\u00fcn kullan\u0131m\u0131 \u00e7ok kolay, herhangi bir yaz\u0131l\u0131ma ihtiya\u00e7 duymayan yap\u0131dad\u0131r. Bir ucunu HDMI kayna\u011f\u0131na ba\u011flay\u0131n, di\u011fer tarafta VGA g\u00f6r\u00fcnt\u00fc ve 3.5mm Stereo Ses ba\u011flant\u0131lar\u0131n\u0131 yap\u0131n. Otomatik olarak sinyal dijitalden analo\u011fa d\u00f6n\u00fc\u015f\u00fcr, size de VGA monit\u00f6r veya projeksiyonda HDMI \u00e7\u0131k\u0131\u015fl\u0131 cihaz kullanman\u0131n keyfi kal\u0131r.\u00d6nemli:\u00a0PowerGate Dijital HDMI &#8211; Analog VGA ve SES Aktif D\u00f6n\u00fc\u015ft\u00fcr\u00fcc\u00fcs\u00fc HDMI kayna\u011f\u0131ndan ald\u0131\u011f\u0131 sinyali \u00e7\u00f6z\u00fcn\u00fcrl\u00fc\u011f\u00fcn\u00fc de\u011fi\u015ftirmeden ayn\u0131 \u00e7\u00f6z\u00fcn\u00fcrl\u00fckte VGA sinyaline d\u00f6n\u00fc\u015ft\u00fcr\u00fcr. VGA cihaz\u0131n\u0131zdan g\u00f6r\u00fcnt\u00fc alabilmek i\u00e7in HDMI kayna\u011f\u0131n\u0131z\u0131n sinyal \u00e7\u0131k\u0131\u015f\u0131n\u0131 VGA g\u00f6r\u00fcnt\u00fc cihaz\u0131n\u0131n alg\u0131layaca\u011f\u0131 \u015fekilde ayarlaman\u0131z gereklidir.\u00a0Standart Ba\u011flant\u0131lar\u00a0Standart 3.5mm stereo ses \u00e7\u0131k\u0131\u015f\u0131na sahip olan PowerGate d\u00f6n\u00fc\u015ft\u00fcr\u00fcye do\u011frudan stereo kulakl\u0131k veya hoparl\u00f6r ba\u011flayabilirsiniz. PowerGate Analog &#8211; Dijital sinyal d\u00f6n\u00fc\u015ft\u00fcr\u00fcc\u00fc ile sahip oldu\u011funuz standart VGA ve ses kablolar\u0131n\u0131 kullanabilece\u011finiz gibi, daha da iyi g\u00f6r\u00fcnt\u00fc ve ses i\u00e7in Dark 1.8m \/ 3m VGA, 3.5mm stereo ses kablolar\u0131n\u0131 da kullanabilirsiniz.Minik Boyutlar\u0131yla Sizi \u015ea\u015f\u0131rt\u0131r!PowerGate HDMI &#8211; VGA d\u00f6n\u00fc\u015ft\u00fcr\u00fcc\u00fc boyundan b\u00fcy\u00fck i\u015fleri yerine getirirken minik boyutlar\u0131yla sizi \u015fa\u015f\u0131rtacak yap\u0131dad\u0131r. Hem g\u00f6r\u00fcnt\u00fc hem sesi \u00e7evirebilen PowerGate d\u00f6n\u00fc\u015ft\u00fcr\u00fcc\u00fcy\u00fc cebinizde, \u00e7antan\u0131zda kolayca ta\u015f\u0131yabilirsiniz.\u00a0Kablolu Elastik Yap\u0131PowerGate d\u00f6n\u00fc\u015ft\u00fcr\u00fcc\u00fc uzun y\u0131llar kullan\u0131m i\u00e7in sa\u011flam g\u00f6vdeye sahiptir. HDMI ba\u011flant\u0131 ucu kablolu olan PowerGate d\u00f6n\u00fc\u015ft\u00fcr\u00fcc\u00fc elastik ve kompakt yap\u0131s\u0131 ile daima yan\u0131n\u0131zda olacak.Teknik \u00d6zelliklerHDMI-VGA D\u00f6n\u00fc\u015ft\u00fcr\u00fcc\u00fcFull HD 1080P Sinyal Deste\u011fiHDMI Ba\u011flant\u0131s\u013115pin D-Sub VGA g\u00f6r\u00fcnt\u00fc \u00e7\u0131k\u0131\u015f\u01313.5mm Stereo Ses \u00c7\u0131k\u0131\u015f\u0131Tak&#038;Kullan \u00d6zelli\u011fi\u00dcr\u00fcn Kodu: PG-HTV01\u00a0<\/p>\n","protected":false},"excerpt":{"rendered":"<p>POWERGATE PG-HTV01 HMDI To VGA\u00a0\u00c7evirici Adapt\u00f6rSadece HDMI \u00e7\u0131k\u0131\u015fl\u0131 Bilgisayar ve notebooklar\u0131n\u0131z\u0131, PS3, Xbox gibi oyun konsollar\u0131n\u0131z\u0131, FullHD medya oynat\u0131c\u0131lar\u0131n\u0131z\u0131, HDMI \u00e7\u0131k\u0131\u015fa sahip kameralar\u0131n\u0131z\u0131, VGA monit\u00f6r\u00fcn\u00fcze kolayca ba\u011flay\u0131n!PowerGate ile Dijital HDMI Sinyali Analog VGA ve Stereo Ses&#8217;e D\u00f6n\u00fc\u015fecek!Mini boyutlar\u0131yla fark yaratan PowerGate dijital &#8211; analog sinyal d\u00f6n\u00fc\u015ft\u00fcr\u00fcc\u00fc ile HDMI \u00e7\u0131k\u0131\u015fa sahip PS3, Xbox gibi oyun konsollar\u0131n\u0131,&#8230;<\/p>\n","protected":false},"featured_media":125221,"comment_status":"open","ping_status":"closed","template":"","meta":{"_kad_post_transparent":"","_kad_post_title":"","_kad_post_layout":"","_kad_post_sidebar_id":"","_kad_post_content_style":"","_kad_post_vertical_padding":"","_kad_post_feature":"","_kad_post_feature_position":"","_kad_post_header":false,"_kad_post_footer":false,"_kad_post_classname":""},"product_brand":[],"product_cat":[14459],"product_tag":[],"class_list":{"0":"post-125222","1":"product","2":"type-product","3":"status-publish","4":"has-post-thumbnail","6":"product_cat-cevirici-donusturucu-cep-telefonu-aksesuarlari-cep-telefonu-elektronik-cevirici-donusturucu","8":"first","9":"instock","10":"purchasable","11":"product-type-simple","12":"entry","13":"content-bg","14":"loop-entry"},"_links":{"self":[{"href":"https:\/\/www.hediyepazar.com\/index.php?rest_route=\/wp\/v2\/product\/125222","targetHints":{"allow":["GET"]}}],"collection":[{"href":"https:\/\/www.hediyepazar.com\/index.php?rest_route=\/wp\/v2\/product"}],"about":[{"href":"https:\/\/www.hediyepazar.com\/index.php?rest_route=\/wp\/v2\/types\/product"}],"replies":[{"embeddable":true,"href":"https:\/\/www.hediyepazar.com\/index.php?rest_route=%2Fwp%2Fv2%2Fcomments&post=125222"}],"wp:featuredmedia":[{"embeddable":true,"href":"https:\/\/www.hediyepazar.com\/index.php?rest_route=\/wp\/v2\/media\/125221"}],"wp:attachment":[{"href":"https:\/\/www.hediyepazar.com\/index.php?rest_route=%2Fwp%2Fv2%2Fmedia&parent=125222"}],"wp:term":[{"taxonomy":"product_brand","embeddable":true,"href":"https:\/\/www.hediyepazar.com\/index.php?rest_route=%2Fwp%2Fv2%2Fproduct_brand&post=125222"},{"taxonomy":"product_cat","embeddable":true,"href":"https:\/\/www.hediyepazar.com\/index.php?rest_route=%2Fwp%2Fv2%2Fproduct_cat&post=125222"},{"taxonomy":"product_tag","embeddable":true,"href":"https:\/\/www.hediyepazar.com\/index.php?rest_route=%2Fwp%2Fv2%2Fproduct_tag&post=125222"}],"curies":[{"name":"wp","href":"https:\/\/api.w.org\/{rel}","templated":true}]}}