{"id":125228,"date":"2026-05-06T17:30:18","date_gmt":"2026-05-06T20:30:18","guid":{"rendered":"https:\/\/www.hediyepazar.com\/?product=enkado-ekd-he60-hdmi-extender-60mt-1923"},"modified":"2026-05-06T17:30:18","modified_gmt":"2026-05-06T20:30:18","slug":"enkado-ekd-he60-hdmi-extender-60mt-1923","status":"publish","type":"product","link":"https:\/\/www.hediyepazar.com\/?product=enkado-ekd-he60-hdmi-extender-60mt-1923","title":{"rendered":"ENKADO EKD-HE60 HDMI Extender 60mt.(1923)"},"content":{"rendered":"<p>HDMI sinyalini CAT5e \/ CAT6 a\u011f kablosu \u00fczerinden iletir Maksimum iletim mesafesi 60 metre Full HD 1080p \u00e7\u00f6z\u00fcn\u00fcrl\u00fck deste\u011fi 3D g\u00f6r\u00fcnt\u00fc deste\u011fi 568B kablo standard\u0131 ile uyumlu TX (Transmitter) ve RX (Receiver) seti Giri\u015f ve \u00e7\u0131k\u0131\u015f ba\u011flant\u0131lar\u0131 HDMI DC 5V g\u00fc\u00e7 ile \u00e7al\u0131\u015f\u0131r Status LED durum g\u00f6stergesi bulunur DVD, STB, PS3 gibi kaynak cihazlarla uyumludur TV, monit\u00f6r ve projekt\u00f6r ile kullan\u0131labilir<\/p>\n","protected":false},"excerpt":{"rendered":"<p>HDMI sinyalini CAT5e \/ CAT6 a\u011f kablosu \u00fczerinden iletir Maksimum iletim mesafesi 60 metre Full HD 1080p \u00e7\u00f6z\u00fcn\u00fcrl\u00fck deste\u011fi 3D g\u00f6r\u00fcnt\u00fc deste\u011fi 568B kablo standard\u0131 ile uyumlu TX (Transmitter) ve RX (Receiver) seti Giri\u015f ve \u00e7\u0131k\u0131\u015f ba\u011flant\u0131lar\u0131 HDMI DC 5V g\u00fc\u00e7 ile \u00e7al\u0131\u015f\u0131r Status LED durum g\u00f6stergesi bulunur DVD, STB, PS3 gibi kaynak cihazlarla uyumludur&#8230;<\/p>\n","protected":false},"featured_media":125227,"comment_status":"open","ping_status":"closed","template":"","meta":{"_kad_post_transparent":"","_kad_post_title":"","_kad_post_layout":"","_kad_post_sidebar_id":"","_kad_post_content_style":"","_kad_post_vertical_padding":"","_kad_post_feature":"","_kad_post_feature_position":"","_kad_post_header":false,"_kad_post_footer":false,"_kad_post_classname":""},"product_brand":[],"product_cat":[14459],"product_tag":[],"class_list":{"0":"post-125228","1":"product","2":"type-product","3":"status-publish","4":"has-post-thumbnail","6":"product_cat-cevirici-donusturucu-cep-telefonu-aksesuarlari-cep-telefonu-elektronik-cevirici-donusturucu","8":"first","9":"instock","10":"purchasable","11":"product-type-simple","12":"entry","13":"content-bg","14":"loop-entry"},"_links":{"self":[{"href":"https:\/\/www.hediyepazar.com\/index.php?rest_route=\/wp\/v2\/product\/125228","targetHints":{"allow":["GET"]}}],"collection":[{"href":"https:\/\/www.hediyepazar.com\/index.php?rest_route=\/wp\/v2\/product"}],"about":[{"href":"https:\/\/www.hediyepazar.com\/index.php?rest_route=\/wp\/v2\/types\/product"}],"replies":[{"embeddable":true,"href":"https:\/\/www.hediyepazar.com\/index.php?rest_route=%2Fwp%2Fv2%2Fcomments&post=125228"}],"wp:featuredmedia":[{"embeddable":true,"href":"https:\/\/www.hediyepazar.com\/index.php?rest_route=\/wp\/v2\/media\/125227"}],"wp:attachment":[{"href":"https:\/\/www.hediyepazar.com\/index.php?rest_route=%2Fwp%2Fv2%2Fmedia&parent=125228"}],"wp:term":[{"taxonomy":"product_brand","embeddable":true,"href":"https:\/\/www.hediyepazar.com\/index.php?rest_route=%2Fwp%2Fv2%2Fproduct_brand&post=125228"},{"taxonomy":"product_cat","embeddable":true,"href":"https:\/\/www.hediyepazar.com\/index.php?rest_route=%2Fwp%2Fv2%2Fproduct_cat&post=125228"},{"taxonomy":"product_tag","embeddable":true,"href":"https:\/\/www.hediyepazar.com\/index.php?rest_route=%2Fwp%2Fv2%2Fproduct_tag&post=125228"}],"curies":[{"name":"wp","href":"https:\/\/api.w.org\/{rel}","templated":true}]}}