{"id":125260,"date":"2026-05-06T17:35:14","date_gmt":"2026-05-06T20:35:14","guid":{"rendered":"https:\/\/www.hediyepazar.com\/?product=pg-etiket-termal-60mmx30mm-kolon-1li-toplam-1000ad1923"},"modified":"2026-05-06T17:35:14","modified_gmt":"2026-05-06T20:35:14","slug":"pg-etiket-termal-60mmx30mm-kolon-1li-toplam-1000ad1923","status":"publish","type":"product","link":"https:\/\/www.hediyepazar.com\/?product=pg-etiket-termal-60mmx30mm-kolon-1li-toplam-1000ad1923","title":{"rendered":"PG Etiket Termal 60mmx30mm (Kolon 1li) Toplam 1000ad(1923)"},"content":{"rendered":"<p>\u00a0MalzemeTermal\u00a0\u00d6l\u00e7\u00fc60 mm X 30 mm (Tekli)\u00a0Yap\u0131\u015fkanl\u0131Var\u00a0Kullan\u0131labilen Ribon tipiKullan\u0131lm\u0131yor.\u00a0Gramaj110 gram ( \u00b110 gram)\u00a0Etiket Geni\u015fli\u011fi60 mm\u00a0Etiketin Y\u00fcksekli\u011fi30 mm\u00a0Bir sat\u0131rdaki etiket say\u0131s\u01311\u00a0Rulodaki sat\u0131r say\u0131s\u01311.000\u00a0Rulodaki etiket say\u0131s\u01311.000\u00a0Rulo i\u00e7 \u00e7ap\u013140 mm\u00a0Rulo d\u0131\u015f \u00e7ap\u0131100 mm ( \u00b15 mm)\u00a0Rulo geni\u015fli\u011fi66\u00a0mm\u00a0Etiket rengiBeyaz\u00a0Ta\u015f\u0131y\u0131c\u0131 rengiA\u00e7\u0131k sar\u0131\u00a0Argox OS-204Argox OS-214TTArgox OS-214PlusArgox OS-2140Argox OS-2140DArgox A-200Argox A-2240Argox CP-2140Argox R-400Argox R-600Argox X-1000+Argox X-1000VArgox X-1000VLArgox X-2000+Argox X-2000VArgox X-3000+Argox X-3200Argox G-6000AVERY DENISSON AP 5.4AVERY DENISSON 64.06AVERY DENISSON 64.08BEIYANG BTP-2200EBEIYANG BTP-2300EBEIYANG BTP-L42BIRCH BP-343DBIRCH GEMINI TBIRCH GEMINI 2MBIRCH APOLLO SerisiBIRCH BP-742BIRCH BP-743CAB A4+CAB A6+CAB A8+CAB MACH4CAB E4CITIZEN CLP-521CITIZEN CLP-621CITIZEN CLP-631CITIZEN CLP-7202Datamax E-4203Datamax E-4208Datamax I-4208DATAMAX M-4206Godex EZ-1105Godex EZ-1100PlusGodex G-500Godex G-530Godex EZPi-1300Godex EZ-2200PlusGodex EZ-2300PlusIntermec PF8INTERMEC PC4MONARCH 9416 XL TTMONARCH 9416 XL TDPRINTRONIX T4MPRINTRONIX T5000 SerisiSato CL400eSato CX400Toshiba TEC B-EV4DToshiba TEC B-EV4TToshiba TEC B-SA4TMToshiba TEC B-SX600Toshiba TEC B-SV4Toshiba TEC B-443TSC TDP-244TSC TTP-244TSC TTP-247TSC TTP-243 PlusTSC TTP-244ME PlusTSC TTP-245 PlusTSC TTP-342M PlusTSC TTP-384MTSC TTP-342 PlusTSC TTP-343 PlusZebra TLP-2844Zebra GK420TZebra GK420DZebra GX420TZebra GX420DZebra GX430TZebra S-600Zebra ZM-400Zebra ZM-600ZEBRA S4MZebra 110i<\/p>\n","protected":false},"excerpt":{"rendered":"<p>\u00a0MalzemeTermal\u00a0\u00d6l\u00e7\u00fc60 mm X 30 mm (Tekli)\u00a0Yap\u0131\u015fkanl\u0131Var\u00a0Kullan\u0131labilen Ribon tipiKullan\u0131lm\u0131yor.\u00a0Gramaj110 gram ( \u00b110 gram)\u00a0Etiket Geni\u015fli\u011fi60 mm\u00a0Etiketin Y\u00fcksekli\u011fi30 mm\u00a0Bir sat\u0131rdaki etiket say\u0131s\u01311\u00a0Rulodaki sat\u0131r say\u0131s\u01311.000\u00a0Rulodaki etiket say\u0131s\u01311.000\u00a0Rulo i\u00e7 \u00e7ap\u013140 mm\u00a0Rulo d\u0131\u015f \u00e7ap\u0131100 mm ( \u00b15 mm)\u00a0Rulo geni\u015fli\u011fi66\u00a0mm\u00a0Etiket rengiBeyaz\u00a0Ta\u015f\u0131y\u0131c\u0131 rengiA\u00e7\u0131k sar\u0131\u00a0Argox OS-204Argox OS-214TTArgox OS-214PlusArgox OS-2140Argox OS-2140DArgox A-200Argox A-2240Argox CP-2140Argox R-400Argox R-600Argox X-1000+Argox X-1000VArgox X-1000VLArgox X-2000+Argox X-2000VArgox X-3000+Argox X-3200Argox G-6000AVERY DENISSON&#8230;<\/p>\n","protected":false},"featured_media":125259,"comment_status":"open","ping_status":"closed","template":"","meta":{"_kad_post_transparent":"","_kad_post_title":"","_kad_post_layout":"","_kad_post_sidebar_id":"","_kad_post_content_style":"","_kad_post_vertical_padding":"","_kad_post_feature":"","_kad_post_feature_position":"","_kad_post_header":false,"_kad_post_footer":false,"_kad_post_classname":""},"product_brand":[],"product_cat":[14146],"product_tag":[],"class_list":{"0":"post-125260","1":"product","2":"type-product","3":"status-publish","4":"has-post-thumbnail","6":"product_cat-ofis-sarf-tuketim-malzemesi-kirtasiye-ofis-ofis-sarf-tuketim-malzemesi-kirtasiye-ofis","8":"first","9":"instock","10":"purchasable","11":"product-type-simple","12":"entry","13":"content-bg","14":"loop-entry"},"_links":{"self":[{"href":"https:\/\/www.hediyepazar.com\/index.php?rest_route=\/wp\/v2\/product\/125260","targetHints":{"allow":["GET"]}}],"collection":[{"href":"https:\/\/www.hediyepazar.com\/index.php?rest_route=\/wp\/v2\/product"}],"about":[{"href":"https:\/\/www.hediyepazar.com\/index.php?rest_route=\/wp\/v2\/types\/product"}],"replies":[{"embeddable":true,"href":"https:\/\/www.hediyepazar.com\/index.php?rest_route=%2Fwp%2Fv2%2Fcomments&post=125260"}],"wp:featuredmedia":[{"embeddable":true,"href":"https:\/\/www.hediyepazar.com\/index.php?rest_route=\/wp\/v2\/media\/125259"}],"wp:attachment":[{"href":"https:\/\/www.hediyepazar.com\/index.php?rest_route=%2Fwp%2Fv2%2Fmedia&parent=125260"}],"wp:term":[{"taxonomy":"product_brand","embeddable":true,"href":"https:\/\/www.hediyepazar.com\/index.php?rest_route=%2Fwp%2Fv2%2Fproduct_brand&post=125260"},{"taxonomy":"product_cat","embeddable":true,"href":"https:\/\/www.hediyepazar.com\/index.php?rest_route=%2Fwp%2Fv2%2Fproduct_cat&post=125260"},{"taxonomy":"product_tag","embeddable":true,"href":"https:\/\/www.hediyepazar.com\/index.php?rest_route=%2Fwp%2Fv2%2Fproduct_tag&post=125260"}],"curies":[{"name":"wp","href":"https:\/\/api.w.org\/{rel}","templated":true}]}}