{"id":125318,"date":"2026-05-06T17:42:08","date_gmt":"2026-05-06T20:42:08","guid":{"rendered":"https:\/\/www.hediyepazar.com\/?product=s-link-sl-u2015-usb-yazici-kablosu-15-metre1923"},"modified":"2026-05-06T17:42:08","modified_gmt":"2026-05-06T20:42:08","slug":"s-link-sl-u2015-usb-yazici-kablosu-15-metre1923","status":"publish","type":"product","link":"https:\/\/www.hediyepazar.com\/?product=s-link-sl-u2015-usb-yazici-kablosu-15-metre1923","title":{"rendered":"S-LINK SL-U2015 USB Yaz\u0131c\u0131 Kablosu 15 Metre(1923)"},"content":{"rendered":"<p>A\u00e7\u0131klamaUSB Veri KablosuMarkaS-linkModelSL-U2015RenkBeyaz \/\u015eeffafKablo Uzunlu\u011fu1.5 metreKonnekt\u00f6rUSB 2.0 Tip A Erkek\/USB Tip B ErkekBa\u011flant\u0131 H\u0131z\u0131480MbpsUyumlulukYaz\u0131c\u0131lar\u00dcr\u00fcn A\u011f\u0131rl\u0131\u011f\u013148grPaket Boyutu17mm x 185mm x 150mm (plastik po\u015fet)Toplam A\u011f\u0131rl\u0131k54gr<\/p>\n","protected":false},"excerpt":{"rendered":"<p>A\u00e7\u0131klamaUSB Veri KablosuMarkaS-linkModelSL-U2015RenkBeyaz \/\u015eeffafKablo Uzunlu\u011fu1.5 metreKonnekt\u00f6rUSB 2.0 Tip A Erkek\/USB Tip B ErkekBa\u011flant\u0131 H\u0131z\u0131480MbpsUyumlulukYaz\u0131c\u0131lar\u00dcr\u00fcn A\u011f\u0131rl\u0131\u011f\u013148grPaket Boyutu17mm x 185mm x 150mm (plastik po\u015fet)Toplam A\u011f\u0131rl\u0131k54gr<\/p>\n","protected":false},"featured_media":125317,"comment_status":"open","ping_status":"closed","template":"","meta":{"_kad_post_transparent":"","_kad_post_title":"","_kad_post_layout":"","_kad_post_sidebar_id":"","_kad_post_content_style":"","_kad_post_vertical_padding":"","_kad_post_feature":"","_kad_post_feature_position":"","_kad_post_header":false,"_kad_post_footer":false,"_kad_post_classname":""},"product_brand":[],"product_cat":[15213],"product_tag":[],"class_list":{"0":"post-125318","1":"product","2":"type-product","3":"status-publish","4":"has-post-thumbnail","6":"product_cat-kablo-sarf-malzemeler-elektrikli-ev-aletleri-elektronik-kablo-sarf-malzemeler","8":"first","9":"instock","10":"purchasable","11":"product-type-simple","12":"entry","13":"content-bg","14":"loop-entry"},"_links":{"self":[{"href":"https:\/\/www.hediyepazar.com\/index.php?rest_route=\/wp\/v2\/product\/125318","targetHints":{"allow":["GET"]}}],"collection":[{"href":"https:\/\/www.hediyepazar.com\/index.php?rest_route=\/wp\/v2\/product"}],"about":[{"href":"https:\/\/www.hediyepazar.com\/index.php?rest_route=\/wp\/v2\/types\/product"}],"replies":[{"embeddable":true,"href":"https:\/\/www.hediyepazar.com\/index.php?rest_route=%2Fwp%2Fv2%2Fcomments&post=125318"}],"wp:featuredmedia":[{"embeddable":true,"href":"https:\/\/www.hediyepazar.com\/index.php?rest_route=\/wp\/v2\/media\/125317"}],"wp:attachment":[{"href":"https:\/\/www.hediyepazar.com\/index.php?rest_route=%2Fwp%2Fv2%2Fmedia&parent=125318"}],"wp:term":[{"taxonomy":"product_brand","embeddable":true,"href":"https:\/\/www.hediyepazar.com\/index.php?rest_route=%2Fwp%2Fv2%2Fproduct_brand&post=125318"},{"taxonomy":"product_cat","embeddable":true,"href":"https:\/\/www.hediyepazar.com\/index.php?rest_route=%2Fwp%2Fv2%2Fproduct_cat&post=125318"},{"taxonomy":"product_tag","embeddable":true,"href":"https:\/\/www.hediyepazar.com\/index.php?rest_route=%2Fwp%2Fv2%2Fproduct_tag&post=125318"}],"curies":[{"name":"wp","href":"https:\/\/api.w.org\/{rel}","templated":true}]}}