{"id":125404,"date":"2026-05-06T17:51:44","date_gmt":"2026-05-06T20:51:44","guid":{"rendered":"https:\/\/www.hediyepazar.com\/?product=renk-degistirmeli-led-yildiz-projektor-parti-ve-gece-lambasi"},"modified":"2026-05-06T17:51:44","modified_gmt":"2026-05-06T20:51:44","slug":"renk-degistirmeli-led-yildiz-projektor-parti-ve-gece-lambasi","status":"publish","type":"product","link":"https:\/\/www.hediyepazar.com\/?product=renk-degistirmeli-led-yildiz-projektor-parti-ve-gece-lambasi","title":{"rendered":"Renk De\u011fi\u015ftirmeli LED Y\u0131ld\u0131z Projekt\u00f6r Parti ve Gece Lambas\u0131"},"content":{"rendered":"<p>Renk de\u011fi\u015ftirmeli LED y\u0131ld\u0131z projekt\u00f6r, modern ya\u015fam alanlar\u0131nda atmosfer yaratmak isteyenler i\u00e7in tasarlanm\u0131\u015ft\u0131r. Tavana ve duvarlara yans\u0131tt\u0131\u011f\u0131 y\u0131ld\u0131z ve galaksi efektleri sayesinde mekana derinlik kazand\u0131r\u0131r. G\u00fcnl\u00fck kullan\u0131mdan \u00f6zel davetlere kadar pek \u00e7ok farkl\u0131 senaryoda rahatl\u0131kla tercih edilebilir.\u00dcr\u00fcn\u00fcn en dikkat \u00e7ekici \u00f6zelliklerinden biri tek tu\u015fla \u00e7al\u0131\u015ft\u0131r\u0131labilmesidir. A\u00e7\u0131ld\u0131\u011f\u0131nda an\u0131nda projeksiyon ba\u015flar ve ortam k\u0131sa s\u00fcrede etkileyici bir g\u00f6r\u00fcn\u00fcme kavu\u015fur. Bu pratik yap\u0131, \u00fcr\u00fcn\u00fc zahmetsiz ve keyifli bir kullan\u0131m sunan ayd\u0131nlatma \u00e7\u00f6z\u00fcm\u00fcne d\u00f6n\u00fc\u015ft\u00fcr\u00fcr.Gece lambas\u0131 olarak kullan\u0131ld\u0131\u011f\u0131nda yumu\u015fak ve g\u00f6z yormayan bir \u0131\u015f\u0131k sa\u011flar. \u00d6zellikle uyku \u00f6ncesi sakin bir ortam olu\u015fturmak isteyenler i\u00e7in idealdir. Ayn\u0131 zamanda \u00e7ocuk odalar\u0131nda g\u00fcvenle kullan\u0131labilecek bir ambiyans sunar.Ta\u015f\u0131nabilir yap\u0131s\u0131 sayesinde parti, do\u011fum g\u00fcn\u00fc ve arkada\u015f bulu\u015fmalar\u0131nda dekoratif \u0131\u015f\u0131k olarak de\u011ferlendirilebilir. K\u00fc\u00e7\u00fck boyutlar\u0131 ile kolay ta\u015f\u0131n\u0131r ve farkl\u0131 mekanlarda k\u0131sa s\u00fcrede kurulabilir.Minimal tasar\u0131m\u0131, \u00fcr\u00fcn\u00fc her t\u00fcrl\u00fc dekorasyon stiline uyumlu hale getirir. Fazlal\u0131ktan uzak, sade g\u00f6r\u00fcn\u00fcm\u00fc sayesinde bulundu\u011fu ortamda estetik bir tamamlay\u0131c\u0131 olur. Hem i\u015flevsel hem de g\u00f6rsel a\u00e7\u0131dan tatmin edici bir ayd\u0131nlatma \u00fcr\u00fcn\u00fc arayanlar i\u00e7in ideal bir tercihtir.<\/p>\n","protected":false},"excerpt":{"rendered":"<p>Renk de\u011fi\u015ftirmeli LED y\u0131ld\u0131z projekt\u00f6r, modern ya\u015fam alanlar\u0131nda atmosfer yaratmak isteyenler i\u00e7in tasarlanm\u0131\u015ft\u0131r. Tavana ve duvarlara yans\u0131tt\u0131\u011f\u0131 y\u0131ld\u0131z ve galaksi efektleri sayesinde mekana derinlik kazand\u0131r\u0131r. G\u00fcnl\u00fck kullan\u0131mdan \u00f6zel davetlere kadar pek \u00e7ok farkl\u0131 senaryoda rahatl\u0131kla tercih edilebilir.\u00dcr\u00fcn\u00fcn en dikkat \u00e7ekici \u00f6zelliklerinden biri tek tu\u015fla \u00e7al\u0131\u015ft\u0131r\u0131labilmesidir. A\u00e7\u0131ld\u0131\u011f\u0131nda an\u0131nda projeksiyon ba\u015flar ve ortam k\u0131sa s\u00fcrede etkileyici bir&#8230;<\/p>\n","protected":false},"featured_media":125403,"comment_status":"open","ping_status":"closed","template":"","meta":{"_kad_post_transparent":"","_kad_post_title":"","_kad_post_layout":"","_kad_post_sidebar_id":"","_kad_post_content_style":"","_kad_post_vertical_padding":"","_kad_post_feature":"","_kad_post_feature_position":"","_kad_post_header":false,"_kad_post_footer":false,"_kad_post_classname":""},"product_brand":[],"product_cat":[14967],"product_tag":[],"class_list":{"0":"post-125404","1":"product","2":"type-product","3":"status-publish","4":"has-post-thumbnail","6":"product_cat-gece-lambasi-gece-lambasi","8":"first","9":"instock","10":"purchasable","11":"product-type-simple","12":"entry","13":"content-bg","14":"loop-entry"},"_links":{"self":[{"href":"https:\/\/www.hediyepazar.com\/index.php?rest_route=\/wp\/v2\/product\/125404","targetHints":{"allow":["GET"]}}],"collection":[{"href":"https:\/\/www.hediyepazar.com\/index.php?rest_route=\/wp\/v2\/product"}],"about":[{"href":"https:\/\/www.hediyepazar.com\/index.php?rest_route=\/wp\/v2\/types\/product"}],"replies":[{"embeddable":true,"href":"https:\/\/www.hediyepazar.com\/index.php?rest_route=%2Fwp%2Fv2%2Fcomments&post=125404"}],"wp:featuredmedia":[{"embeddable":true,"href":"https:\/\/www.hediyepazar.com\/index.php?rest_route=\/wp\/v2\/media\/125403"}],"wp:attachment":[{"href":"https:\/\/www.hediyepazar.com\/index.php?rest_route=%2Fwp%2Fv2%2Fmedia&parent=125404"}],"wp:term":[{"taxonomy":"product_brand","embeddable":true,"href":"https:\/\/www.hediyepazar.com\/index.php?rest_route=%2Fwp%2Fv2%2Fproduct_brand&post=125404"},{"taxonomy":"product_cat","embeddable":true,"href":"https:\/\/www.hediyepazar.com\/index.php?rest_route=%2Fwp%2Fv2%2Fproduct_cat&post=125404"},{"taxonomy":"product_tag","embeddable":true,"href":"https:\/\/www.hediyepazar.com\/index.php?rest_route=%2Fwp%2Fv2%2Fproduct_tag&post=125404"}],"curies":[{"name":"wp","href":"https:\/\/api.w.org\/{rel}","templated":true}]}}