{"id":125426,"date":"2026-05-06T17:53:13","date_gmt":"2026-05-06T20:53:13","guid":{"rendered":"https:\/\/www.hediyepazar.com\/?product=gece-goruslu-arac-dikiz-aynasi-kamera-park-monitorlu-2"},"modified":"2026-05-06T17:53:13","modified_gmt":"2026-05-06T20:53:13","slug":"gece-goruslu-arac-dikiz-aynasi-kamera-park-monitorlu-2","status":"publish","type":"product","link":"https:\/\/www.hediyepazar.com\/?product=gece-goruslu-arac-dikiz-aynasi-kamera-park-monitorlu-2","title":{"rendered":"Gece G\u00f6r\u00fc\u015fl\u00fc Ara\u00e7 Dikiz Aynas\u0131 Kamera Park Monit\u00f6rl\u00fc"},"content":{"rendered":"<p>Parking monitor \u00f6zelli\u011fi ile ara\u00e7 park halindeyken bile g\u00fcvenlik sa\u011flar. Park esnas\u0131nda herhangi bir darbe alg\u0131land\u0131\u011f\u0131nda kamera otomatik olarak devreye girer ve kayda ba\u015flar. Bu sayede arac\u0131n\u0131z park halindeyken bile kontrol alt\u0131nda olur. K\u0131lavuz \u00e7izgili geri g\u00f6r\u00fc\u015f kameras\u0131 sayesinde park manevralar\u0131 daha g\u00fcvenli ve kolay hale gelir.<\/p>\n","protected":false},"excerpt":{"rendered":"<p>Parking monitor \u00f6zelli\u011fi ile ara\u00e7 park halindeyken bile g\u00fcvenlik sa\u011flar. Park esnas\u0131nda herhangi bir darbe alg\u0131land\u0131\u011f\u0131nda kamera otomatik olarak devreye girer ve kayda ba\u015flar. Bu sayede arac\u0131n\u0131z park halindeyken bile kontrol alt\u0131nda olur. K\u0131lavuz \u00e7izgili geri g\u00f6r\u00fc\u015f kameras\u0131 sayesinde park manevralar\u0131 daha g\u00fcvenli ve kolay hale gelir.<\/p>\n","protected":false},"featured_media":125425,"comment_status":"open","ping_status":"closed","template":"","meta":{"_kad_post_transparent":"","_kad_post_title":"","_kad_post_layout":"","_kad_post_sidebar_id":"","_kad_post_content_style":"","_kad_post_vertical_padding":"","_kad_post_feature":"","_kad_post_feature_position":"","_kad_post_header":false,"_kad_post_footer":false,"_kad_post_classname":""},"product_brand":[],"product_cat":[15062],"product_tag":[],"class_list":{"0":"post-125426","1":"product","2":"type-product","3":"status-publish","4":"has-post-thumbnail","6":"product_cat-arac-ici-kamera-arac-ici-kamera","8":"first","9":"instock","10":"purchasable","11":"product-type-simple","12":"entry","13":"content-bg","14":"loop-entry"},"_links":{"self":[{"href":"https:\/\/www.hediyepazar.com\/index.php?rest_route=\/wp\/v2\/product\/125426","targetHints":{"allow":["GET"]}}],"collection":[{"href":"https:\/\/www.hediyepazar.com\/index.php?rest_route=\/wp\/v2\/product"}],"about":[{"href":"https:\/\/www.hediyepazar.com\/index.php?rest_route=\/wp\/v2\/types\/product"}],"replies":[{"embeddable":true,"href":"https:\/\/www.hediyepazar.com\/index.php?rest_route=%2Fwp%2Fv2%2Fcomments&post=125426"}],"wp:featuredmedia":[{"embeddable":true,"href":"https:\/\/www.hediyepazar.com\/index.php?rest_route=\/wp\/v2\/media\/125425"}],"wp:attachment":[{"href":"https:\/\/www.hediyepazar.com\/index.php?rest_route=%2Fwp%2Fv2%2Fmedia&parent=125426"}],"wp:term":[{"taxonomy":"product_brand","embeddable":true,"href":"https:\/\/www.hediyepazar.com\/index.php?rest_route=%2Fwp%2Fv2%2Fproduct_brand&post=125426"},{"taxonomy":"product_cat","embeddable":true,"href":"https:\/\/www.hediyepazar.com\/index.php?rest_route=%2Fwp%2Fv2%2Fproduct_cat&post=125426"},{"taxonomy":"product_tag","embeddable":true,"href":"https:\/\/www.hediyepazar.com\/index.php?rest_route=%2Fwp%2Fv2%2Fproduct_tag&post=125426"}],"curies":[{"name":"wp","href":"https:\/\/api.w.org\/{rel}","templated":true}]}}