{"id":125470,"date":"2026-05-06T17:59:13","date_gmt":"2026-05-06T20:59:13","guid":{"rendered":"https:\/\/www.hediyepazar.com\/?product=paslanmaz-celik-kulluk-cakmakli-masa-ustu-kullanim"},"modified":"2026-05-06T17:59:13","modified_gmt":"2026-05-06T20:59:13","slug":"paslanmaz-celik-kulluk-cakmakli-masa-ustu-kullanim","status":"publish","type":"product","link":"https:\/\/www.hediyepazar.com\/?product=paslanmaz-celik-kulluk-cakmakli-masa-ustu-kullanim","title":{"rendered":"Paslanmaz \u00c7elik K\u00fcll\u00fck \u00c7akmakl\u0131 Masa \u00dcst\u00fc Kullan\u0131m"},"content":{"rendered":"<p>\u00c7akmakl\u0131 metal k\u00fcll\u00fck, g\u00fcnl\u00fck kullan\u0131mda pratiklik sunmak i\u00e7in tasarlanm\u0131\u015ft\u0131r. Tek \u00fcr\u00fcnle iki ihtiyac\u0131 kar\u015f\u0131layan yap\u0131s\u0131 sayesinde masa \u00fczerinde d\u00fczen sa\u011flar. K\u00fcll\u00fck b\u00f6l\u00fcm\u00fc, k\u00fcl ve izmaritlerin kontroll\u00fc \u015fekilde toplanmas\u0131na yard\u0131mc\u0131 olur.\u00c7akmak benzini ile \u00e7al\u0131\u015fan sistem, yeniden doldurulabilir yap\u0131dad\u0131r. Kullan\u0131m\u0131 kolayd\u0131r ve g\u00fcnl\u00fck ihtiya\u00e7lara uygundur. Paslanmaz metal g\u00f6vde, \u00fcr\u00fcn\u00fc uzun s\u00fcreli kullan\u0131ma uygun hale getirir.Metal y\u00fczey, temizli\u011fi kolayla\u015ft\u0131r\u0131r ve hijyenik kullan\u0131m sunar. Yuvarlak tasar\u0131m\u0131, dekoratif bir g\u00f6r\u00fcn\u00fcm kazand\u0131r\u0131r. Ev, ofis ve sosyal alanlarda rahatl\u0131kla kullan\u0131labilir.<\/p>\n","protected":false},"excerpt":{"rendered":"<p>\u00c7akmakl\u0131 metal k\u00fcll\u00fck, g\u00fcnl\u00fck kullan\u0131mda pratiklik sunmak i\u00e7in tasarlanm\u0131\u015ft\u0131r. Tek \u00fcr\u00fcnle iki ihtiyac\u0131 kar\u015f\u0131layan yap\u0131s\u0131 sayesinde masa \u00fczerinde d\u00fczen sa\u011flar. K\u00fcll\u00fck b\u00f6l\u00fcm\u00fc, k\u00fcl ve izmaritlerin kontroll\u00fc \u015fekilde toplanmas\u0131na yard\u0131mc\u0131 olur.\u00c7akmak benzini ile \u00e7al\u0131\u015fan sistem, yeniden doldurulabilir yap\u0131dad\u0131r. Kullan\u0131m\u0131 kolayd\u0131r ve g\u00fcnl\u00fck ihtiya\u00e7lara uygundur. Paslanmaz metal g\u00f6vde, \u00fcr\u00fcn\u00fc uzun s\u00fcreli kullan\u0131ma uygun hale getirir.Metal y\u00fczey, temizli\u011fi&#8230;<\/p>\n","protected":false},"featured_media":125469,"comment_status":"open","ping_status":"closed","template":"","meta":{"_kad_post_transparent":"","_kad_post_title":"","_kad_post_layout":"","_kad_post_sidebar_id":"","_kad_post_content_style":"","_kad_post_vertical_padding":"","_kad_post_feature":"","_kad_post_feature_position":"","_kad_post_header":false,"_kad_post_footer":false,"_kad_post_classname":""},"product_brand":[],"product_cat":[14995],"product_tag":[],"class_list":{"0":"post-125470","1":"product","2":"type-product","3":"status-publish","4":"has-post-thumbnail","6":"product_cat-kulluk-kulluk-2","8":"first","9":"instock","10":"purchasable","11":"product-type-simple","12":"entry","13":"content-bg","14":"loop-entry"},"_links":{"self":[{"href":"https:\/\/www.hediyepazar.com\/index.php?rest_route=\/wp\/v2\/product\/125470","targetHints":{"allow":["GET"]}}],"collection":[{"href":"https:\/\/www.hediyepazar.com\/index.php?rest_route=\/wp\/v2\/product"}],"about":[{"href":"https:\/\/www.hediyepazar.com\/index.php?rest_route=\/wp\/v2\/types\/product"}],"replies":[{"embeddable":true,"href":"https:\/\/www.hediyepazar.com\/index.php?rest_route=%2Fwp%2Fv2%2Fcomments&post=125470"}],"wp:featuredmedia":[{"embeddable":true,"href":"https:\/\/www.hediyepazar.com\/index.php?rest_route=\/wp\/v2\/media\/125469"}],"wp:attachment":[{"href":"https:\/\/www.hediyepazar.com\/index.php?rest_route=%2Fwp%2Fv2%2Fmedia&parent=125470"}],"wp:term":[{"taxonomy":"product_brand","embeddable":true,"href":"https:\/\/www.hediyepazar.com\/index.php?rest_route=%2Fwp%2Fv2%2Fproduct_brand&post=125470"},{"taxonomy":"product_cat","embeddable":true,"href":"https:\/\/www.hediyepazar.com\/index.php?rest_route=%2Fwp%2Fv2%2Fproduct_cat&post=125470"},{"taxonomy":"product_tag","embeddable":true,"href":"https:\/\/www.hediyepazar.com\/index.php?rest_route=%2Fwp%2Fv2%2Fproduct_tag&post=125470"}],"curies":[{"name":"wp","href":"https:\/\/api.w.org\/{rel}","templated":true}]}}