{"id":125720,"date":"2026-05-06T18:43:10","date_gmt":"2026-05-06T21:43:10","guid":{"rendered":"https:\/\/www.hediyepazar.com\/?product=carplay-destekli-araclar-icin-kablosuz-android-auto-donusturucu"},"modified":"2026-05-06T18:43:10","modified_gmt":"2026-05-06T21:43:10","slug":"carplay-destekli-araclar-icin-kablosuz-android-auto-donusturucu","status":"publish","type":"product","link":"https:\/\/www.hediyepazar.com\/?product=carplay-destekli-araclar-icin-kablosuz-android-auto-donusturucu","title":{"rendered":"CarPlay Destekli Ara\u00e7lar \u0130\u00e7in Kablosuz Android Auto D\u00f6n\u00fc\u015ft\u00fcr\u00fcc\u00fc"},"content":{"rendered":"<p>Ara\u00e7ta kablo karma\u015fas\u0131n\u0131 ortadan kald\u0131ran bu adapt\u00f6r, CarPlay ve Android Auto deneyimini tamamen kablosuz hale getirir. Telefonunuz cebinizdeyken bile t\u00fcm temel \u00f6zelliklere ara\u00e7 ekran\u0131 \u00fczerinden eri\u015febilirsiniz.Tak \u00e7al\u0131\u015ft\u0131r \u00f6zelli\u011fi sayesinde karma\u015f\u0131k kurulum s\u00fcre\u00e7leriyle u\u011fra\u015fmazs\u0131n\u0131z. USB ba\u011flant\u0131s\u0131 ile k\u0131sa s\u00fcrede haz\u0131r hale gelir. Otomatik e\u015fle\u015fme sistemi, araca her bini\u015fte konfor sa\u011flar.Stabil ve h\u0131zl\u0131 ba\u011flant\u0131 yap\u0131s\u0131, ekran yans\u0131tma s\u0131ras\u0131nda donma ve gecikme ya\u015fanmas\u0131n\u0131 \u00f6nler. Navigasyon, m\u00fczik ve ileti\u015fim uygulamalar\u0131 ak\u0131c\u0131 \u015fekilde \u00e7al\u0131\u015f\u0131r. Sesli komut deste\u011fi, s\u00fcr\u00fc\u015f g\u00fcvenli\u011fini destekler.CarPlay destekli ara\u00e7larla uyumlu yap\u0131s\u0131 sayesinde geni\u015f bir kullan\u0131c\u0131 kitlesine hitap eder. G\u00fcnl\u00fck kullan\u0131mda pratiklik arayanlar i\u00e7in ideal bir teknolojik \u00e7\u00f6z\u00fcmd\u00fcr.<\/p>\n","protected":false},"excerpt":{"rendered":"<p>Ara\u00e7ta kablo karma\u015fas\u0131n\u0131 ortadan kald\u0131ran bu adapt\u00f6r, CarPlay ve Android Auto deneyimini tamamen kablosuz hale getirir. Telefonunuz cebinizdeyken bile t\u00fcm temel \u00f6zelliklere ara\u00e7 ekran\u0131 \u00fczerinden eri\u015febilirsiniz.Tak \u00e7al\u0131\u015ft\u0131r \u00f6zelli\u011fi sayesinde karma\u015f\u0131k kurulum s\u00fcre\u00e7leriyle u\u011fra\u015fmazs\u0131n\u0131z. USB ba\u011flant\u0131s\u0131 ile k\u0131sa s\u00fcrede haz\u0131r hale gelir. Otomatik e\u015fle\u015fme sistemi, araca her bini\u015fte konfor sa\u011flar.Stabil ve h\u0131zl\u0131 ba\u011flant\u0131 yap\u0131s\u0131, ekran yans\u0131tma&#8230;<\/p>\n","protected":false},"featured_media":125719,"comment_status":"open","ping_status":"closed","template":"","meta":{"_kad_post_transparent":"","_kad_post_title":"","_kad_post_layout":"","_kad_post_sidebar_id":"","_kad_post_content_style":"","_kad_post_vertical_padding":"","_kad_post_feature":"","_kad_post_feature_position":"","_kad_post_header":false,"_kad_post_footer":false,"_kad_post_classname":""},"product_brand":[],"product_cat":[15020],"product_tag":[],"class_list":{"0":"post-125720","1":"product","2":"type-product","3":"status-publish","4":"has-post-thumbnail","6":"product_cat-bluetooth-arac-kiti-bluetooth-arac-kiti","8":"first","9":"instock","10":"purchasable","11":"product-type-simple","12":"entry","13":"content-bg","14":"loop-entry"},"_links":{"self":[{"href":"https:\/\/www.hediyepazar.com\/index.php?rest_route=\/wp\/v2\/product\/125720","targetHints":{"allow":["GET"]}}],"collection":[{"href":"https:\/\/www.hediyepazar.com\/index.php?rest_route=\/wp\/v2\/product"}],"about":[{"href":"https:\/\/www.hediyepazar.com\/index.php?rest_route=\/wp\/v2\/types\/product"}],"replies":[{"embeddable":true,"href":"https:\/\/www.hediyepazar.com\/index.php?rest_route=%2Fwp%2Fv2%2Fcomments&post=125720"}],"wp:featuredmedia":[{"embeddable":true,"href":"https:\/\/www.hediyepazar.com\/index.php?rest_route=\/wp\/v2\/media\/125719"}],"wp:attachment":[{"href":"https:\/\/www.hediyepazar.com\/index.php?rest_route=%2Fwp%2Fv2%2Fmedia&parent=125720"}],"wp:term":[{"taxonomy":"product_brand","embeddable":true,"href":"https:\/\/www.hediyepazar.com\/index.php?rest_route=%2Fwp%2Fv2%2Fproduct_brand&post=125720"},{"taxonomy":"product_cat","embeddable":true,"href":"https:\/\/www.hediyepazar.com\/index.php?rest_route=%2Fwp%2Fv2%2Fproduct_cat&post=125720"},{"taxonomy":"product_tag","embeddable":true,"href":"https:\/\/www.hediyepazar.com\/index.php?rest_route=%2Fwp%2Fv2%2Fproduct_tag&post=125720"}],"curies":[{"name":"wp","href":"https:\/\/api.w.org\/{rel}","templated":true}]}}