{"id":125744,"date":"2026-05-06T18:47:05","date_gmt":"2026-05-06T21:47:05","guid":{"rendered":"https:\/\/www.hediyepazar.com\/?product=ev-ve-atolye-kullanimina-uygun-7-parca-tornavida-seti"},"modified":"2026-05-06T18:47:05","modified_gmt":"2026-05-06T21:47:05","slug":"ev-ve-atolye-kullanimina-uygun-7-parca-tornavida-seti","status":"publish","type":"product","link":"https:\/\/www.hediyepazar.com\/?product=ev-ve-atolye-kullanimina-uygun-7-parca-tornavida-seti","title":{"rendered":"Ev ve At\u00f6lye Kullan\u0131m\u0131na Uygun 7 Par\u00e7a Tornavida Seti"},"content":{"rendered":"<p>7 par\u00e7adan olu\u015fan bu tornavida seti, farkl\u0131 vidalama ihtiya\u00e7lar\u0131na pratik \u00e7\u00f6z\u00fcmler sunar. D\u00fcz ve y\u0131ld\u0131z u\u00e7 se\u00e7enekleri sayesinde bir\u00e7ok farkl\u0131 montaj ve s\u00f6kme i\u015flemi kolayca ger\u00e7ekle\u015ftirilebilir. Evde basit tamir i\u015flerinden at\u00f6lyede yap\u0131lan detayl\u0131 \u00e7al\u0131\u015fmalara kadar geni\u015f bir kullan\u0131m alan\u0131na sahiptir.Ergonomik sap tasar\u0131m\u0131, kullan\u0131c\u0131n\u0131n eline rahat bir tutu\u015f sa\u011flar. Uzun s\u00fcreli kullan\u0131mlarda bile konfor sunan bu yap\u0131, i\u015f verimlili\u011fini art\u0131r\u0131r. Vidalama i\u015flemleri s\u0131ras\u0131nda daha kontroll\u00fc hareket etmenize yard\u0131mc\u0131 olur.Setin kutulu olarak sunulmas\u0131, hem d\u00fczen hem de ta\u015f\u0131nabilirlik a\u00e7\u0131s\u0131ndan avantaj sa\u011flar. Par\u00e7alar bir arada tutulur ve ihtiya\u00e7 an\u0131nda h\u0131zl\u0131 eri\u015fim imkan\u0131 sunar. Bu da \u00e7al\u0131\u015fma s\u00fcrecini daha d\u00fczenli ve pratik hale getirir.Hem ev kullan\u0131c\u0131lar\u0131 hem de profesyoneller i\u00e7in uygun olan bu set, dayan\u0131kl\u0131 yap\u0131s\u0131 ile uzun \u00f6m\u00fcrl\u00fc kullan\u0131m sunar. G\u00fcnl\u00fck tamir ve montaj ihtiya\u00e7lar\u0131 i\u00e7in g\u00fcvenilir bir yard\u0131mc\u0131d\u0131r.<\/p>\n","protected":false},"excerpt":{"rendered":"<p>7 par\u00e7adan olu\u015fan bu tornavida seti, farkl\u0131 vidalama ihtiya\u00e7lar\u0131na pratik \u00e7\u00f6z\u00fcmler sunar. D\u00fcz ve y\u0131ld\u0131z u\u00e7 se\u00e7enekleri sayesinde bir\u00e7ok farkl\u0131 montaj ve s\u00f6kme i\u015flemi kolayca ger\u00e7ekle\u015ftirilebilir. Evde basit tamir i\u015flerinden at\u00f6lyede yap\u0131lan detayl\u0131 \u00e7al\u0131\u015fmalara kadar geni\u015f bir kullan\u0131m alan\u0131na sahiptir.Ergonomik sap tasar\u0131m\u0131, kullan\u0131c\u0131n\u0131n eline rahat bir tutu\u015f sa\u011flar. Uzun s\u00fcreli kullan\u0131mlarda bile konfor sunan bu&#8230;<\/p>\n","protected":false},"featured_media":125743,"comment_status":"open","ping_status":"closed","template":"","meta":{"_kad_post_transparent":"","_kad_post_title":"","_kad_post_layout":"","_kad_post_sidebar_id":"","_kad_post_content_style":"","_kad_post_vertical_padding":"","_kad_post_feature":"","_kad_post_feature_position":"","_kad_post_header":false,"_kad_post_footer":false,"_kad_post_classname":""},"product_brand":[],"product_cat":[15000],"product_tag":[],"class_list":{"0":"post-125744","1":"product","2":"type-product","3":"status-publish","4":"has-post-thumbnail","6":"product_cat-tornavida-tornavida-2","8":"first","9":"instock","10":"purchasable","11":"product-type-simple","12":"entry","13":"content-bg","14":"loop-entry"},"_links":{"self":[{"href":"https:\/\/www.hediyepazar.com\/index.php?rest_route=\/wp\/v2\/product\/125744","targetHints":{"allow":["GET"]}}],"collection":[{"href":"https:\/\/www.hediyepazar.com\/index.php?rest_route=\/wp\/v2\/product"}],"about":[{"href":"https:\/\/www.hediyepazar.com\/index.php?rest_route=\/wp\/v2\/types\/product"}],"replies":[{"embeddable":true,"href":"https:\/\/www.hediyepazar.com\/index.php?rest_route=%2Fwp%2Fv2%2Fcomments&post=125744"}],"wp:featuredmedia":[{"embeddable":true,"href":"https:\/\/www.hediyepazar.com\/index.php?rest_route=\/wp\/v2\/media\/125743"}],"wp:attachment":[{"href":"https:\/\/www.hediyepazar.com\/index.php?rest_route=%2Fwp%2Fv2%2Fmedia&parent=125744"}],"wp:term":[{"taxonomy":"product_brand","embeddable":true,"href":"https:\/\/www.hediyepazar.com\/index.php?rest_route=%2Fwp%2Fv2%2Fproduct_brand&post=125744"},{"taxonomy":"product_cat","embeddable":true,"href":"https:\/\/www.hediyepazar.com\/index.php?rest_route=%2Fwp%2Fv2%2Fproduct_cat&post=125744"},{"taxonomy":"product_tag","embeddable":true,"href":"https:\/\/www.hediyepazar.com\/index.php?rest_route=%2Fwp%2Fv2%2Fproduct_tag&post=125744"}],"curies":[{"name":"wp","href":"https:\/\/api.w.org\/{rel}","templated":true}]}}