{"id":125780,"date":"2026-05-06T18:51:58","date_gmt":"2026-05-06T21:51:58","guid":{"rendered":"https:\/\/www.hediyepazar.com\/?product=dekoratif-ramazan-ay-isigi-secde-eden-adam-figurlu"},"modified":"2026-05-06T18:51:58","modified_gmt":"2026-05-06T21:51:58","slug":"dekoratif-ramazan-ay-isigi-secde-eden-adam-figurlu","status":"publish","type":"product","link":"https:\/\/www.hediyepazar.com\/?product=dekoratif-ramazan-ay-isigi-secde-eden-adam-figurlu","title":{"rendered":"Dekoratif Ramazan Ay I\u015f\u0131\u011f\u0131 Secde Eden Adam Fig\u00fcrl\u00fc"},"content":{"rendered":"<p>Secde eden adam sil\u00fcetli ay tasar\u0131ml\u0131 Ramazan LED \u0131\u015f\u0131\u011f\u0131, geleneksel Ramazan ruhunu modern bir dekorasyon anlay\u0131\u015f\u0131yla birle\u015ftirir. Metal kesim ay fig\u00fcr\u00fc, \u0131\u015f\u0131kla birlikte estetik g\u00f6lgeler olu\u015fturarak bulundu\u011fu ortam\u0131n havas\u0131n\u0131 de\u011fi\u015ftirir.G\u00fcn\u0131\u015f\u0131\u011f\u0131 sar\u0131 LED \u0131\u015f\u0131k rengi, s\u0131cak ve huzurlu bir atmosfer sunar. \u0130ftar masas\u0131, sehpa, hal\u0131 \u00fcst\u00fc veya pencere \u00f6n\u00fc dekorasyonlar\u0131nda rahatl\u0131kla kullan\u0131labilir.Pilli sistemi sayesinde kablosuz kullan\u0131m avantaj\u0131 sunar. Pratik ve fonksiyonel yap\u0131s\u0131 ile evin her alan\u0131nda de\u011ferlendirilebilir.Ramazan s\u00fcsleri ve manevi dekorasyon \u00fcr\u00fcnleri arayanlar i\u00e7in \u015f\u0131k ve anlaml\u0131 bir alternatiftir.<\/p>\n","protected":false},"excerpt":{"rendered":"<p>Secde eden adam sil\u00fcetli ay tasar\u0131ml\u0131 Ramazan LED \u0131\u015f\u0131\u011f\u0131, geleneksel Ramazan ruhunu modern bir dekorasyon anlay\u0131\u015f\u0131yla birle\u015ftirir. Metal kesim ay fig\u00fcr\u00fc, \u0131\u015f\u0131kla birlikte estetik g\u00f6lgeler olu\u015fturarak bulundu\u011fu ortam\u0131n havas\u0131n\u0131 de\u011fi\u015ftirir.G\u00fcn\u0131\u015f\u0131\u011f\u0131 sar\u0131 LED \u0131\u015f\u0131k rengi, s\u0131cak ve huzurlu bir atmosfer sunar. \u0130ftar masas\u0131, sehpa, hal\u0131 \u00fcst\u00fc veya pencere \u00f6n\u00fc dekorasyonlar\u0131nda rahatl\u0131kla kullan\u0131labilir.Pilli sistemi sayesinde kablosuz kullan\u0131m&#8230;<\/p>\n","protected":false},"featured_media":125779,"comment_status":"open","ping_status":"closed","template":"","meta":{"_kad_post_transparent":"","_kad_post_title":"","_kad_post_layout":"","_kad_post_sidebar_id":"","_kad_post_content_style":"","_kad_post_vertical_padding":"","_kad_post_feature":"","_kad_post_feature_position":"","_kad_post_header":false,"_kad_post_footer":false,"_kad_post_classname":""},"product_brand":[],"product_cat":[14933],"product_tag":[],"class_list":{"0":"post-125780","1":"product","2":"type-product","3":"status-publish","4":"has-post-thumbnail","6":"product_cat-led-isik-led-isik","8":"first","9":"instock","10":"purchasable","11":"product-type-simple","12":"entry","13":"content-bg","14":"loop-entry"},"_links":{"self":[{"href":"https:\/\/www.hediyepazar.com\/index.php?rest_route=\/wp\/v2\/product\/125780","targetHints":{"allow":["GET"]}}],"collection":[{"href":"https:\/\/www.hediyepazar.com\/index.php?rest_route=\/wp\/v2\/product"}],"about":[{"href":"https:\/\/www.hediyepazar.com\/index.php?rest_route=\/wp\/v2\/types\/product"}],"replies":[{"embeddable":true,"href":"https:\/\/www.hediyepazar.com\/index.php?rest_route=%2Fwp%2Fv2%2Fcomments&post=125780"}],"wp:featuredmedia":[{"embeddable":true,"href":"https:\/\/www.hediyepazar.com\/index.php?rest_route=\/wp\/v2\/media\/125779"}],"wp:attachment":[{"href":"https:\/\/www.hediyepazar.com\/index.php?rest_route=%2Fwp%2Fv2%2Fmedia&parent=125780"}],"wp:term":[{"taxonomy":"product_brand","embeddable":true,"href":"https:\/\/www.hediyepazar.com\/index.php?rest_route=%2Fwp%2Fv2%2Fproduct_brand&post=125780"},{"taxonomy":"product_cat","embeddable":true,"href":"https:\/\/www.hediyepazar.com\/index.php?rest_route=%2Fwp%2Fv2%2Fproduct_cat&post=125780"},{"taxonomy":"product_tag","embeddable":true,"href":"https:\/\/www.hediyepazar.com\/index.php?rest_route=%2Fwp%2Fv2%2Fproduct_tag&post=125780"}],"curies":[{"name":"wp","href":"https:\/\/api.w.org\/{rel}","templated":true}]}}