{"id":125782,"date":"2026-05-06T18:52:05","date_gmt":"2026-05-06T21:52:05","guid":{"rendered":"https:\/\/www.hediyepazar.com\/?product=ay-ve-secde-tasarimli-sicak-beyaz-led-ramazan-isigi"},"modified":"2026-05-06T18:52:05","modified_gmt":"2026-05-06T21:52:05","slug":"ay-ve-secde-tasarimli-sicak-beyaz-led-ramazan-isigi","status":"publish","type":"product","link":"https:\/\/www.hediyepazar.com\/?product=ay-ve-secde-tasarimli-sicak-beyaz-led-ramazan-isigi","title":{"rendered":"Ay ve Secde Tasar\u0131ml\u0131 S\u0131cak Beyaz LED Ramazan I\u015f\u0131\u011f\u0131"},"content":{"rendered":"<p>Ramazan dekorasyonunu manevi bir dokunu\u015fla tamamlamak isteyenler i\u00e7in tasarlanan ay ve secde eden adam fig\u00fcrl\u00fc LED peri \u0131\u015f\u0131\u011f\u0131, zarif detaylar\u0131yla \u00f6ne \u00e7\u0131kar. Ay formu i\u00e7erisindeki insan sil\u00fceti, dua ve teslimiyet temas\u0131n\u0131 simgelerken s\u0131cak \u0131\u015f\u0131kla birle\u015ferek ruhu dinlendiren bir atmosfer olu\u015fturur.S\u0131cak beyaz LED ayd\u0131nlatma, iftar sofralar\u0131nda ve ev dekorasyonunda samimi bir ambiyans sa\u011flar. Salon, \u00e7ocuk odas\u0131, vitrin ve Ramazan k\u00f6\u015felerinde estetik bir tamamlay\u0131c\u0131 olarak kullan\u0131labilir.Pilli kullan\u0131m avantaj\u0131 sayesinde priz ihtiyac\u0131 olmadan her alanda rahatl\u0131kla kullan\u0131l\u0131r. Hafif ve ta\u015f\u0131nabilir yap\u0131s\u0131 ile dekorasyon d\u00fczenine kolayca uyum sa\u011flar.Ramazan ay\u0131 boyunca hem dekoratif hem anlaml\u0131 bir \u0131\u015f\u0131k arayanlar i\u00e7in ideal bir se\u00e7imdir.<\/p>\n","protected":false},"excerpt":{"rendered":"<p>Ramazan dekorasyonunu manevi bir dokunu\u015fla tamamlamak isteyenler i\u00e7in tasarlanan ay ve secde eden adam fig\u00fcrl\u00fc LED peri \u0131\u015f\u0131\u011f\u0131, zarif detaylar\u0131yla \u00f6ne \u00e7\u0131kar. Ay formu i\u00e7erisindeki insan sil\u00fceti, dua ve teslimiyet temas\u0131n\u0131 simgelerken s\u0131cak \u0131\u015f\u0131kla birle\u015ferek ruhu dinlendiren bir atmosfer olu\u015fturur.S\u0131cak beyaz LED ayd\u0131nlatma, iftar sofralar\u0131nda ve ev dekorasyonunda samimi bir ambiyans sa\u011flar. Salon, \u00e7ocuk odas\u0131,&#8230;<\/p>\n","protected":false},"featured_media":125781,"comment_status":"open","ping_status":"closed","template":"","meta":{"_kad_post_transparent":"","_kad_post_title":"","_kad_post_layout":"","_kad_post_sidebar_id":"","_kad_post_content_style":"","_kad_post_vertical_padding":"","_kad_post_feature":"","_kad_post_feature_position":"","_kad_post_header":false,"_kad_post_footer":false,"_kad_post_classname":""},"product_brand":[],"product_cat":[14933],"product_tag":[],"class_list":{"0":"post-125782","1":"product","2":"type-product","3":"status-publish","4":"has-post-thumbnail","6":"product_cat-led-isik-led-isik","8":"first","9":"instock","10":"purchasable","11":"product-type-simple","12":"entry","13":"content-bg","14":"loop-entry"},"_links":{"self":[{"href":"https:\/\/www.hediyepazar.com\/index.php?rest_route=\/wp\/v2\/product\/125782","targetHints":{"allow":["GET"]}}],"collection":[{"href":"https:\/\/www.hediyepazar.com\/index.php?rest_route=\/wp\/v2\/product"}],"about":[{"href":"https:\/\/www.hediyepazar.com\/index.php?rest_route=\/wp\/v2\/types\/product"}],"replies":[{"embeddable":true,"href":"https:\/\/www.hediyepazar.com\/index.php?rest_route=%2Fwp%2Fv2%2Fcomments&post=125782"}],"wp:featuredmedia":[{"embeddable":true,"href":"https:\/\/www.hediyepazar.com\/index.php?rest_route=\/wp\/v2\/media\/125781"}],"wp:attachment":[{"href":"https:\/\/www.hediyepazar.com\/index.php?rest_route=%2Fwp%2Fv2%2Fmedia&parent=125782"}],"wp:term":[{"taxonomy":"product_brand","embeddable":true,"href":"https:\/\/www.hediyepazar.com\/index.php?rest_route=%2Fwp%2Fv2%2Fproduct_brand&post=125782"},{"taxonomy":"product_cat","embeddable":true,"href":"https:\/\/www.hediyepazar.com\/index.php?rest_route=%2Fwp%2Fv2%2Fproduct_cat&post=125782"},{"taxonomy":"product_tag","embeddable":true,"href":"https:\/\/www.hediyepazar.com\/index.php?rest_route=%2Fwp%2Fv2%2Fproduct_tag&post=125782"}],"curies":[{"name":"wp","href":"https:\/\/api.w.org\/{rel}","templated":true}]}}