{"id":125784,"date":"2026-05-06T18:52:11","date_gmt":"2026-05-06T21:52:11","guid":{"rendered":"https:\/\/www.hediyepazar.com\/?product=ramazan-temali-ay-icinde-secde-eden-adam-led-peri-isigi"},"modified":"2026-05-06T18:52:11","modified_gmt":"2026-05-06T21:52:11","slug":"ramazan-temali-ay-icinde-secde-eden-adam-led-peri-isigi","status":"publish","type":"product","link":"https:\/\/www.hediyepazar.com\/?product=ramazan-temali-ay-icinde-secde-eden-adam-led-peri-isigi","title":{"rendered":"Ramazan Temal\u0131 Ay \u0130\u00e7inde Secde Eden Adam LED Peri I\u015f\u0131\u011f\u0131"},"content":{"rendered":"<p>Ay i\u00e7inde secde eden adam fig\u00fcr\u00fcyle tasarlanan Ramazan LED peri \u0131\u015f\u0131\u011f\u0131, sade ama etkileyici tasar\u0131m\u0131yla dikkat \u00e7eker. \u0130nce metal ay formu, \u0131\u015f\u0131k yand\u0131\u011f\u0131nda etrafa estetik g\u00f6lgeler yayarak ortam\u0131n ruhunu de\u011fi\u015ftirir. Manevi temas\u0131 sayesinde Ramazan ay\u0131n\u0131n anlam\u0131n\u0131 dekorasyona yans\u0131t\u0131r.S\u0131cak beyaz LED \u0131\u015f\u0131k rengi, huzurlu ve romantik bir ortam olu\u015fturur. \u0130ftar masalar\u0131nda, Ramazan k\u00f6\u015felerinde, \u00e7ocuk odalar\u0131nda ve pencere \u00f6nlerinde rahatl\u0131kla kullan\u0131labilir. I\u015f\u0131k yo\u011funlu\u011fu dengeli olup uzun s\u00fcreli kullan\u0131mlarda rahats\u0131zl\u0131k vermez.Pilli LED sistemi sayesinde ta\u015f\u0131nabilir ve pratiktir. Priz gerektirmeden kullan\u0131ld\u0131\u011f\u0131 i\u00e7in evin her alan\u0131nda \u00f6zg\u00fcrce konumland\u0131r\u0131labilir. A\u00e7\u0131k ve kapal\u0131 alanlarda dekoratif ama\u00e7l\u0131 kullan\u0131ma uygundur.Anlaml\u0131 tasar\u0131m\u0131 sayesinde Ramazan ay\u0131na \u00f6zel hediyelik olarak da tercih edilebilir. Sevdiklerinize huzur ve estetik sunan \u015f\u0131k bir dekorasyon \u00fcr\u00fcn\u00fcd\u00fcr.<\/p>\n","protected":false},"excerpt":{"rendered":"<p>Ay i\u00e7inde secde eden adam fig\u00fcr\u00fcyle tasarlanan Ramazan LED peri \u0131\u015f\u0131\u011f\u0131, sade ama etkileyici tasar\u0131m\u0131yla dikkat \u00e7eker. \u0130nce metal ay formu, \u0131\u015f\u0131k yand\u0131\u011f\u0131nda etrafa estetik g\u00f6lgeler yayarak ortam\u0131n ruhunu de\u011fi\u015ftirir. Manevi temas\u0131 sayesinde Ramazan ay\u0131n\u0131n anlam\u0131n\u0131 dekorasyona yans\u0131t\u0131r.S\u0131cak beyaz LED \u0131\u015f\u0131k rengi, huzurlu ve romantik bir ortam olu\u015fturur. \u0130ftar masalar\u0131nda, Ramazan k\u00f6\u015felerinde, \u00e7ocuk odalar\u0131nda ve&#8230;<\/p>\n","protected":false},"featured_media":125783,"comment_status":"open","ping_status":"closed","template":"","meta":{"_kad_post_transparent":"","_kad_post_title":"","_kad_post_layout":"","_kad_post_sidebar_id":"","_kad_post_content_style":"","_kad_post_vertical_padding":"","_kad_post_feature":"","_kad_post_feature_position":"","_kad_post_header":false,"_kad_post_footer":false,"_kad_post_classname":""},"product_brand":[],"product_cat":[14933],"product_tag":[],"class_list":{"0":"post-125784","1":"product","2":"type-product","3":"status-publish","4":"has-post-thumbnail","6":"product_cat-led-isik-led-isik","8":"first","9":"instock","10":"purchasable","11":"product-type-simple","12":"entry","13":"content-bg","14":"loop-entry"},"_links":{"self":[{"href":"https:\/\/www.hediyepazar.com\/index.php?rest_route=\/wp\/v2\/product\/125784","targetHints":{"allow":["GET"]}}],"collection":[{"href":"https:\/\/www.hediyepazar.com\/index.php?rest_route=\/wp\/v2\/product"}],"about":[{"href":"https:\/\/www.hediyepazar.com\/index.php?rest_route=\/wp\/v2\/types\/product"}],"replies":[{"embeddable":true,"href":"https:\/\/www.hediyepazar.com\/index.php?rest_route=%2Fwp%2Fv2%2Fcomments&post=125784"}],"wp:featuredmedia":[{"embeddable":true,"href":"https:\/\/www.hediyepazar.com\/index.php?rest_route=\/wp\/v2\/media\/125783"}],"wp:attachment":[{"href":"https:\/\/www.hediyepazar.com\/index.php?rest_route=%2Fwp%2Fv2%2Fmedia&parent=125784"}],"wp:term":[{"taxonomy":"product_brand","embeddable":true,"href":"https:\/\/www.hediyepazar.com\/index.php?rest_route=%2Fwp%2Fv2%2Fproduct_brand&post=125784"},{"taxonomy":"product_cat","embeddable":true,"href":"https:\/\/www.hediyepazar.com\/index.php?rest_route=%2Fwp%2Fv2%2Fproduct_cat&post=125784"},{"taxonomy":"product_tag","embeddable":true,"href":"https:\/\/www.hediyepazar.com\/index.php?rest_route=%2Fwp%2Fv2%2Fproduct_tag&post=125784"}],"curies":[{"name":"wp","href":"https:\/\/api.w.org\/{rel}","templated":true}]}}