{"id":125976,"date":"2026-05-06T19:22:23","date_gmt":"2026-05-06T22:22:23","guid":{"rendered":"https:\/\/www.hediyepazar.com\/?product=aku-takviye-lastik-sisirme-ve-powerbank-ozellikli-cok-fonksiyonlu-cihaz"},"modified":"2026-05-06T19:22:23","modified_gmt":"2026-05-06T22:22:23","slug":"aku-takviye-lastik-sisirme-ve-powerbank-ozellikli-cok-fonksiyonlu-cihaz","status":"publish","type":"product","link":"https:\/\/www.hediyepazar.com\/?product=aku-takviye-lastik-sisirme-ve-powerbank-ozellikli-cok-fonksiyonlu-cihaz","title":{"rendered":"Ak\u00fc Takviye Lastik \u015ei\u015firme ve Powerbank \u00d6zellikli \u00c7ok Fonksiyonlu Cihaz"},"content":{"rendered":"<p>Ak\u00fc takviye, lastik \u015fi\u015firme ve powerbank \u00f6zelliklerini bir arada sunan bu \u00e7ok fonksiyonlu cihaz, ara\u00e7 kullan\u0131c\u0131lar\u0131 i\u00e7in pratik ve g\u00fcvenilir bir \u00e7\u00f6z\u00fcmd\u00fcr. 16000 mAh kapasiteli bataryas\u0131 sayesinde 12V ara\u00e7lar\u0131n \u00e7al\u0131\u015ft\u0131r\u0131lmas\u0131na yard\u0131mc\u0131 olur. Yolculuk s\u0131ras\u0131nda ya\u015fanabilecek ak\u00fc problemlerine kar\u015f\u0131 h\u0131zl\u0131 m\u00fcdahale imk\u00e2n\u0131 sunar. Kompakt yap\u0131s\u0131 sayesinde ara\u00e7 i\u00e7erisinde kolayca ta\u015f\u0131nabilir ve saklanabilir.<\/p>\n","protected":false},"excerpt":{"rendered":"<p>Ak\u00fc takviye, lastik \u015fi\u015firme ve powerbank \u00f6zelliklerini bir arada sunan bu \u00e7ok fonksiyonlu cihaz, ara\u00e7 kullan\u0131c\u0131lar\u0131 i\u00e7in pratik ve g\u00fcvenilir bir \u00e7\u00f6z\u00fcmd\u00fcr. 16000 mAh kapasiteli bataryas\u0131 sayesinde 12V ara\u00e7lar\u0131n \u00e7al\u0131\u015ft\u0131r\u0131lmas\u0131na yard\u0131mc\u0131 olur. Yolculuk s\u0131ras\u0131nda ya\u015fanabilecek ak\u00fc problemlerine kar\u015f\u0131 h\u0131zl\u0131 m\u00fcdahale imk\u00e2n\u0131 sunar. Kompakt yap\u0131s\u0131 sayesinde ara\u00e7 i\u00e7erisinde kolayca ta\u015f\u0131nabilir ve saklanabilir.<\/p>\n","protected":false},"featured_media":0,"comment_status":"open","ping_status":"closed","template":"","meta":{"_kad_post_transparent":"","_kad_post_title":"","_kad_post_layout":"","_kad_post_sidebar_id":"","_kad_post_content_style":"","_kad_post_vertical_padding":"","_kad_post_feature":"","_kad_post_feature_position":"","_kad_post_header":false,"_kad_post_footer":false,"_kad_post_classname":""},"product_brand":[],"product_cat":[15053],"product_tag":[],"class_list":{"0":"post-125976","1":"product","2":"type-product","3":"status-publish","5":"product_cat-oto-bakim-seti-oto-bakim-seti-2","7":"first","8":"instock","9":"purchasable","10":"product-type-simple","11":"entry","12":"content-bg","13":"loop-entry"},"_links":{"self":[{"href":"https:\/\/www.hediyepazar.com\/index.php?rest_route=\/wp\/v2\/product\/125976","targetHints":{"allow":["GET"]}}],"collection":[{"href":"https:\/\/www.hediyepazar.com\/index.php?rest_route=\/wp\/v2\/product"}],"about":[{"href":"https:\/\/www.hediyepazar.com\/index.php?rest_route=\/wp\/v2\/types\/product"}],"replies":[{"embeddable":true,"href":"https:\/\/www.hediyepazar.com\/index.php?rest_route=%2Fwp%2Fv2%2Fcomments&post=125976"}],"wp:attachment":[{"href":"https:\/\/www.hediyepazar.com\/index.php?rest_route=%2Fwp%2Fv2%2Fmedia&parent=125976"}],"wp:term":[{"taxonomy":"product_brand","embeddable":true,"href":"https:\/\/www.hediyepazar.com\/index.php?rest_route=%2Fwp%2Fv2%2Fproduct_brand&post=125976"},{"taxonomy":"product_cat","embeddable":true,"href":"https:\/\/www.hediyepazar.com\/index.php?rest_route=%2Fwp%2Fv2%2Fproduct_cat&post=125976"},{"taxonomy":"product_tag","embeddable":true,"href":"https:\/\/www.hediyepazar.com\/index.php?rest_route=%2Fwp%2Fv2%2Fproduct_tag&post=125976"}],"curies":[{"name":"wp","href":"https:\/\/api.w.org\/{rel}","templated":true}]}}