{"id":126258,"date":"2026-05-06T19:56:05","date_gmt":"2026-05-06T22:56:05","guid":{"rendered":"https:\/\/www.hediyepazar.com\/?product=suya-dayanikli-akilli-saat-gunluk-ve-sportif-kullanima-uygun"},"modified":"2026-05-06T19:56:05","modified_gmt":"2026-05-06T22:56:05","slug":"suya-dayanikli-akilli-saat-gunluk-ve-sportif-kullanima-uygun","status":"publish","type":"product","link":"https:\/\/www.hediyepazar.com\/?product=suya-dayanikli-akilli-saat-gunluk-ve-sportif-kullanima-uygun","title":{"rendered":"Suya Dayan\u0131kl\u0131 Ak\u0131ll\u0131 Saat G\u00fcnl\u00fck ve Sportif Kullan\u0131ma Uygun"},"content":{"rendered":"<p>Geli\u015fmi\u015f teknoloji ile donat\u0131lm\u0131\u015f bu ak\u0131ll\u0131 saat, kullan\u0131c\u0131ya hem pratiklik hem de konfor sunar. Dayan\u0131kl\u0131 g\u00f6vde yap\u0131s\u0131, g\u00fcnl\u00fck kullan\u0131mdan kaynaklanan darbelere kar\u015f\u0131 diren\u00e7lidir. Modern tasar\u0131m\u0131 sayesinde her tarza uyum sa\u011flar ve estetik bir g\u00f6r\u00fcn\u00fcm sunar.Net ve canl\u0131 g\u00f6r\u00fcnt\u00fc sa\u011flayan AMOLED ekran, saat kullan\u0131m\u0131n\u0131 daha rahat hale getirir. Bildirimler ve uygulamalar kolayca takip edilir. Y\u00fcksek haf\u0131za alan\u0131, ki\u015fisel i\u00e7eriklerinizi rahat\u00e7a saklaman\u0131za olanak tan\u0131r.Ak\u0131ll\u0131 teknoloji deste\u011fi, g\u00fcnl\u00fck hayat\u0131 daha d\u00fczenli hale getirir. Hat\u0131rlatmalar, planlamalar ve temel kullan\u0131m kolayl\u0131klar\u0131 sunar. Uzun \u00f6m\u00fcrl\u00fc pil yap\u0131s\u0131, kesintisiz kullan\u0131m imk\u00e2n\u0131 tan\u0131r.Sa\u011fl\u0131k ve aktivite takibi \u00f6zellikleri ile hareketlerinizi izleyebilir, uyku d\u00fczeninizi takip edebilirsiniz. Kalp ritmi takibi ile sa\u011fl\u0131k fark\u0131ndal\u0131\u011f\u0131 sa\u011flar. Sesli g\u00f6r\u00fc\u015fme \u00f6zelli\u011fi, telefon kullanmadan ileti\u015fim kurman\u0131za olanak tan\u0131r.<\/p>\n","protected":false},"excerpt":{"rendered":"<p>Geli\u015fmi\u015f teknoloji ile donat\u0131lm\u0131\u015f bu ak\u0131ll\u0131 saat, kullan\u0131c\u0131ya hem pratiklik hem de konfor sunar. Dayan\u0131kl\u0131 g\u00f6vde yap\u0131s\u0131, g\u00fcnl\u00fck kullan\u0131mdan kaynaklanan darbelere kar\u015f\u0131 diren\u00e7lidir. Modern tasar\u0131m\u0131 sayesinde her tarza uyum sa\u011flar ve estetik bir g\u00f6r\u00fcn\u00fcm sunar.Net ve canl\u0131 g\u00f6r\u00fcnt\u00fc sa\u011flayan AMOLED ekran, saat kullan\u0131m\u0131n\u0131 daha rahat hale getirir. Bildirimler ve uygulamalar kolayca takip edilir. Y\u00fcksek haf\u0131za&#8230;<\/p>\n","protected":false},"featured_media":126257,"comment_status":"open","ping_status":"closed","template":"","meta":{"_kad_post_transparent":"","_kad_post_title":"","_kad_post_layout":"","_kad_post_sidebar_id":"","_kad_post_content_style":"","_kad_post_vertical_padding":"","_kad_post_feature":"","_kad_post_feature_position":"","_kad_post_header":false,"_kad_post_footer":false,"_kad_post_classname":""},"product_brand":[],"product_cat":[14935],"product_tag":[],"class_list":{"0":"post-126258","1":"product","2":"type-product","3":"status-publish","4":"has-post-thumbnail","6":"product_cat-akilli-saatler-akilli-saatler","8":"first","9":"instock","10":"purchasable","11":"product-type-simple","12":"entry","13":"content-bg","14":"loop-entry"},"_links":{"self":[{"href":"https:\/\/www.hediyepazar.com\/index.php?rest_route=\/wp\/v2\/product\/126258","targetHints":{"allow":["GET"]}}],"collection":[{"href":"https:\/\/www.hediyepazar.com\/index.php?rest_route=\/wp\/v2\/product"}],"about":[{"href":"https:\/\/www.hediyepazar.com\/index.php?rest_route=\/wp\/v2\/types\/product"}],"replies":[{"embeddable":true,"href":"https:\/\/www.hediyepazar.com\/index.php?rest_route=%2Fwp%2Fv2%2Fcomments&post=126258"}],"wp:featuredmedia":[{"embeddable":true,"href":"https:\/\/www.hediyepazar.com\/index.php?rest_route=\/wp\/v2\/media\/126257"}],"wp:attachment":[{"href":"https:\/\/www.hediyepazar.com\/index.php?rest_route=%2Fwp%2Fv2%2Fmedia&parent=126258"}],"wp:term":[{"taxonomy":"product_brand","embeddable":true,"href":"https:\/\/www.hediyepazar.com\/index.php?rest_route=%2Fwp%2Fv2%2Fproduct_brand&post=126258"},{"taxonomy":"product_cat","embeddable":true,"href":"https:\/\/www.hediyepazar.com\/index.php?rest_route=%2Fwp%2Fv2%2Fproduct_cat&post=126258"},{"taxonomy":"product_tag","embeddable":true,"href":"https:\/\/www.hediyepazar.com\/index.php?rest_route=%2Fwp%2Fv2%2Fproduct_tag&post=126258"}],"curies":[{"name":"wp","href":"https:\/\/api.w.org\/{rel}","templated":true}]}}