{"id":126356,"date":"2026-05-06T20:12:15","date_gmt":"2026-05-06T23:12:15","guid":{"rendered":"https:\/\/www.hediyepazar.com\/?product=sessiz-tiklamali-seffaf-mouse-bluetooth-ve-usb-uyumlu"},"modified":"2026-05-06T20:12:15","modified_gmt":"2026-05-06T23:12:15","slug":"sessiz-tiklamali-seffaf-mouse-bluetooth-ve-usb-uyumlu","status":"publish","type":"product","link":"https:\/\/www.hediyepazar.com\/?product=sessiz-tiklamali-seffaf-mouse-bluetooth-ve-usb-uyumlu","title":{"rendered":"Sessiz T\u0131klamal\u0131 \u015eeffaf Mouse Bluetooth ve USB Uyumlu"},"content":{"rendered":"<p>Bluetooth ve USB destekli kablosuz mouse, sessiz \u00e7al\u0131\u015fma deneyimi sunmak \u00fczere tasarlanm\u0131\u015ft\u0131r. Sessiz t\u0131klama mekanizmas\u0131, \u00f6zellikle ortak alanlarda \u00e7al\u0131\u015fan kullan\u0131c\u0131lar i\u00e7in b\u00fcy\u00fck avantaj sa\u011flar. \u015eeffaf tasar\u0131m\u0131, \u00fcr\u00fcn\u00fc g\u00f6rsel olarak da \u00f6ne \u00e7\u0131kar\u0131r.Bluetooth ba\u011flant\u0131s\u0131 sayesinde kablosuz ve d\u00fczenli bir \u00e7al\u0131\u015fma alan\u0131 olu\u015fturur. Ergonomik yap\u0131s\u0131, elin do\u011fal hareketlerini destekleyerek uzun s\u00fcreli kullan\u0131mlarda konfor sa\u011flar. Bilgisayar ve tabletlerle uyumlu yap\u0131s\u0131, farkl\u0131 cihazlar aras\u0131nda pratik ge\u00e7i\u015f imk\u00e2n\u0131 sunar.Hafif ve kompakt tasar\u0131m\u0131 sayesinde kolay ta\u015f\u0131n\u0131r. G\u00fcnl\u00fck i\u015fler, ofis \u00e7al\u0131\u015fmalar\u0131 ve ev kullan\u0131m\u0131 i\u00e7in ideal bir mouse \u00e7\u00f6z\u00fcm\u00fcd\u00fcr.<\/p>\n","protected":false},"excerpt":{"rendered":"<p>Bluetooth ve USB destekli kablosuz mouse, sessiz \u00e7al\u0131\u015fma deneyimi sunmak \u00fczere tasarlanm\u0131\u015ft\u0131r. Sessiz t\u0131klama mekanizmas\u0131, \u00f6zellikle ortak alanlarda \u00e7al\u0131\u015fan kullan\u0131c\u0131lar i\u00e7in b\u00fcy\u00fck avantaj sa\u011flar. \u015eeffaf tasar\u0131m\u0131, \u00fcr\u00fcn\u00fc g\u00f6rsel olarak da \u00f6ne \u00e7\u0131kar\u0131r.Bluetooth ba\u011flant\u0131s\u0131 sayesinde kablosuz ve d\u00fczenli bir \u00e7al\u0131\u015fma alan\u0131 olu\u015fturur. Ergonomik yap\u0131s\u0131, elin do\u011fal hareketlerini destekleyerek uzun s\u00fcreli kullan\u0131mlarda konfor sa\u011flar. Bilgisayar ve tabletlerle&#8230;<\/p>\n","protected":false},"featured_media":126355,"comment_status":"open","ping_status":"closed","template":"","meta":{"_kad_post_transparent":"","_kad_post_title":"","_kad_post_layout":"","_kad_post_sidebar_id":"","_kad_post_content_style":"","_kad_post_vertical_padding":"","_kad_post_feature":"","_kad_post_feature_position":"","_kad_post_header":false,"_kad_post_footer":false,"_kad_post_classname":""},"product_brand":[],"product_cat":[14973],"product_tag":[],"class_list":{"0":"post-126356","1":"product","2":"type-product","3":"status-publish","4":"has-post-thumbnail","6":"product_cat-mouse-mouse","8":"first","9":"instock","10":"purchasable","11":"product-type-simple","12":"entry","13":"content-bg","14":"loop-entry"},"_links":{"self":[{"href":"https:\/\/www.hediyepazar.com\/index.php?rest_route=\/wp\/v2\/product\/126356","targetHints":{"allow":["GET"]}}],"collection":[{"href":"https:\/\/www.hediyepazar.com\/index.php?rest_route=\/wp\/v2\/product"}],"about":[{"href":"https:\/\/www.hediyepazar.com\/index.php?rest_route=\/wp\/v2\/types\/product"}],"replies":[{"embeddable":true,"href":"https:\/\/www.hediyepazar.com\/index.php?rest_route=%2Fwp%2Fv2%2Fcomments&post=126356"}],"wp:featuredmedia":[{"embeddable":true,"href":"https:\/\/www.hediyepazar.com\/index.php?rest_route=\/wp\/v2\/media\/126355"}],"wp:attachment":[{"href":"https:\/\/www.hediyepazar.com\/index.php?rest_route=%2Fwp%2Fv2%2Fmedia&parent=126356"}],"wp:term":[{"taxonomy":"product_brand","embeddable":true,"href":"https:\/\/www.hediyepazar.com\/index.php?rest_route=%2Fwp%2Fv2%2Fproduct_brand&post=126356"},{"taxonomy":"product_cat","embeddable":true,"href":"https:\/\/www.hediyepazar.com\/index.php?rest_route=%2Fwp%2Fv2%2Fproduct_cat&post=126356"},{"taxonomy":"product_tag","embeddable":true,"href":"https:\/\/www.hediyepazar.com\/index.php?rest_route=%2Fwp%2Fv2%2Fproduct_tag&post=126356"}],"curies":[{"name":"wp","href":"https:\/\/api.w.org\/{rel}","templated":true}]}}