{"id":126372,"date":"2026-05-06T20:14:38","date_gmt":"2026-05-06T23:14:38","guid":{"rendered":"https:\/\/www.hediyepazar.com\/?product=isitmali-bel-ve-bacak-masaj-kemeri-vucut-destekli"},"modified":"2026-05-06T20:14:38","modified_gmt":"2026-05-06T23:14:38","slug":"isitmali-bel-ve-bacak-masaj-kemeri-vucut-destekli","status":"publish","type":"product","link":"https:\/\/www.hediyepazar.com\/?product=isitmali-bel-ve-bacak-masaj-kemeri-vucut-destekli","title":{"rendered":"Is\u0131tmal\u0131 Bel ve Bacak Masaj Kemeri V\u00fccut Destekli"},"content":{"rendered":"<p>Is\u0131tmal\u0131 bel ve bacak masaj cihaz\u0131, g\u00fcn i\u00e7inde olu\u015fan kas yorgunlu\u011funu azaltmaya yard\u0131mc\u0131 olmak i\u00e7in tasarlanm\u0131\u015ft\u0131r. Bel, s\u0131rt, kar\u0131n ve bacak b\u00f6lgelerine uyumlu yap\u0131s\u0131 sayesinde \u00e7ok y\u00f6nl\u00fc bir kullan\u0131m sunar. Is\u0131tma fonksiyonu, masaj s\u0131ras\u0131nda kaslar\u0131n gev\u015femesine destek olurken daha rahatlat\u0131c\u0131 bir deneyim sa\u011flar.Masaj ve bel deste\u011fi bir arada sunularak v\u00fccut konforu art\u0131r\u0131l\u0131r. \u00d6zellikle uzun s\u00fcre oturarak \u00e7al\u0131\u015fanlar, masa ba\u015f\u0131nda zaman ge\u00e7irenler ve g\u00fcn i\u00e7inde bel b\u00f6lgesinde gerginlik hissedenler i\u00e7in pratik bir \u00e7\u00f6z\u00fcmd\u00fcr. Ergonomik tasar\u0131m\u0131 sayesinde v\u00fccudu sarar ve kullan\u0131m s\u0131ras\u0131nda sabit durur.Hafif ve ta\u015f\u0131nabilir yap\u0131s\u0131 sayesinde evde, ofiste veya seyahat s\u0131ras\u0131nda rahatl\u0131kla kullan\u0131labilir. G\u00fcnl\u00fck ya\u015fam temposunda kendinize ay\u0131raca\u011f\u0131n\u0131z k\u0131sa molalar\u0131 daha konforlu hale getirir.<\/p>\n","protected":false},"excerpt":{"rendered":"<p>Is\u0131tmal\u0131 bel ve bacak masaj cihaz\u0131, g\u00fcn i\u00e7inde olu\u015fan kas yorgunlu\u011funu azaltmaya yard\u0131mc\u0131 olmak i\u00e7in tasarlanm\u0131\u015ft\u0131r. Bel, s\u0131rt, kar\u0131n ve bacak b\u00f6lgelerine uyumlu yap\u0131s\u0131 sayesinde \u00e7ok y\u00f6nl\u00fc bir kullan\u0131m sunar. Is\u0131tma fonksiyonu, masaj s\u0131ras\u0131nda kaslar\u0131n gev\u015femesine destek olurken daha rahatlat\u0131c\u0131 bir deneyim sa\u011flar.Masaj ve bel deste\u011fi bir arada sunularak v\u00fccut konforu art\u0131r\u0131l\u0131r. \u00d6zellikle uzun s\u00fcre&#8230;<\/p>\n","protected":false},"featured_media":126371,"comment_status":"open","ping_status":"closed","template":"","meta":{"_kad_post_transparent":"","_kad_post_title":"","_kad_post_layout":"","_kad_post_sidebar_id":"","_kad_post_content_style":"","_kad_post_vertical_padding":"","_kad_post_feature":"","_kad_post_feature_position":"","_kad_post_header":false,"_kad_post_footer":false,"_kad_post_classname":""},"product_brand":[],"product_cat":[14939],"product_tag":[],"class_list":{"0":"post-126372","1":"product","2":"type-product","3":"status-publish","4":"has-post-thumbnail","6":"product_cat-masaj-cihazi-masaj-cihazi","8":"first","9":"instock","10":"purchasable","11":"product-type-simple","12":"entry","13":"content-bg","14":"loop-entry"},"_links":{"self":[{"href":"https:\/\/www.hediyepazar.com\/index.php?rest_route=\/wp\/v2\/product\/126372","targetHints":{"allow":["GET"]}}],"collection":[{"href":"https:\/\/www.hediyepazar.com\/index.php?rest_route=\/wp\/v2\/product"}],"about":[{"href":"https:\/\/www.hediyepazar.com\/index.php?rest_route=\/wp\/v2\/types\/product"}],"replies":[{"embeddable":true,"href":"https:\/\/www.hediyepazar.com\/index.php?rest_route=%2Fwp%2Fv2%2Fcomments&post=126372"}],"wp:featuredmedia":[{"embeddable":true,"href":"https:\/\/www.hediyepazar.com\/index.php?rest_route=\/wp\/v2\/media\/126371"}],"wp:attachment":[{"href":"https:\/\/www.hediyepazar.com\/index.php?rest_route=%2Fwp%2Fv2%2Fmedia&parent=126372"}],"wp:term":[{"taxonomy":"product_brand","embeddable":true,"href":"https:\/\/www.hediyepazar.com\/index.php?rest_route=%2Fwp%2Fv2%2Fproduct_brand&post=126372"},{"taxonomy":"product_cat","embeddable":true,"href":"https:\/\/www.hediyepazar.com\/index.php?rest_route=%2Fwp%2Fv2%2Fproduct_cat&post=126372"},{"taxonomy":"product_tag","embeddable":true,"href":"https:\/\/www.hediyepazar.com\/index.php?rest_route=%2Fwp%2Fv2%2Fproduct_tag&post=126372"}],"curies":[{"name":"wp","href":"https:\/\/api.w.org\/{rel}","templated":true}]}}