{"id":126378,"date":"2026-05-06T20:15:57","date_gmt":"2026-05-06T23:15:57","guid":{"rendered":"https:\/\/www.hediyepazar.com\/?product=medikal-destekli-akilli-sirt-durus-duzeltici-isitmali-masaj-kemeri"},"modified":"2026-05-06T20:15:57","modified_gmt":"2026-05-06T23:15:57","slug":"medikal-destekli-akilli-sirt-durus-duzeltici-isitmali-masaj-kemeri","status":"publish","type":"product","link":"https:\/\/www.hediyepazar.com\/?product=medikal-destekli-akilli-sirt-durus-duzeltici-isitmali-masaj-kemeri","title":{"rendered":"Medikal Destekli Ak\u0131ll\u0131 S\u0131rt Duru\u015f D\u00fczeltici Is\u0131tmal\u0131 Masaj Kemeri"},"content":{"rendered":"<p>Medikal destekli ak\u0131ll\u0131 s\u0131rt duru\u015f d\u00fczeltici masaj kemeri, omurgan\u0131n do\u011fal e\u011fimini desteklemek \u00fczere ortopedik prensiplere g\u00f6re tasarlanm\u0131\u015ft\u0131r. Omurgay\u0131 15 ila 25 derece aral\u0131\u011f\u0131nda do\u011fal pozisyonuna y\u00f6nlendiren yap\u0131s\u0131 sayesinde uzun s\u00fcre masa ba\u015f\u0131nda \u00e7al\u0131\u015fanlar, ara\u00e7 kullananlar ve g\u00fcn i\u00e7inde post\u00fcr bozuklu\u011fu ya\u015fayanlar i\u00e7in etkili bir destek sunar. Ak\u0131ll\u0131 sens\u00f6r sistemi, yuvarlak s\u0131rt duru\u015funu otomatik olarak alg\u0131lar ve titre\u015fimli uyar\u0131 ile duru\u015funuzu d\u00fczeltmeniz i\u00e7in hat\u0131rlatma yapar.Masaj, \u0131s\u0131 ve titre\u015fim fonksiyonlar\u0131n\u0131 bir araya getiren \u00e7ok y\u00f6nl\u00fc yap\u0131s\u0131 sayesinde sadece duru\u015f deste\u011fi de\u011fil ayn\u0131 zamanda rahatlat\u0131c\u0131 bir terapi deneyimi sunar. 3 farkl\u0131 masaj seviyesi ve 3 kademeli \u0131s\u0131 ayar\u0131 ile ki\u015fisel konfora g\u00f6re kullan\u0131m imk\u00e2n\u0131 sa\u011flar. Is\u0131 terapisi kaslar\u0131n gev\u015femesine yard\u0131mc\u0131 olurken titre\u015fimli masaj gerginli\u011fi azaltmay\u0131 destekler.X \u015feklindeki ergonomik ta\u015f\u0131y\u0131c\u0131 yap\u0131, bask\u0131y\u0131 omuzlar ve bel b\u00f6lgesine dengeli \u015fekilde da\u011f\u0131t\u0131r. Hafif ve nefes alabilen kuma\u015f\u0131 sayesinde uzun s\u00fcreli kullan\u0131mda bile konfor sa\u011flar. G\u00fcnl\u00fck ya\u015famda duru\u015f bilincini art\u0131rmak ve s\u0131rt sa\u011fl\u0131\u011f\u0131n\u0131 desteklemek isteyenler i\u00e7in ideal bir \u00e7\u00f6z\u00fcmd\u00fcr.<\/p>\n","protected":false},"excerpt":{"rendered":"<p>Medikal destekli ak\u0131ll\u0131 s\u0131rt duru\u015f d\u00fczeltici masaj kemeri, omurgan\u0131n do\u011fal e\u011fimini desteklemek \u00fczere ortopedik prensiplere g\u00f6re tasarlanm\u0131\u015ft\u0131r. Omurgay\u0131 15 ila 25 derece aral\u0131\u011f\u0131nda do\u011fal pozisyonuna y\u00f6nlendiren yap\u0131s\u0131 sayesinde uzun s\u00fcre masa ba\u015f\u0131nda \u00e7al\u0131\u015fanlar, ara\u00e7 kullananlar ve g\u00fcn i\u00e7inde post\u00fcr bozuklu\u011fu ya\u015fayanlar i\u00e7in etkili bir destek sunar. Ak\u0131ll\u0131 sens\u00f6r sistemi, yuvarlak s\u0131rt duru\u015funu otomatik olarak alg\u0131lar&#8230;<\/p>\n","protected":false},"featured_media":126377,"comment_status":"open","ping_status":"closed","template":"","meta":{"_kad_post_transparent":"","_kad_post_title":"","_kad_post_layout":"","_kad_post_sidebar_id":"","_kad_post_content_style":"","_kad_post_vertical_padding":"","_kad_post_feature":"","_kad_post_feature_position":"","_kad_post_header":false,"_kad_post_footer":false,"_kad_post_classname":""},"product_brand":[],"product_cat":[14939],"product_tag":[],"class_list":{"0":"post-126378","1":"product","2":"type-product","3":"status-publish","4":"has-post-thumbnail","6":"product_cat-masaj-cihazi-masaj-cihazi","8":"first","9":"instock","10":"purchasable","11":"product-type-simple","12":"entry","13":"content-bg","14":"loop-entry"},"_links":{"self":[{"href":"https:\/\/www.hediyepazar.com\/index.php?rest_route=\/wp\/v2\/product\/126378","targetHints":{"allow":["GET"]}}],"collection":[{"href":"https:\/\/www.hediyepazar.com\/index.php?rest_route=\/wp\/v2\/product"}],"about":[{"href":"https:\/\/www.hediyepazar.com\/index.php?rest_route=\/wp\/v2\/types\/product"}],"replies":[{"embeddable":true,"href":"https:\/\/www.hediyepazar.com\/index.php?rest_route=%2Fwp%2Fv2%2Fcomments&post=126378"}],"wp:featuredmedia":[{"embeddable":true,"href":"https:\/\/www.hediyepazar.com\/index.php?rest_route=\/wp\/v2\/media\/126377"}],"wp:attachment":[{"href":"https:\/\/www.hediyepazar.com\/index.php?rest_route=%2Fwp%2Fv2%2Fmedia&parent=126378"}],"wp:term":[{"taxonomy":"product_brand","embeddable":true,"href":"https:\/\/www.hediyepazar.com\/index.php?rest_route=%2Fwp%2Fv2%2Fproduct_brand&post=126378"},{"taxonomy":"product_cat","embeddable":true,"href":"https:\/\/www.hediyepazar.com\/index.php?rest_route=%2Fwp%2Fv2%2Fproduct_cat&post=126378"},{"taxonomy":"product_tag","embeddable":true,"href":"https:\/\/www.hediyepazar.com\/index.php?rest_route=%2Fwp%2Fv2%2Fproduct_tag&post=126378"}],"curies":[{"name":"wp","href":"https:\/\/api.w.org\/{rel}","templated":true}]}}