{"id":126402,"date":"2026-05-06T20:17:18","date_gmt":"2026-05-06T23:17:18","guid":{"rendered":"https:\/\/www.hediyepazar.com\/?product=sirt-bel-boyun-masaj-minderi-isitmali-titresimli-sistem"},"modified":"2026-05-06T20:17:18","modified_gmt":"2026-05-06T23:17:18","slug":"sirt-bel-boyun-masaj-minderi-isitmali-titresimli-sistem","status":"publish","type":"product","link":"https:\/\/www.hediyepazar.com\/?product=sirt-bel-boyun-masaj-minderi-isitmali-titresimli-sistem","title":{"rendered":"S\u0131rt Bel Boyun Masaj Minderi Is\u0131tmal\u0131 Titre\u015fimli Sistem"},"content":{"rendered":"<p>Ev konforunda masaj keyfi sunan Titre\u015fimli Is\u0131tmal\u0131 Masaj Minderi, \u00e7ok y\u00f6nl\u00fc kullan\u0131m avantaj\u0131 ile \u00f6ne \u00e7\u0131kar. S\u0131rt, boyun, bel ve bacak b\u00f6lgelerine \u00f6zel titre\u015fimli masaj sunarak v\u00fccudu rahatlat\u0131r. 5 farkl\u0131 masaj modu, masaj deneyimini ki\u015fiselle\u015ftirmenizi sa\u011flar.Is\u0131tma \u00f6zelli\u011fi, masaj\u0131n etkisini art\u0131rarak daha derin bir gev\u015feme sa\u011flar. 3 seviyeli yo\u011funluk ayar\u0131 sayesinde her kullan\u0131c\u0131 kendi konforuna uygun ayar\u0131 kolayca se\u00e7ebilir. Uzaktan kumanda ile t\u00fcm fonksiyonlar zahmetsiz bir \u015fekilde kontrol edilebilir.Katlanabilir tasar\u0131m\u0131 sayesinde az yer kaplar ve kolayca ta\u015f\u0131nabilir. Evde, ofiste ya da dinlenme alanlar\u0131nda kullan\u0131ma uygundur. Pratik, konforlu ve kullan\u0131c\u0131 dostu yap\u0131s\u0131yla g\u00fcnl\u00fck ya\u015fam\u0131n temposunda rahatlat\u0131c\u0131 bir mola sunar.<\/p>\n","protected":false},"excerpt":{"rendered":"<p>Ev konforunda masaj keyfi sunan Titre\u015fimli Is\u0131tmal\u0131 Masaj Minderi, \u00e7ok y\u00f6nl\u00fc kullan\u0131m avantaj\u0131 ile \u00f6ne \u00e7\u0131kar. S\u0131rt, boyun, bel ve bacak b\u00f6lgelerine \u00f6zel titre\u015fimli masaj sunarak v\u00fccudu rahatlat\u0131r. 5 farkl\u0131 masaj modu, masaj deneyimini ki\u015fiselle\u015ftirmenizi sa\u011flar.Is\u0131tma \u00f6zelli\u011fi, masaj\u0131n etkisini art\u0131rarak daha derin bir gev\u015feme sa\u011flar. 3 seviyeli yo\u011funluk ayar\u0131 sayesinde her kullan\u0131c\u0131 kendi konforuna uygun&#8230;<\/p>\n","protected":false},"featured_media":126401,"comment_status":"open","ping_status":"closed","template":"","meta":{"_kad_post_transparent":"","_kad_post_title":"","_kad_post_layout":"","_kad_post_sidebar_id":"","_kad_post_content_style":"","_kad_post_vertical_padding":"","_kad_post_feature":"","_kad_post_feature_position":"","_kad_post_header":false,"_kad_post_footer":false,"_kad_post_classname":""},"product_brand":[],"product_cat":[14939],"product_tag":[],"class_list":{"0":"post-126402","1":"product","2":"type-product","3":"status-publish","4":"has-post-thumbnail","6":"product_cat-masaj-cihazi-masaj-cihazi","8":"first","9":"instock","10":"purchasable","11":"product-type-simple","12":"entry","13":"content-bg","14":"loop-entry"},"_links":{"self":[{"href":"https:\/\/www.hediyepazar.com\/index.php?rest_route=\/wp\/v2\/product\/126402","targetHints":{"allow":["GET"]}}],"collection":[{"href":"https:\/\/www.hediyepazar.com\/index.php?rest_route=\/wp\/v2\/product"}],"about":[{"href":"https:\/\/www.hediyepazar.com\/index.php?rest_route=\/wp\/v2\/types\/product"}],"replies":[{"embeddable":true,"href":"https:\/\/www.hediyepazar.com\/index.php?rest_route=%2Fwp%2Fv2%2Fcomments&post=126402"}],"wp:featuredmedia":[{"embeddable":true,"href":"https:\/\/www.hediyepazar.com\/index.php?rest_route=\/wp\/v2\/media\/126401"}],"wp:attachment":[{"href":"https:\/\/www.hediyepazar.com\/index.php?rest_route=%2Fwp%2Fv2%2Fmedia&parent=126402"}],"wp:term":[{"taxonomy":"product_brand","embeddable":true,"href":"https:\/\/www.hediyepazar.com\/index.php?rest_route=%2Fwp%2Fv2%2Fproduct_brand&post=126402"},{"taxonomy":"product_cat","embeddable":true,"href":"https:\/\/www.hediyepazar.com\/index.php?rest_route=%2Fwp%2Fv2%2Fproduct_cat&post=126402"},{"taxonomy":"product_tag","embeddable":true,"href":"https:\/\/www.hediyepazar.com\/index.php?rest_route=%2Fwp%2Fv2%2Fproduct_tag&post=126402"}],"curies":[{"name":"wp","href":"https:\/\/api.w.org\/{rel}","templated":true}]}}