{"id":126406,"date":"2026-05-06T20:18:02","date_gmt":"2026-05-06T23:18:02","guid":{"rendered":"https:\/\/www.hediyepazar.com\/?product=isitmali-masaj-minderi-5-masaj-modu-ve-3-seviye-yogunluk"},"modified":"2026-05-06T20:18:02","modified_gmt":"2026-05-06T23:18:02","slug":"isitmali-masaj-minderi-5-masaj-modu-ve-3-seviye-yogunluk","status":"publish","type":"product","link":"https:\/\/www.hediyepazar.com\/?product=isitmali-masaj-minderi-5-masaj-modu-ve-3-seviye-yogunluk","title":{"rendered":"Is\u0131tmal\u0131 Masaj Minderi 5 Masaj Modu ve 3 Seviye Yo\u011funluk"},"content":{"rendered":"<p>V\u00fccut rahatlat\u0131c\u0131 masaj deneyimini evinize ta\u015f\u0131yan Titre\u015fimli Is\u0131tmal\u0131 Masaj Minderi, fonksiyonel yap\u0131s\u0131 ile g\u00fcnl\u00fck ya\u015fam\u0131n temposunu dengelemenize yard\u0131mc\u0131 olur. 5 masaj modu, farkl\u0131 ritim ve titre\u015fim kombinasyonlar\u0131 sunarak v\u00fccudun farkl\u0131 b\u00f6lgelerine uyum sa\u011flar. 3 seviye yo\u011funluk ayar\u0131 ise masaj\u0131 hafif ya da daha g\u00fc\u00e7l\u00fc bir \u015fekilde kullanman\u0131za imkan tan\u0131r.Is\u0131tma fonksiyonu sayesinde masaj s\u0131ras\u0131nda kaslar daha h\u0131zl\u0131 gev\u015fer ve rahatlama hissi artar. S\u0131rt, bel ve boyun b\u00f6lgelerinde biriken gerginli\u011fi azaltmaya yard\u0131mc\u0131 olurken, bacak ve kal\u00e7a b\u00f6lgesinde de konforlu bir masaj sa\u011flar. Uzaktan kumandal\u0131 kullan\u0131m, \u00fcr\u00fcn\u00fc son derece pratik hale getirir ve kullan\u0131c\u0131ya zahmetsiz bir deneyim sunar.Katlanabilir tasar\u0131m\u0131 sayesinde kolay ta\u015f\u0131nabilir ve saklanabilir. Koltuk \u00fczerinde oturarak, yatakta uzanarak ya da zeminde dinlenirken rahatl\u0131kla kullan\u0131labilir. Ev tipi masaj yata\u011f\u0131, kendinize ay\u0131raca\u011f\u0131n\u0131z dinlenme anlar\u0131n\u0131 daha keyifli ve verimli hale getirir.<\/p>\n","protected":false},"excerpt":{"rendered":"<p>V\u00fccut rahatlat\u0131c\u0131 masaj deneyimini evinize ta\u015f\u0131yan Titre\u015fimli Is\u0131tmal\u0131 Masaj Minderi, fonksiyonel yap\u0131s\u0131 ile g\u00fcnl\u00fck ya\u015fam\u0131n temposunu dengelemenize yard\u0131mc\u0131 olur. 5 masaj modu, farkl\u0131 ritim ve titre\u015fim kombinasyonlar\u0131 sunarak v\u00fccudun farkl\u0131 b\u00f6lgelerine uyum sa\u011flar. 3 seviye yo\u011funluk ayar\u0131 ise masaj\u0131 hafif ya da daha g\u00fc\u00e7l\u00fc bir \u015fekilde kullanman\u0131za imkan tan\u0131r.Is\u0131tma fonksiyonu sayesinde masaj s\u0131ras\u0131nda kaslar daha&#8230;<\/p>\n","protected":false},"featured_media":126405,"comment_status":"open","ping_status":"closed","template":"","meta":{"_kad_post_transparent":"","_kad_post_title":"","_kad_post_layout":"","_kad_post_sidebar_id":"","_kad_post_content_style":"","_kad_post_vertical_padding":"","_kad_post_feature":"","_kad_post_feature_position":"","_kad_post_header":false,"_kad_post_footer":false,"_kad_post_classname":""},"product_brand":[],"product_cat":[14939],"product_tag":[],"class_list":{"0":"post-126406","1":"product","2":"type-product","3":"status-publish","4":"has-post-thumbnail","6":"product_cat-masaj-cihazi-masaj-cihazi","8":"first","9":"instock","10":"purchasable","11":"product-type-simple","12":"entry","13":"content-bg","14":"loop-entry"},"_links":{"self":[{"href":"https:\/\/www.hediyepazar.com\/index.php?rest_route=\/wp\/v2\/product\/126406","targetHints":{"allow":["GET"]}}],"collection":[{"href":"https:\/\/www.hediyepazar.com\/index.php?rest_route=\/wp\/v2\/product"}],"about":[{"href":"https:\/\/www.hediyepazar.com\/index.php?rest_route=\/wp\/v2\/types\/product"}],"replies":[{"embeddable":true,"href":"https:\/\/www.hediyepazar.com\/index.php?rest_route=%2Fwp%2Fv2%2Fcomments&post=126406"}],"wp:featuredmedia":[{"embeddable":true,"href":"https:\/\/www.hediyepazar.com\/index.php?rest_route=\/wp\/v2\/media\/126405"}],"wp:attachment":[{"href":"https:\/\/www.hediyepazar.com\/index.php?rest_route=%2Fwp%2Fv2%2Fmedia&parent=126406"}],"wp:term":[{"taxonomy":"product_brand","embeddable":true,"href":"https:\/\/www.hediyepazar.com\/index.php?rest_route=%2Fwp%2Fv2%2Fproduct_brand&post=126406"},{"taxonomy":"product_cat","embeddable":true,"href":"https:\/\/www.hediyepazar.com\/index.php?rest_route=%2Fwp%2Fv2%2Fproduct_cat&post=126406"},{"taxonomy":"product_tag","embeddable":true,"href":"https:\/\/www.hediyepazar.com\/index.php?rest_route=%2Fwp%2Fv2%2Fproduct_tag&post=126406"}],"curies":[{"name":"wp","href":"https:\/\/api.w.org\/{rel}","templated":true}]}}