{"id":126485,"date":"2026-05-06T20:27:20","date_gmt":"2026-05-06T23:27:20","guid":{"rendered":"https:\/\/www.hediyepazar.com\/?product=logitech-980-000029-s150-1-2w-11-stereo-speaker-siyah1923"},"modified":"2026-05-06T20:27:20","modified_gmt":"2026-05-06T23:27:20","slug":"logitech-980-000029-s150-1-2w-11-stereo-speaker-siyah1923","status":"publish","type":"product","link":"https:\/\/www.hediyepazar.com\/?product=logitech-980-000029-s150-1-2w-11-stereo-speaker-siyah1923","title":{"rendered":"LOGITECH 980-000029 S150 1.2W 1+1 Stereo Speaker (Siyah)(1923)"},"content":{"rendered":"<p>Logitech S150 1+1 1.2W USB Hoparlr 980-000029Hem masastnzde hem de yoldayken iyi bir ses alaca\u011f\u0131n\u0131z USB ba\u011flant\u0131l\u0131 hoparlr sistemi.al\u0131\u015f\u0131rken dinledi\u011finiz \u015fark\u0131larKusursuz dijital ses ve g sa\u011flayan USB ba\u011flant\u0131s\u0131 ile, nerede al\u0131\u015f\u0131yor olursan\u0131z olun sevdi\u011finiz mzi\u011fi sevdi\u011finiz gibi dinleyeceksiniz.Gitti\u011finiz her yerdeHafif ve az yer kaplayan bu ta\u015f\u0131nabilir hoparlrler ile ister ofiste, ister d\u0131\u015far\u0131da olun kaliteli sesin keyfine varacaks\u0131n\u0131z.Ses denetimiHoparlrlerin zerindeki ses dzeyi ve ses kapatma d\u011fmeleri ile sesi diledi\u011finiz anda ayarlayabilirsiniz.USB ba\u011flant\u0131s\u0131Dizst veya masast bilgisayar\u0131n\u0131za USB kablo ile ba\u011flayaca\u011f\u0131n\u0131z hoparlrler, distorsiyonsuz, dijital bir ses ve pil gerektirmeyen kesintisiz bir g sa\u011flar.Kolay ta\u015f\u0131nabilir tasar\u0131mBu hafif, az yer kaplayan hoparlrler nereye giderseniz gidin al\u0131\u015fman\u0131za e\u015flik etmeye haz\u0131r.Gl tabanUydu kaidesi masastnzde daha sa\u011flam ve dengeli bir duru\u015f iin tasarland\u0131.Yerle\u015fik denetimlerSesi dzeyini hemen ve kolayl\u0131kla ayarlayabilir veya tamamen k\u0131sabilirsiniz.Teknik zelliklerToplam RMS gc: 1,2 watt RMS (uydu ba\u015f\u0131na 0,6 Watt)Frekans yan\u0131t\u0131: 90 Hz\u201320 kHzSrcler: 5,1 cm&#8217;lik dinamik srclerBa\u011flant\u0131: USB kablo ( 1, 2 mG kayna\u011f\u0131: USB zerinden dizst bilgisayarG gstergesi: Amber LEDGaranti Sresi : 24 Ay<\/p>\n","protected":false},"excerpt":{"rendered":"<p>Logitech S150 1+1 1.2W USB Hoparlr 980-000029Hem masastnzde hem de yoldayken iyi bir ses alaca\u011f\u0131n\u0131z USB ba\u011flant\u0131l\u0131 hoparlr sistemi.al\u0131\u015f\u0131rken dinledi\u011finiz \u015fark\u0131larKusursuz dijital ses ve g sa\u011flayan USB ba\u011flant\u0131s\u0131 ile, nerede al\u0131\u015f\u0131yor olursan\u0131z olun sevdi\u011finiz mzi\u011fi sevdi\u011finiz gibi dinleyeceksiniz.Gitti\u011finiz her yerdeHafif ve az yer kaplayan bu ta\u015f\u0131nabilir hoparlrler ile ister ofiste, ister d\u0131\u015far\u0131da olun kaliteli sesin&#8230;<\/p>\n","protected":false},"featured_media":126484,"comment_status":"open","ping_status":"closed","template":"","meta":{"_kad_post_transparent":"","_kad_post_title":"","_kad_post_layout":"","_kad_post_sidebar_id":"","_kad_post_content_style":"","_kad_post_vertical_padding":"","_kad_post_feature":"","_kad_post_feature_position":"","_kad_post_header":false,"_kad_post_footer":false,"_kad_post_classname":""},"product_brand":[],"product_cat":[14655],"product_tag":[],"class_list":{"0":"post-126485","1":"product","2":"type-product","3":"status-publish","4":"has-post-thumbnail","6":"product_cat-hoparlor-bilgisayar-tablet-elektronik-hoparlor-bilgisayar-tablet-elektronik","8":"first","9":"instock","10":"purchasable","11":"product-type-simple","12":"entry","13":"content-bg","14":"loop-entry"},"_links":{"self":[{"href":"https:\/\/www.hediyepazar.com\/index.php?rest_route=\/wp\/v2\/product\/126485","targetHints":{"allow":["GET"]}}],"collection":[{"href":"https:\/\/www.hediyepazar.com\/index.php?rest_route=\/wp\/v2\/product"}],"about":[{"href":"https:\/\/www.hediyepazar.com\/index.php?rest_route=\/wp\/v2\/types\/product"}],"replies":[{"embeddable":true,"href":"https:\/\/www.hediyepazar.com\/index.php?rest_route=%2Fwp%2Fv2%2Fcomments&post=126485"}],"wp:featuredmedia":[{"embeddable":true,"href":"https:\/\/www.hediyepazar.com\/index.php?rest_route=\/wp\/v2\/media\/126484"}],"wp:attachment":[{"href":"https:\/\/www.hediyepazar.com\/index.php?rest_route=%2Fwp%2Fv2%2Fmedia&parent=126485"}],"wp:term":[{"taxonomy":"product_brand","embeddable":true,"href":"https:\/\/www.hediyepazar.com\/index.php?rest_route=%2Fwp%2Fv2%2Fproduct_brand&post=126485"},{"taxonomy":"product_cat","embeddable":true,"href":"https:\/\/www.hediyepazar.com\/index.php?rest_route=%2Fwp%2Fv2%2Fproduct_cat&post=126485"},{"taxonomy":"product_tag","embeddable":true,"href":"https:\/\/www.hediyepazar.com\/index.php?rest_route=%2Fwp%2Fv2%2Fproduct_tag&post=126485"}],"curies":[{"name":"wp","href":"https:\/\/api.w.org\/{rel}","templated":true}]}}