{"id":126577,"date":"2026-05-06T20:38:11","date_gmt":"2026-05-06T23:38:11","guid":{"rendered":"https:\/\/www.hediyepazar.com\/?product=kompakt-siyah-rgb-isikli-bluetooth-mini-klavye"},"modified":"2026-05-06T20:38:11","modified_gmt":"2026-05-06T23:38:11","slug":"kompakt-siyah-rgb-isikli-bluetooth-mini-klavye","status":"publish","type":"product","link":"https:\/\/www.hediyepazar.com\/?product=kompakt-siyah-rgb-isikli-bluetooth-mini-klavye","title":{"rendered":"Kompakt Siyah RGB I\u015f\u0131kl\u0131 Bluetooth Mini Klavye"},"content":{"rendered":"<p>RGB \u0131\u015f\u0131kl\u0131 mini klavye, hafif ve ta\u015f\u0131nabilir yap\u0131s\u0131 sayesinde her ortamda rahat kullan\u0131m sa\u011flar. \u00c7antada kolayca ta\u015f\u0131nabilen kompakt boyutlar\u0131 ile seyahatlerde, sunumlarda ve g\u00fcnl\u00fck kullan\u0131mda b\u00fcy\u00fck avantaj sunar. Bluetooth ba\u011flant\u0131s\u0131 sayesinde ek adapt\u00f6r gerektirmez. Tablet ve ak\u0131ll\u0131 telefonlarla uyumlu \u00e7al\u0131\u015farak mobil yaz\u0131m deneyimini \u00fcst seviyeye ta\u015f\u0131r. \u0130nce tasar\u0131m\u0131 uzun s\u00fcreli kullan\u0131mlarda bile bilek yorgunlu\u011funu azalt\u0131r.<\/p>\n","protected":false},"excerpt":{"rendered":"<p>RGB \u0131\u015f\u0131kl\u0131 mini klavye, hafif ve ta\u015f\u0131nabilir yap\u0131s\u0131 sayesinde her ortamda rahat kullan\u0131m sa\u011flar. \u00c7antada kolayca ta\u015f\u0131nabilen kompakt boyutlar\u0131 ile seyahatlerde, sunumlarda ve g\u00fcnl\u00fck kullan\u0131mda b\u00fcy\u00fck avantaj sunar. Bluetooth ba\u011flant\u0131s\u0131 sayesinde ek adapt\u00f6r gerektirmez. Tablet ve ak\u0131ll\u0131 telefonlarla uyumlu \u00e7al\u0131\u015farak mobil yaz\u0131m deneyimini \u00fcst seviyeye ta\u015f\u0131r. \u0130nce tasar\u0131m\u0131 uzun s\u00fcreli kullan\u0131mlarda bile bilek yorgunlu\u011funu azalt\u0131r.<\/p>\n","protected":false},"featured_media":126576,"comment_status":"open","ping_status":"closed","template":"","meta":{"_kad_post_transparent":"","_kad_post_title":"","_kad_post_layout":"","_kad_post_sidebar_id":"","_kad_post_content_style":"","_kad_post_vertical_padding":"","_kad_post_feature":"","_kad_post_feature_position":"","_kad_post_header":false,"_kad_post_footer":false,"_kad_post_classname":""},"product_brand":[],"product_cat":[14913],"product_tag":[],"class_list":{"0":"post-126577","1":"product","2":"type-product","3":"status-publish","4":"has-post-thumbnail","6":"product_cat-klavye-klavye-2","8":"first","9":"instock","10":"purchasable","11":"product-type-simple","12":"entry","13":"content-bg","14":"loop-entry"},"_links":{"self":[{"href":"https:\/\/www.hediyepazar.com\/index.php?rest_route=\/wp\/v2\/product\/126577","targetHints":{"allow":["GET"]}}],"collection":[{"href":"https:\/\/www.hediyepazar.com\/index.php?rest_route=\/wp\/v2\/product"}],"about":[{"href":"https:\/\/www.hediyepazar.com\/index.php?rest_route=\/wp\/v2\/types\/product"}],"replies":[{"embeddable":true,"href":"https:\/\/www.hediyepazar.com\/index.php?rest_route=%2Fwp%2Fv2%2Fcomments&post=126577"}],"wp:featuredmedia":[{"embeddable":true,"href":"https:\/\/www.hediyepazar.com\/index.php?rest_route=\/wp\/v2\/media\/126576"}],"wp:attachment":[{"href":"https:\/\/www.hediyepazar.com\/index.php?rest_route=%2Fwp%2Fv2%2Fmedia&parent=126577"}],"wp:term":[{"taxonomy":"product_brand","embeddable":true,"href":"https:\/\/www.hediyepazar.com\/index.php?rest_route=%2Fwp%2Fv2%2Fproduct_brand&post=126577"},{"taxonomy":"product_cat","embeddable":true,"href":"https:\/\/www.hediyepazar.com\/index.php?rest_route=%2Fwp%2Fv2%2Fproduct_cat&post=126577"},{"taxonomy":"product_tag","embeddable":true,"href":"https:\/\/www.hediyepazar.com\/index.php?rest_route=%2Fwp%2Fv2%2Fproduct_tag&post=126577"}],"curies":[{"name":"wp","href":"https:\/\/api.w.org\/{rel}","templated":true}]}}