{"id":126583,"date":"2026-05-06T20:38:59","date_gmt":"2026-05-06T23:38:59","guid":{"rendered":"https:\/\/www.hediyepazar.com\/?product=retro-el-oyun-konsolu-640x480-hd-ekran-emulatorlu"},"modified":"2026-05-06T20:38:59","modified_gmt":"2026-05-06T23:38:59","slug":"retro-el-oyun-konsolu-640x480-hd-ekran-emulatorlu","status":"publish","type":"product","link":"https:\/\/www.hediyepazar.com\/?product=retro-el-oyun-konsolu-640x480-hd-ekran-emulatorlu","title":{"rendered":"Retro El Oyun Konsolu 640\u00d7480 HD Ekran Em\u00fclat\u00f6rl\u00fc"},"content":{"rendered":"<p>Bu ta\u015f\u0131nabilir retro oyun konsolu, klasik oyunlar\u0131 her yerde oynayabilmeniz i\u00e7in tasarlanm\u0131\u015ft\u0131r. 3.5 in\u00e7 geni\u015f ekran\u0131 ve 640\u00d7480 HD \u00e7\u00f6z\u00fcn\u00fcrl\u00fc\u011f\u00fc, eski oyunlar\u0131 daha net ve keyifli bir \u015fekilde deneyimlemenizi sa\u011flar. Renkli ve parlak ekran yap\u0131s\u0131, uzun s\u00fcreli kullan\u0131mlarda g\u00f6z yormaz.Analog joysticklerle donat\u0131lan kontrol sistemi, oyunlarda y\u00fcksek hassasiyet sunar. Klasik y\u00f6n tu\u015flar\u0131na k\u0131yasla daha ak\u0131c\u0131 bir kontrol sa\u011flayarak oyun keyfini art\u0131r\u0131r. Wi-Fi destekli yap\u0131s\u0131, konsola modern bir \u00f6zellik kazand\u0131rarak kullan\u0131c\u0131 deneyimini geli\u015ftirir.El tipi tasar\u0131m\u0131 sayesinde istedi\u011finiz her yerde oyun oynayabilirsiniz. Evde, yolculukta veya molalarda e\u011flenceli vakit ge\u00e7irmek i\u00e7in ideal bir se\u00e7enektir. Retro oyunlara ilgi duyanlar i\u00e7in nostalji ve teknolojiyi bir araya getiren kullan\u0131\u015fl\u0131 bir \u00fcr\u00fcnd\u00fcr.<\/p>\n","protected":false},"excerpt":{"rendered":"<p>Bu ta\u015f\u0131nabilir retro oyun konsolu, klasik oyunlar\u0131 her yerde oynayabilmeniz i\u00e7in tasarlanm\u0131\u015ft\u0131r. 3.5 in\u00e7 geni\u015f ekran\u0131 ve 640\u00d7480 HD \u00e7\u00f6z\u00fcn\u00fcrl\u00fc\u011f\u00fc, eski oyunlar\u0131 daha net ve keyifli bir \u015fekilde deneyimlemenizi sa\u011flar. Renkli ve parlak ekran yap\u0131s\u0131, uzun s\u00fcreli kullan\u0131mlarda g\u00f6z yormaz.Analog joysticklerle donat\u0131lan kontrol sistemi, oyunlarda y\u00fcksek hassasiyet sunar. Klasik y\u00f6n tu\u015flar\u0131na k\u0131yasla daha ak\u0131c\u0131 bir&#8230;<\/p>\n","protected":false},"featured_media":126582,"comment_status":"open","ping_status":"closed","template":"","meta":{"_kad_post_transparent":"","_kad_post_title":"","_kad_post_layout":"","_kad_post_sidebar_id":"","_kad_post_content_style":"","_kad_post_vertical_padding":"","_kad_post_feature":"","_kad_post_feature_position":"","_kad_post_header":false,"_kad_post_footer":false,"_kad_post_classname":""},"product_brand":[],"product_cat":[14961],"product_tag":[],"class_list":{"0":"post-126583","1":"product","2":"type-product","3":"status-publish","4":"has-post-thumbnail","6":"product_cat-oyun-konsolu-oyun-konsolu","8":"first","9":"instock","10":"purchasable","11":"product-type-simple","12":"entry","13":"content-bg","14":"loop-entry"},"_links":{"self":[{"href":"https:\/\/www.hediyepazar.com\/index.php?rest_route=\/wp\/v2\/product\/126583","targetHints":{"allow":["GET"]}}],"collection":[{"href":"https:\/\/www.hediyepazar.com\/index.php?rest_route=\/wp\/v2\/product"}],"about":[{"href":"https:\/\/www.hediyepazar.com\/index.php?rest_route=\/wp\/v2\/types\/product"}],"replies":[{"embeddable":true,"href":"https:\/\/www.hediyepazar.com\/index.php?rest_route=%2Fwp%2Fv2%2Fcomments&post=126583"}],"wp:featuredmedia":[{"embeddable":true,"href":"https:\/\/www.hediyepazar.com\/index.php?rest_route=\/wp\/v2\/media\/126582"}],"wp:attachment":[{"href":"https:\/\/www.hediyepazar.com\/index.php?rest_route=%2Fwp%2Fv2%2Fmedia&parent=126583"}],"wp:term":[{"taxonomy":"product_brand","embeddable":true,"href":"https:\/\/www.hediyepazar.com\/index.php?rest_route=%2Fwp%2Fv2%2Fproduct_brand&post=126583"},{"taxonomy":"product_cat","embeddable":true,"href":"https:\/\/www.hediyepazar.com\/index.php?rest_route=%2Fwp%2Fv2%2Fproduct_cat&post=126583"},{"taxonomy":"product_tag","embeddable":true,"href":"https:\/\/www.hediyepazar.com\/index.php?rest_route=%2Fwp%2Fv2%2Fproduct_tag&post=126583"}],"curies":[{"name":"wp","href":"https:\/\/api.w.org\/{rel}","templated":true}]}}