{"id":126597,"date":"2026-05-06T20:40:14","date_gmt":"2026-05-06T23:40:14","guid":{"rendered":"https:\/\/www.hediyepazar.com\/?product=fhss-teknolojili-guvenli-bebek-monitoru-net-goruntu"},"modified":"2026-05-06T20:40:14","modified_gmt":"2026-05-06T23:40:14","slug":"fhss-teknolojili-guvenli-bebek-monitoru-net-goruntu","status":"publish","type":"product","link":"https:\/\/www.hediyepazar.com\/?product=fhss-teknolojili-guvenli-bebek-monitoru-net-goruntu","title":{"rendered":"FHSS Teknolojili G\u00fcvenli Bebek Monit\u00f6r\u00fc Net G\u00f6r\u00fcnt\u00fc"},"content":{"rendered":"<p>Bu ak\u0131ll\u0131 bebek monit\u00f6r\u00fc, ebeveynlerin bebeklerini g\u00fcvenle takip edebilmesi i\u00e7in geli\u015fmi\u015f \u00f6zelliklerle donat\u0131lm\u0131\u015ft\u0131r. K\u0131z\u0131l\u00f6tesi gece g\u00f6r\u00fc\u015f sistemi, \u0131\u015f\u0131k kapal\u0131yken bile net g\u00f6r\u00fcnt\u00fc sa\u011flar ve otomatik olarak devreye girer.A\u011flama ve hareket alg\u0131lama bildirimleri sayesinde bebe\u011finizin ihtiya\u00e7lar\u0131ndan an\u0131nda haberdar olursunuz. Yak\u0131nla\u015ft\u0131rma \u00f6zelli\u011fi ile bebe\u011finizin hareketlerini detayl\u0131 \u015fekilde izleyebilirsiniz. Beslenme hat\u0131rlat\u0131c\u0131s\u0131, d\u00fczenli bak\u0131m rutini olu\u015fturman\u0131za yard\u0131mc\u0131 olur.S\u0131cakl\u0131k sens\u00f6r\u00fc, oda \u0131s\u0131s\u0131 ideal seviyelerin d\u0131\u015f\u0131na \u00e7\u0131kt\u0131\u011f\u0131nda uyar\u0131 vererek bebe\u011finizin konforunu korur. \u0130ki y\u00f6nl\u00fc ses ve ninni \u00f6zelli\u011fi, bebe\u011finizi uzaktan sakinle\u015ftirmenizi sa\u011flar.WiFi ba\u011flant\u0131s\u0131na gerek duymadan \u00e7al\u0131\u015fan g\u00fcvenli yap\u0131s\u0131, ev i\u00e7i kullan\u0131m i\u00e7in idealdir.<\/p>\n","protected":false},"excerpt":{"rendered":"<p>Bu ak\u0131ll\u0131 bebek monit\u00f6r\u00fc, ebeveynlerin bebeklerini g\u00fcvenle takip edebilmesi i\u00e7in geli\u015fmi\u015f \u00f6zelliklerle donat\u0131lm\u0131\u015ft\u0131r. K\u0131z\u0131l\u00f6tesi gece g\u00f6r\u00fc\u015f sistemi, \u0131\u015f\u0131k kapal\u0131yken bile net g\u00f6r\u00fcnt\u00fc sa\u011flar ve otomatik olarak devreye girer.A\u011flama ve hareket alg\u0131lama bildirimleri sayesinde bebe\u011finizin ihtiya\u00e7lar\u0131ndan an\u0131nda haberdar olursunuz. Yak\u0131nla\u015ft\u0131rma \u00f6zelli\u011fi ile bebe\u011finizin hareketlerini detayl\u0131 \u015fekilde izleyebilirsiniz. Beslenme hat\u0131rlat\u0131c\u0131s\u0131, d\u00fczenli bak\u0131m rutini olu\u015fturman\u0131za yard\u0131mc\u0131 olur.S\u0131cakl\u0131k sens\u00f6r\u00fc,&#8230;<\/p>\n","protected":false},"featured_media":126596,"comment_status":"open","ping_status":"closed","template":"","meta":{"_kad_post_transparent":"","_kad_post_title":"","_kad_post_layout":"","_kad_post_sidebar_id":"","_kad_post_content_style":"","_kad_post_vertical_padding":"","_kad_post_feature":"","_kad_post_feature_position":"","_kad_post_header":false,"_kad_post_footer":false,"_kad_post_classname":""},"product_brand":[],"product_cat":[14927],"product_tag":[],"class_list":{"0":"post-126597","1":"product","2":"type-product","3":"status-publish","4":"has-post-thumbnail","6":"product_cat-akilli-kamera-akilli-kamera","8":"first","9":"instock","10":"purchasable","11":"product-type-simple","12":"entry","13":"content-bg","14":"loop-entry"},"_links":{"self":[{"href":"https:\/\/www.hediyepazar.com\/index.php?rest_route=\/wp\/v2\/product\/126597","targetHints":{"allow":["GET"]}}],"collection":[{"href":"https:\/\/www.hediyepazar.com\/index.php?rest_route=\/wp\/v2\/product"}],"about":[{"href":"https:\/\/www.hediyepazar.com\/index.php?rest_route=\/wp\/v2\/types\/product"}],"replies":[{"embeddable":true,"href":"https:\/\/www.hediyepazar.com\/index.php?rest_route=%2Fwp%2Fv2%2Fcomments&post=126597"}],"wp:featuredmedia":[{"embeddable":true,"href":"https:\/\/www.hediyepazar.com\/index.php?rest_route=\/wp\/v2\/media\/126596"}],"wp:attachment":[{"href":"https:\/\/www.hediyepazar.com\/index.php?rest_route=%2Fwp%2Fv2%2Fmedia&parent=126597"}],"wp:term":[{"taxonomy":"product_brand","embeddable":true,"href":"https:\/\/www.hediyepazar.com\/index.php?rest_route=%2Fwp%2Fv2%2Fproduct_brand&post=126597"},{"taxonomy":"product_cat","embeddable":true,"href":"https:\/\/www.hediyepazar.com\/index.php?rest_route=%2Fwp%2Fv2%2Fproduct_cat&post=126597"},{"taxonomy":"product_tag","embeddable":true,"href":"https:\/\/www.hediyepazar.com\/index.php?rest_route=%2Fwp%2Fv2%2Fproduct_tag&post=126597"}],"curies":[{"name":"wp","href":"https:\/\/api.w.org\/{rel}","templated":true}]}}