{"id":126603,"date":"2026-05-06T20:41:04","date_gmt":"2026-05-06T23:41:04","guid":{"rendered":"https:\/\/www.hediyepazar.com\/?product=sicaklik-sensorlu-guvenli-bebek-kamerasi-iki-yonlu-ses"},"modified":"2026-05-06T20:41:04","modified_gmt":"2026-05-06T23:41:04","slug":"sicaklik-sensorlu-guvenli-bebek-kamerasi-iki-yonlu-ses","status":"publish","type":"product","link":"https:\/\/www.hediyepazar.com\/?product=sicaklik-sensorlu-guvenli-bebek-kamerasi-iki-yonlu-ses","title":{"rendered":"S\u0131cakl\u0131k Sens\u00f6rl\u00fc G\u00fcvenli Bebek Kameras\u0131 \u0130ki Y\u00f6nl\u00fc Ses"},"content":{"rendered":"<p>Gece g\u00f6r\u00fc\u015fl\u00fc bebek monit\u00f6r\u00fc, karanl\u0131k ortamlarda bile net g\u00f6r\u00fcnt\u00fc sa\u011flayan k\u0131z\u0131l\u00f6tesi teknolojisi ile bebe\u011finizin g\u00fcvenli\u011fini \u00f6n planda tutar. Oda \u0131\u015f\u0131\u011f\u0131 kapand\u0131\u011f\u0131nda otomatik olarak gece moduna ge\u00e7er ve kesintisiz izleme sunar.A\u011flama ve hareket alg\u0131lama sistemi, bebe\u011finiz uyand\u0131\u011f\u0131nda veya huzursuzland\u0131\u011f\u0131nda sizi an\u0131nda bilgilendirir. Bu sayede h\u0131zl\u0131 m\u00fcdahale edebilir ve bebe\u011finizin ihtiya\u00e7lar\u0131n\u0131 zaman\u0131nda kar\u015f\u0131layabilirsiniz. Yak\u0131nla\u015ft\u0131rma \u00f6zelli\u011fi, bebe\u011finizin y\u00fcz ifadelerini ve hareketlerini daha detayl\u0131 g\u00f6rmenizi sa\u011flar.Beslenme zamanlar\u0131 i\u00e7in ayarlanabilir hat\u0131rlat\u0131c\u0131lar ve oda s\u0131cakl\u0131\u011f\u0131 alarm\u0131, ebeveynlerin g\u00fcnl\u00fck bak\u0131m rutinlerini kolayla\u015ft\u0131r\u0131r. \u0130ki y\u00f6nl\u00fc ses sistemi sayesinde bebe\u011finizle uzaktan ileti\u015fim kurabilir, sakinle\u015ftirici ninnilerle onu rahatlatabilirsiniz.WiFi ba\u011flant\u0131s\u0131na ihtiya\u00e7 duymadan \u00e7al\u0131\u015fan g\u00fcvenli yap\u0131s\u0131, dijital \u015fifreleme ile gizlili\u011fi korur. Ev i\u00e7inde g\u00fcvenli ve pratik bir bebek izleme \u00e7\u00f6z\u00fcm\u00fcd\u00fcr.<\/p>\n","protected":false},"excerpt":{"rendered":"<p>Gece g\u00f6r\u00fc\u015fl\u00fc bebek monit\u00f6r\u00fc, karanl\u0131k ortamlarda bile net g\u00f6r\u00fcnt\u00fc sa\u011flayan k\u0131z\u0131l\u00f6tesi teknolojisi ile bebe\u011finizin g\u00fcvenli\u011fini \u00f6n planda tutar. Oda \u0131\u015f\u0131\u011f\u0131 kapand\u0131\u011f\u0131nda otomatik olarak gece moduna ge\u00e7er ve kesintisiz izleme sunar.A\u011flama ve hareket alg\u0131lama sistemi, bebe\u011finiz uyand\u0131\u011f\u0131nda veya huzursuzland\u0131\u011f\u0131nda sizi an\u0131nda bilgilendirir. Bu sayede h\u0131zl\u0131 m\u00fcdahale edebilir ve bebe\u011finizin ihtiya\u00e7lar\u0131n\u0131 zaman\u0131nda kar\u015f\u0131layabilirsiniz. Yak\u0131nla\u015ft\u0131rma \u00f6zelli\u011fi, bebe\u011finizin y\u00fcz&#8230;<\/p>\n","protected":false},"featured_media":126602,"comment_status":"open","ping_status":"closed","template":"","meta":{"_kad_post_transparent":"","_kad_post_title":"","_kad_post_layout":"","_kad_post_sidebar_id":"","_kad_post_content_style":"","_kad_post_vertical_padding":"","_kad_post_feature":"","_kad_post_feature_position":"","_kad_post_header":false,"_kad_post_footer":false,"_kad_post_classname":""},"product_brand":[],"product_cat":[14927],"product_tag":[],"class_list":{"0":"post-126603","1":"product","2":"type-product","3":"status-publish","4":"has-post-thumbnail","6":"product_cat-akilli-kamera-akilli-kamera","8":"first","9":"instock","10":"purchasable","11":"product-type-simple","12":"entry","13":"content-bg","14":"loop-entry"},"_links":{"self":[{"href":"https:\/\/www.hediyepazar.com\/index.php?rest_route=\/wp\/v2\/product\/126603","targetHints":{"allow":["GET"]}}],"collection":[{"href":"https:\/\/www.hediyepazar.com\/index.php?rest_route=\/wp\/v2\/product"}],"about":[{"href":"https:\/\/www.hediyepazar.com\/index.php?rest_route=\/wp\/v2\/types\/product"}],"replies":[{"embeddable":true,"href":"https:\/\/www.hediyepazar.com\/index.php?rest_route=%2Fwp%2Fv2%2Fcomments&post=126603"}],"wp:featuredmedia":[{"embeddable":true,"href":"https:\/\/www.hediyepazar.com\/index.php?rest_route=\/wp\/v2\/media\/126602"}],"wp:attachment":[{"href":"https:\/\/www.hediyepazar.com\/index.php?rest_route=%2Fwp%2Fv2%2Fmedia&parent=126603"}],"wp:term":[{"taxonomy":"product_brand","embeddable":true,"href":"https:\/\/www.hediyepazar.com\/index.php?rest_route=%2Fwp%2Fv2%2Fproduct_brand&post=126603"},{"taxonomy":"product_cat","embeddable":true,"href":"https:\/\/www.hediyepazar.com\/index.php?rest_route=%2Fwp%2Fv2%2Fproduct_cat&post=126603"},{"taxonomy":"product_tag","embeddable":true,"href":"https:\/\/www.hediyepazar.com\/index.php?rest_route=%2Fwp%2Fv2%2Fproduct_tag&post=126603"}],"curies":[{"name":"wp","href":"https:\/\/api.w.org\/{rel}","templated":true}]}}