{"id":126845,"date":"2026-05-06T21:19:20","date_gmt":"2026-05-07T00:19:20","guid":{"rendered":"https:\/\/www.hediyepazar.com\/?product=stres-carkli-bluetooth-kulaklik-kablosuz-kirmizi-yuksek-ses-kaliteli-2"},"modified":"2026-05-06T21:19:20","modified_gmt":"2026-05-07T00:19:20","slug":"stres-carkli-bluetooth-kulaklik-kablosuz-kirmizi-yuksek-ses-kaliteli-2","status":"publish","type":"product","link":"https:\/\/www.hediyepazar.com\/?product=stres-carkli-bluetooth-kulaklik-kablosuz-kirmizi-yuksek-ses-kaliteli-2","title":{"rendered":"Stres \u00c7arkl\u0131 Bluetooth Kulakl\u0131k Kablosuz K\u0131rm\u0131z\u0131 Y\u00fcksek Ses Kaliteli"},"content":{"rendered":"<p>Modern tasar\u0131m\u0131 ve dikkat \u00e7ekici renkleriyle bu spinner, estetik ve fonksiyonelli\u011fi bir araya getiriyor. Y\u00fcksek kaliteli malzemelerden \u00fcretilmi\u015f olup, \u00f6zg\u00fcn desenlerle bezeli bu \u00fcr\u00fcn, hem g\u00f6z al\u0131c\u0131 hem de dayan\u0131kl\u0131d\u0131r.M\u00fczik ile E\u011flenceEntegre hoparl\u00f6r\u00fc sayesinde oyun oynarken veya stres atarken sevdi\u011finiz m\u00fczikleri dinleyebilirsiniz. E\u011flenceli m\u00fczik modu, her d\u00f6n\u00fc\u015fte enerjinizi y\u00fckseltir ve unutulmaz anlar ya\u015fat\u0131r.Stres Azaltma ve Konsantrasyon Art\u0131rmaBu spinner, zihinsel rahatlama sa\u011flar ve g\u00fcnl\u00fck kayg\u0131lardan uzakla\u015fman\u0131za yard\u0131mc\u0131 olur. Ayn\u0131 zamanda odaklanmay\u0131 art\u0131rarak, \u00f6\u011frenciler ve \u00e7al\u0131\u015fanlar i\u00e7in m\u00fckemmel bir yard\u0131mc\u0131d\u0131r. D\u00f6nd\u00fcrd\u00fck\u00e7e hem e\u011flenebilir hem de konsantrasyonunuzu g\u00fc\u00e7lendirebilirsiniz.E\u011flenceli Oyun DeneyimiArkada\u015flar\u0131n\u0131zla d\u00f6n\u00fc\u015f s\u00fcrelerinizi kar\u015f\u0131la\u015ft\u0131rarak e\u011flenceli yar\u0131\u015fmalar d\u00fczenleyebilir ve yarat\u0131c\u0131 oyunlarla hayal g\u00fcc\u00fcn\u00fcz\u00fc geli\u015ftirebilirsiniz.Kompakt ve Kullan\u0131c\u0131 DostuHer ya\u015ftan birey taraf\u0131ndan rahat\u00e7a kullan\u0131labilir olan bu spinner, kompakt boyutuyla her yerde ta\u015f\u0131yabilirsiniz. Hem e\u011flenceli hem de stres giderici \u00f6zellikleriyle m\u00fckemmel bir g\u00fcnl\u00fck yard\u0131mc\u0131d\u0131r.<\/p>\n","protected":false},"excerpt":{"rendered":"<p>Modern tasar\u0131m\u0131 ve dikkat \u00e7ekici renkleriyle bu spinner, estetik ve fonksiyonelli\u011fi bir araya getiriyor. Y\u00fcksek kaliteli malzemelerden \u00fcretilmi\u015f olup, \u00f6zg\u00fcn desenlerle bezeli bu \u00fcr\u00fcn, hem g\u00f6z al\u0131c\u0131 hem de dayan\u0131kl\u0131d\u0131r.M\u00fczik ile E\u011flenceEntegre hoparl\u00f6r\u00fc sayesinde oyun oynarken veya stres atarken sevdi\u011finiz m\u00fczikleri dinleyebilirsiniz. E\u011flenceli m\u00fczik modu, her d\u00f6n\u00fc\u015fte enerjinizi y\u00fckseltir ve unutulmaz anlar ya\u015fat\u0131r.Stres Azaltma ve&#8230;<\/p>\n","protected":false},"featured_media":126844,"comment_status":"open","ping_status":"closed","template":"","meta":{"_kad_post_transparent":"","_kad_post_title":"","_kad_post_layout":"","_kad_post_sidebar_id":"","_kad_post_content_style":"","_kad_post_vertical_padding":"","_kad_post_feature":"","_kad_post_feature_position":"","_kad_post_header":false,"_kad_post_footer":false,"_kad_post_classname":""},"product_brand":[],"product_cat":[14957],"product_tag":[],"class_list":{"0":"post-126845","1":"product","2":"type-product","3":"status-publish","4":"has-post-thumbnail","6":"product_cat-kablosuz-kulaklik-kablosuz-kulaklik","8":"first","9":"instock","10":"purchasable","11":"product-type-simple","12":"entry","13":"content-bg","14":"loop-entry"},"_links":{"self":[{"href":"https:\/\/www.hediyepazar.com\/index.php?rest_route=\/wp\/v2\/product\/126845","targetHints":{"allow":["GET"]}}],"collection":[{"href":"https:\/\/www.hediyepazar.com\/index.php?rest_route=\/wp\/v2\/product"}],"about":[{"href":"https:\/\/www.hediyepazar.com\/index.php?rest_route=\/wp\/v2\/types\/product"}],"replies":[{"embeddable":true,"href":"https:\/\/www.hediyepazar.com\/index.php?rest_route=%2Fwp%2Fv2%2Fcomments&post=126845"}],"wp:featuredmedia":[{"embeddable":true,"href":"https:\/\/www.hediyepazar.com\/index.php?rest_route=\/wp\/v2\/media\/126844"}],"wp:attachment":[{"href":"https:\/\/www.hediyepazar.com\/index.php?rest_route=%2Fwp%2Fv2%2Fmedia&parent=126845"}],"wp:term":[{"taxonomy":"product_brand","embeddable":true,"href":"https:\/\/www.hediyepazar.com\/index.php?rest_route=%2Fwp%2Fv2%2Fproduct_brand&post=126845"},{"taxonomy":"product_cat","embeddable":true,"href":"https:\/\/www.hediyepazar.com\/index.php?rest_route=%2Fwp%2Fv2%2Fproduct_cat&post=126845"},{"taxonomy":"product_tag","embeddable":true,"href":"https:\/\/www.hediyepazar.com\/index.php?rest_route=%2Fwp%2Fv2%2Fproduct_tag&post=126845"}],"curies":[{"name":"wp","href":"https:\/\/api.w.org\/{rel}","templated":true}]}}