{"id":126896,"date":"2026-05-06T21:26:06","date_gmt":"2026-05-07T00:26:06","guid":{"rendered":"https:\/\/www.hediyepazar.com\/?product=uyku-takipli-gpsli-sim-kart-destekli-akilli-saat"},"modified":"2026-05-06T21:26:06","modified_gmt":"2026-05-07T00:26:06","slug":"uyku-takipli-gpsli-sim-kart-destekli-akilli-saat","status":"publish","type":"product","link":"https:\/\/www.hediyepazar.com\/?product=uyku-takipli-gpsli-sim-kart-destekli-akilli-saat","title":{"rendered":"Uyku Takipli GPS\u2019li SIM Kart Destekli Ak\u0131ll\u0131 Saat"},"content":{"rendered":"<p>SIM kartl\u0131 yap\u0131s\u0131 ile dikkat \u00e7eken bu GPS destekli ak\u0131ll\u0131 saat, ileti\u015fim ve sa\u011fl\u0131k takibini bir arada sunar. Uygulama indirmeden \u00e7al\u0131\u015fabilmesi, kullan\u0131c\u0131ya pratik bir deneyim sa\u011flar. Telefonunuz yan\u0131n\u0131zda olmasa bile sesli g\u00f6r\u00fc\u015fme yapabilir, gelen aramalar\u0131 yan\u0131tlayabilirsiniz.Uyku takibi \u00f6zelli\u011fi, gece boyunca uyku d\u00fczeninizi analiz eder. Nab\u0131z sens\u00f6r\u00fc, g\u00fcn i\u00e7inde kalp at\u0131\u015f h\u0131z\u0131n\u0131z\u0131 \u00f6l\u00e7erek sa\u011fl\u0131k verilerinizi takip etmenizi sa\u011flar. Ad\u0131msayar, g\u00fcnl\u00fck aktivitelerinizi kay\u0131t alt\u0131na al\u0131r.Deri kordon ve siyah kasa tasar\u0131m\u0131, hem dayan\u0131kl\u0131l\u0131k hem de estetik sunar. 3000\u20134000 mAh batarya kapasitesi, uzun s\u00fcreli kullan\u0131m sa\u011flar. GPS, suya ve toza dayan\u0131kl\u0131l\u0131k \u00f6zellikleriyle her ortamda kullan\u0131ma uygundur.<\/p>\n","protected":false},"excerpt":{"rendered":"<p>SIM kartl\u0131 yap\u0131s\u0131 ile dikkat \u00e7eken bu GPS destekli ak\u0131ll\u0131 saat, ileti\u015fim ve sa\u011fl\u0131k takibini bir arada sunar. Uygulama indirmeden \u00e7al\u0131\u015fabilmesi, kullan\u0131c\u0131ya pratik bir deneyim sa\u011flar. Telefonunuz yan\u0131n\u0131zda olmasa bile sesli g\u00f6r\u00fc\u015fme yapabilir, gelen aramalar\u0131 yan\u0131tlayabilirsiniz.Uyku takibi \u00f6zelli\u011fi, gece boyunca uyku d\u00fczeninizi analiz eder. Nab\u0131z sens\u00f6r\u00fc, g\u00fcn i\u00e7inde kalp at\u0131\u015f h\u0131z\u0131n\u0131z\u0131 \u00f6l\u00e7erek sa\u011fl\u0131k verilerinizi takip&#8230;<\/p>\n","protected":false},"featured_media":126895,"comment_status":"open","ping_status":"closed","template":"","meta":{"_kad_post_transparent":"","_kad_post_title":"","_kad_post_layout":"","_kad_post_sidebar_id":"","_kad_post_content_style":"","_kad_post_vertical_padding":"","_kad_post_feature":"","_kad_post_feature_position":"","_kad_post_header":false,"_kad_post_footer":false,"_kad_post_classname":""},"product_brand":[],"product_cat":[14935],"product_tag":[],"class_list":{"0":"post-126896","1":"product","2":"type-product","3":"status-publish","4":"has-post-thumbnail","6":"product_cat-akilli-saatler-akilli-saatler","8":"first","9":"instock","10":"purchasable","11":"product-type-simple","12":"entry","13":"content-bg","14":"loop-entry"},"_links":{"self":[{"href":"https:\/\/www.hediyepazar.com\/index.php?rest_route=\/wp\/v2\/product\/126896","targetHints":{"allow":["GET"]}}],"collection":[{"href":"https:\/\/www.hediyepazar.com\/index.php?rest_route=\/wp\/v2\/product"}],"about":[{"href":"https:\/\/www.hediyepazar.com\/index.php?rest_route=\/wp\/v2\/types\/product"}],"replies":[{"embeddable":true,"href":"https:\/\/www.hediyepazar.com\/index.php?rest_route=%2Fwp%2Fv2%2Fcomments&post=126896"}],"wp:featuredmedia":[{"embeddable":true,"href":"https:\/\/www.hediyepazar.com\/index.php?rest_route=\/wp\/v2\/media\/126895"}],"wp:attachment":[{"href":"https:\/\/www.hediyepazar.com\/index.php?rest_route=%2Fwp%2Fv2%2Fmedia&parent=126896"}],"wp:term":[{"taxonomy":"product_brand","embeddable":true,"href":"https:\/\/www.hediyepazar.com\/index.php?rest_route=%2Fwp%2Fv2%2Fproduct_brand&post=126896"},{"taxonomy":"product_cat","embeddable":true,"href":"https:\/\/www.hediyepazar.com\/index.php?rest_route=%2Fwp%2Fv2%2Fproduct_cat&post=126896"},{"taxonomy":"product_tag","embeddable":true,"href":"https:\/\/www.hediyepazar.com\/index.php?rest_route=%2Fwp%2Fv2%2Fproduct_tag&post=126896"}],"curies":[{"name":"wp","href":"https:\/\/api.w.org\/{rel}","templated":true}]}}