{"id":127120,"date":"2026-05-06T21:56:28","date_gmt":"2026-05-07T00:56:28","guid":{"rendered":"https:\/\/www.hediyepazar.com\/?product=deniz-temali-3d-deniz-feneri-dekoratif-obje-ev-aksesuari"},"modified":"2026-05-06T21:56:28","modified_gmt":"2026-05-07T00:56:28","slug":"deniz-temali-3d-deniz-feneri-dekoratif-obje-ev-aksesuari","status":"publish","type":"product","link":"https:\/\/www.hediyepazar.com\/?product=deniz-temali-3d-deniz-feneri-dekoratif-obje-ev-aksesuari","title":{"rendered":"Deniz Temal\u0131 3D Deniz Feneri Dekoratif Obje Ev Aksesuar\u0131"},"content":{"rendered":"<p>Deniz temal\u0131 dekorasyon sevenler i\u00e7in tasarlanan 3D deniz feneri dekoratif obje, evinize sahil havas\u0131 katmak i\u00e7in m\u00fckemmel bir alternatiftir. \u00dc\u00e7 boyutlu yap\u0131s\u0131 sayesinde ger\u00e7ek\u00e7i bir g\u00f6r\u00fcn\u00fcm sunar ve dekorasyonunuzu tamamlay\u0131c\u0131 bir detay olu\u015fturur.Yazl\u0131k evlerde, balkon dekorasyonunda veya salon aksesuar\u0131 olarak kullan\u0131labilir. Kitapl\u0131k raflar\u0131nda, masa \u00fczerinde veya sehpa \u00fcst\u00fcnde estetik bir g\u00f6r\u00fcnt\u00fc olu\u015fturur.Hafif ve dayan\u0131kl\u0131 malzemesi sayesinde uzun s\u00fcreli kullan\u0131m sa\u011flar. Minimal beyaz rengi, ferah ve modern bir g\u00f6r\u00fcn\u00fcm sunar. Dekoratif ama\u00e7l\u0131 \u0131\u015f\u0131kland\u0131rma ile birlikte kullan\u0131ld\u0131\u011f\u0131nda s\u0131cak bir ambiyans olu\u015fturur.<\/p>\n","protected":false},"excerpt":{"rendered":"<p>Deniz temal\u0131 dekorasyon sevenler i\u00e7in tasarlanan 3D deniz feneri dekoratif obje, evinize sahil havas\u0131 katmak i\u00e7in m\u00fckemmel bir alternatiftir. \u00dc\u00e7 boyutlu yap\u0131s\u0131 sayesinde ger\u00e7ek\u00e7i bir g\u00f6r\u00fcn\u00fcm sunar ve dekorasyonunuzu tamamlay\u0131c\u0131 bir detay olu\u015fturur.Yazl\u0131k evlerde, balkon dekorasyonunda veya salon aksesuar\u0131 olarak kullan\u0131labilir. Kitapl\u0131k raflar\u0131nda, masa \u00fczerinde veya sehpa \u00fcst\u00fcnde estetik bir g\u00f6r\u00fcnt\u00fc olu\u015fturur.Hafif ve dayan\u0131kl\u0131 malzemesi&#8230;<\/p>\n","protected":false},"featured_media":127119,"comment_status":"open","ping_status":"closed","template":"","meta":{"_kad_post_transparent":"","_kad_post_title":"","_kad_post_layout":"","_kad_post_sidebar_id":"","_kad_post_content_style":"","_kad_post_vertical_padding":"","_kad_post_feature":"","_kad_post_feature_position":"","_kad_post_header":false,"_kad_post_footer":false,"_kad_post_classname":""},"product_brand":[],"product_cat":[14940],"product_tag":[],"class_list":{"0":"post-127120","1":"product","2":"type-product","3":"status-publish","4":"has-post-thumbnail","6":"product_cat-dekoratif-obje-biblo-dekoratif-obje-biblo","8":"first","9":"instock","10":"purchasable","11":"product-type-simple","12":"entry","13":"content-bg","14":"loop-entry"},"_links":{"self":[{"href":"https:\/\/www.hediyepazar.com\/index.php?rest_route=\/wp\/v2\/product\/127120","targetHints":{"allow":["GET"]}}],"collection":[{"href":"https:\/\/www.hediyepazar.com\/index.php?rest_route=\/wp\/v2\/product"}],"about":[{"href":"https:\/\/www.hediyepazar.com\/index.php?rest_route=\/wp\/v2\/types\/product"}],"replies":[{"embeddable":true,"href":"https:\/\/www.hediyepazar.com\/index.php?rest_route=%2Fwp%2Fv2%2Fcomments&post=127120"}],"wp:featuredmedia":[{"embeddable":true,"href":"https:\/\/www.hediyepazar.com\/index.php?rest_route=\/wp\/v2\/media\/127119"}],"wp:attachment":[{"href":"https:\/\/www.hediyepazar.com\/index.php?rest_route=%2Fwp%2Fv2%2Fmedia&parent=127120"}],"wp:term":[{"taxonomy":"product_brand","embeddable":true,"href":"https:\/\/www.hediyepazar.com\/index.php?rest_route=%2Fwp%2Fv2%2Fproduct_brand&post=127120"},{"taxonomy":"product_cat","embeddable":true,"href":"https:\/\/www.hediyepazar.com\/index.php?rest_route=%2Fwp%2Fv2%2Fproduct_cat&post=127120"},{"taxonomy":"product_tag","embeddable":true,"href":"https:\/\/www.hediyepazar.com\/index.php?rest_route=%2Fwp%2Fv2%2Fproduct_tag&post=127120"}],"curies":[{"name":"wp","href":"https:\/\/api.w.org\/{rel}","templated":true}]}}