{"id":127206,"date":"2026-05-06T22:08:23","date_gmt":"2026-05-07T01:08:23","guid":{"rendered":"https:\/\/www.hediyepazar.com\/?product=tum-telefonlarla-uyumlu-kompakt-sogutucu-yuksek-performansli-hizli-sogutma-2"},"modified":"2026-05-06T22:08:23","modified_gmt":"2026-05-07T01:08:23","slug":"tum-telefonlarla-uyumlu-kompakt-sogutucu-yuksek-performansli-hizli-sogutma-2","status":"publish","type":"product","link":"https:\/\/www.hediyepazar.com\/?product=tum-telefonlarla-uyumlu-kompakt-sogutucu-yuksek-performansli-hizli-sogutma-2","title":{"rendered":"T\u00fcm Telefonlarla Uyumlu Kompakt So\u011futucu | Y\u00fcksek Performansl\u0131 H\u0131zl\u0131 So\u011futma"},"content":{"rendered":"<p>Bu so\u011futucu sadece g\u00fc\u00e7l\u00fc de\u011fil ayn\u0131 zamanda sessizdir. \u0130\u00e7erisinde yer alan d\u00fc\u015f\u00fck desibelli fan sistemi, \u00e7al\u0131\u015f\u0131rken neredeyse hi\u00e7 ses \u00e7\u0131karmayacak \u015fekilde optimize edilmi\u015ftir. Ofis ortam\u0131nda, gece kullan\u0131mda ya da video kayd\u0131 s\u0131ras\u0131nda arka planda motor sesi duyulmaz. \u00d6zellikle profesyonel yay\u0131n yapanlar, online toplant\u0131lar yapan kullan\u0131c\u0131lar ya da a\u00e7\u0131k ofiste \u00e7al\u0131\u015fan bireyler i\u00e7in sessizlik b\u00fcy\u00fck \u00f6nem ta\u015f\u0131r. Bu \u00fcr\u00fcn, performanstan \u00f6d\u00fcn vermeden sessiz bir kullan\u0131m sunar. Uzun s\u00fcreli \u00e7al\u0131\u015fmalarda bile \u0131s\u0131nmayan yap\u0131s\u0131 sayesinde kararl\u0131 \u00e7al\u0131\u015f\u0131r, sessiz fan teknolojisi ile g\u00fcn boyu kesintisiz kullan\u0131m sunar.<\/p>\n","protected":false},"excerpt":{"rendered":"<p>Bu so\u011futucu sadece g\u00fc\u00e7l\u00fc de\u011fil ayn\u0131 zamanda sessizdir. \u0130\u00e7erisinde yer alan d\u00fc\u015f\u00fck desibelli fan sistemi, \u00e7al\u0131\u015f\u0131rken neredeyse hi\u00e7 ses \u00e7\u0131karmayacak \u015fekilde optimize edilmi\u015ftir. Ofis ortam\u0131nda, gece kullan\u0131mda ya da video kayd\u0131 s\u0131ras\u0131nda arka planda motor sesi duyulmaz. \u00d6zellikle profesyonel yay\u0131n yapanlar, online toplant\u0131lar yapan kullan\u0131c\u0131lar ya da a\u00e7\u0131k ofiste \u00e7al\u0131\u015fan bireyler i\u00e7in sessizlik b\u00fcy\u00fck \u00f6nem&#8230;<\/p>\n","protected":false},"featured_media":127205,"comment_status":"open","ping_status":"closed","template":"","meta":{"_kad_post_transparent":"","_kad_post_title":"","_kad_post_layout":"","_kad_post_sidebar_id":"","_kad_post_content_style":"","_kad_post_vertical_padding":"","_kad_post_feature":"","_kad_post_feature_position":"","_kad_post_header":false,"_kad_post_footer":false,"_kad_post_classname":""},"product_brand":[],"product_cat":[14991],"product_tag":[],"class_list":{"0":"post-127206","1":"product","2":"type-product","3":"status-publish","4":"has-post-thumbnail","6":"product_cat-mobil-oyun-aksesuar-mobil-oyun-aksesuar","8":"first","9":"instock","10":"purchasable","11":"product-type-simple","12":"entry","13":"content-bg","14":"loop-entry"},"_links":{"self":[{"href":"https:\/\/www.hediyepazar.com\/index.php?rest_route=\/wp\/v2\/product\/127206","targetHints":{"allow":["GET"]}}],"collection":[{"href":"https:\/\/www.hediyepazar.com\/index.php?rest_route=\/wp\/v2\/product"}],"about":[{"href":"https:\/\/www.hediyepazar.com\/index.php?rest_route=\/wp\/v2\/types\/product"}],"replies":[{"embeddable":true,"href":"https:\/\/www.hediyepazar.com\/index.php?rest_route=%2Fwp%2Fv2%2Fcomments&post=127206"}],"wp:featuredmedia":[{"embeddable":true,"href":"https:\/\/www.hediyepazar.com\/index.php?rest_route=\/wp\/v2\/media\/127205"}],"wp:attachment":[{"href":"https:\/\/www.hediyepazar.com\/index.php?rest_route=%2Fwp%2Fv2%2Fmedia&parent=127206"}],"wp:term":[{"taxonomy":"product_brand","embeddable":true,"href":"https:\/\/www.hediyepazar.com\/index.php?rest_route=%2Fwp%2Fv2%2Fproduct_brand&post=127206"},{"taxonomy":"product_cat","embeddable":true,"href":"https:\/\/www.hediyepazar.com\/index.php?rest_route=%2Fwp%2Fv2%2Fproduct_cat&post=127206"},{"taxonomy":"product_tag","embeddable":true,"href":"https:\/\/www.hediyepazar.com\/index.php?rest_route=%2Fwp%2Fv2%2Fproduct_tag&post=127206"}],"curies":[{"name":"wp","href":"https:\/\/api.w.org\/{rel}","templated":true}]}}