{"id":127274,"date":"2026-05-06T22:20:17","date_gmt":"2026-05-07T01:20:17","guid":{"rendered":"https:\/\/www.hediyepazar.com\/?product=kablosuz-sarjli-akilli-saat-ultra-ince-tasarim"},"modified":"2026-05-06T22:20:17","modified_gmt":"2026-05-07T01:20:17","slug":"kablosuz-sarjli-akilli-saat-ultra-ince-tasarim","status":"publish","type":"product","link":"https:\/\/www.hediyepazar.com\/?product=kablosuz-sarjli-akilli-saat-ultra-ince-tasarim","title":{"rendered":"Kablosuz \u015earjl\u0131 Ak\u0131ll\u0131 Saat Ultra \u0130nce Tasar\u0131m"},"content":{"rendered":"<p>Bu ak\u0131ll\u0131 saat, uzun pil \u00f6mr\u00fc ve kablosuz \u015farj teknolojisi ile kesintisiz kullan\u0131m avantaj\u0131 sunar. Tek \u015farjla g\u00fcnlerce kullan\u0131labilen bataryas\u0131, yo\u011fun tempoda bile y\u00fcksek performans sa\u011flar. AMOLED ekran\u0131 sayesinde hem i\u00e7 hem d\u0131\u015f mek\u00e2nlarda net g\u00f6r\u00fcnt\u00fc sunar.3 farkl\u0131 kordon se\u00e7ene\u011fi ile tarz\u0131n\u0131z\u0131 diledi\u011finiz gibi de\u011fi\u015ftirebilirsiniz. Spor, klasik veya g\u00fcnl\u00fck kombinlerle kolayca uyum sa\u011flar. Ultra ince ve hafif g\u00f6vdesi, g\u00fcn boyu rahats\u0131zl\u0131k vermeden kullan\u0131m imk\u00e2n\u0131 sunar.\u015e\u0131kl\u0131k ve teknolojiyi bir arada isteyen kullan\u0131c\u0131lar i\u00e7in tasarlanm\u0131\u015ft\u0131r.<\/p>\n","protected":false},"excerpt":{"rendered":"<p>Bu ak\u0131ll\u0131 saat, uzun pil \u00f6mr\u00fc ve kablosuz \u015farj teknolojisi ile kesintisiz kullan\u0131m avantaj\u0131 sunar. Tek \u015farjla g\u00fcnlerce kullan\u0131labilen bataryas\u0131, yo\u011fun tempoda bile y\u00fcksek performans sa\u011flar. AMOLED ekran\u0131 sayesinde hem i\u00e7 hem d\u0131\u015f mek\u00e2nlarda net g\u00f6r\u00fcnt\u00fc sunar.3 farkl\u0131 kordon se\u00e7ene\u011fi ile tarz\u0131n\u0131z\u0131 diledi\u011finiz gibi de\u011fi\u015ftirebilirsiniz. Spor, klasik veya g\u00fcnl\u00fck kombinlerle kolayca uyum sa\u011flar. Ultra ince&#8230;<\/p>\n","protected":false},"featured_media":127273,"comment_status":"open","ping_status":"closed","template":"","meta":{"_kad_post_transparent":"","_kad_post_title":"","_kad_post_layout":"","_kad_post_sidebar_id":"","_kad_post_content_style":"","_kad_post_vertical_padding":"","_kad_post_feature":"","_kad_post_feature_position":"","_kad_post_header":false,"_kad_post_footer":false,"_kad_post_classname":""},"product_brand":[],"product_cat":[14935],"product_tag":[],"class_list":{"0":"post-127274","1":"product","2":"type-product","3":"status-publish","4":"has-post-thumbnail","6":"product_cat-akilli-saatler-akilli-saatler","8":"first","9":"instock","10":"purchasable","11":"product-type-simple","12":"entry","13":"content-bg","14":"loop-entry"},"_links":{"self":[{"href":"https:\/\/www.hediyepazar.com\/index.php?rest_route=\/wp\/v2\/product\/127274","targetHints":{"allow":["GET"]}}],"collection":[{"href":"https:\/\/www.hediyepazar.com\/index.php?rest_route=\/wp\/v2\/product"}],"about":[{"href":"https:\/\/www.hediyepazar.com\/index.php?rest_route=\/wp\/v2\/types\/product"}],"replies":[{"embeddable":true,"href":"https:\/\/www.hediyepazar.com\/index.php?rest_route=%2Fwp%2Fv2%2Fcomments&post=127274"}],"wp:featuredmedia":[{"embeddable":true,"href":"https:\/\/www.hediyepazar.com\/index.php?rest_route=\/wp\/v2\/media\/127273"}],"wp:attachment":[{"href":"https:\/\/www.hediyepazar.com\/index.php?rest_route=%2Fwp%2Fv2%2Fmedia&parent=127274"}],"wp:term":[{"taxonomy":"product_brand","embeddable":true,"href":"https:\/\/www.hediyepazar.com\/index.php?rest_route=%2Fwp%2Fv2%2Fproduct_brand&post=127274"},{"taxonomy":"product_cat","embeddable":true,"href":"https:\/\/www.hediyepazar.com\/index.php?rest_route=%2Fwp%2Fv2%2Fproduct_cat&post=127274"},{"taxonomy":"product_tag","embeddable":true,"href":"https:\/\/www.hediyepazar.com\/index.php?rest_route=%2Fwp%2Fv2%2Fproduct_tag&post=127274"}],"curies":[{"name":"wp","href":"https:\/\/api.w.org\/{rel}","templated":true}]}}