{"id":127284,"date":"2026-05-06T22:23:01","date_gmt":"2026-05-07T01:23:01","guid":{"rendered":"https:\/\/www.hediyepazar.com\/?product=cift-lens-arac-guvenlik-kamerasi-g-sensorlu-full-hd"},"modified":"2026-05-06T22:23:01","modified_gmt":"2026-05-07T01:23:01","slug":"cift-lens-arac-guvenlik-kamerasi-g-sensorlu-full-hd","status":"publish","type":"product","link":"https:\/\/www.hediyepazar.com\/?product=cift-lens-arac-guvenlik-kamerasi-g-sensorlu-full-hd","title":{"rendered":"\u00c7ift Lens Ara\u00e7 G\u00fcvenlik Kameras\u0131 G Sens\u00f6rl\u00fc Full HD"},"content":{"rendered":"<p>S\u00fcr\u00fc\u015f s\u0131ras\u0131nda ve park halinde maksimum g\u00fcvenlik sa\u011flayan \u00e7ift lens ara\u00e7 kameras\u0131, Full HD 1080P \u00e7\u00f6z\u00fcn\u00fcrl\u00fck ile net kay\u0131t sunar. \u00d6n ve arka kamera deste\u011fi sayesinde her a\u00e7\u0131 kontrol alt\u0131ndad\u0131r.170 derece geni\u015f a\u00e7\u0131, gece g\u00f6r\u00fc\u015f ve WDR teknolojisi ile her \u0131\u015f\u0131k ko\u015fulunda dengeli g\u00f6r\u00fcnt\u00fc sa\u011flar. D\u00f6ng\u00fcsel kay\u0131t sistemi haf\u0131za doldu\u011funda otomatik silme yapar.G-sens\u00f6r darbe an\u0131nda g\u00f6r\u00fcnt\u00fcy\u00fc korur. 32 GB\u2019a kadar microSD kart deste\u011fi sunar. 4 in\u00e7 ekran ile anl\u0131k izleme m\u00fcmk\u00fcnd\u00fcr.Park modu ve hareket alg\u0131lama sayesinde ara\u00e7 park halindeyken de koruma sa\u011flar. Ara\u00e7 DVR, oto kamera ve g\u00fcvenlik kameras\u0131 arayanlar i\u00e7in idealdir.<\/p>\n","protected":false},"excerpt":{"rendered":"<p>S\u00fcr\u00fc\u015f s\u0131ras\u0131nda ve park halinde maksimum g\u00fcvenlik sa\u011flayan \u00e7ift lens ara\u00e7 kameras\u0131, Full HD 1080P \u00e7\u00f6z\u00fcn\u00fcrl\u00fck ile net kay\u0131t sunar. \u00d6n ve arka kamera deste\u011fi sayesinde her a\u00e7\u0131 kontrol alt\u0131ndad\u0131r.170 derece geni\u015f a\u00e7\u0131, gece g\u00f6r\u00fc\u015f ve WDR teknolojisi ile her \u0131\u015f\u0131k ko\u015fulunda dengeli g\u00f6r\u00fcnt\u00fc sa\u011flar. D\u00f6ng\u00fcsel kay\u0131t sistemi haf\u0131za doldu\u011funda otomatik silme yapar.G-sens\u00f6r darbe an\u0131nda&#8230;<\/p>\n","protected":false},"featured_media":127283,"comment_status":"open","ping_status":"closed","template":"","meta":{"_kad_post_transparent":"","_kad_post_title":"","_kad_post_layout":"","_kad_post_sidebar_id":"","_kad_post_content_style":"","_kad_post_vertical_padding":"","_kad_post_feature":"","_kad_post_feature_position":"","_kad_post_header":false,"_kad_post_footer":false,"_kad_post_classname":""},"product_brand":[],"product_cat":[15062],"product_tag":[],"class_list":{"0":"post-127284","1":"product","2":"type-product","3":"status-publish","4":"has-post-thumbnail","6":"product_cat-arac-ici-kamera-arac-ici-kamera","8":"first","9":"instock","10":"purchasable","11":"product-type-simple","12":"entry","13":"content-bg","14":"loop-entry"},"_links":{"self":[{"href":"https:\/\/www.hediyepazar.com\/index.php?rest_route=\/wp\/v2\/product\/127284","targetHints":{"allow":["GET"]}}],"collection":[{"href":"https:\/\/www.hediyepazar.com\/index.php?rest_route=\/wp\/v2\/product"}],"about":[{"href":"https:\/\/www.hediyepazar.com\/index.php?rest_route=\/wp\/v2\/types\/product"}],"replies":[{"embeddable":true,"href":"https:\/\/www.hediyepazar.com\/index.php?rest_route=%2Fwp%2Fv2%2Fcomments&post=127284"}],"wp:featuredmedia":[{"embeddable":true,"href":"https:\/\/www.hediyepazar.com\/index.php?rest_route=\/wp\/v2\/media\/127283"}],"wp:attachment":[{"href":"https:\/\/www.hediyepazar.com\/index.php?rest_route=%2Fwp%2Fv2%2Fmedia&parent=127284"}],"wp:term":[{"taxonomy":"product_brand","embeddable":true,"href":"https:\/\/www.hediyepazar.com\/index.php?rest_route=%2Fwp%2Fv2%2Fproduct_brand&post=127284"},{"taxonomy":"product_cat","embeddable":true,"href":"https:\/\/www.hediyepazar.com\/index.php?rest_route=%2Fwp%2Fv2%2Fproduct_cat&post=127284"},{"taxonomy":"product_tag","embeddable":true,"href":"https:\/\/www.hediyepazar.com\/index.php?rest_route=%2Fwp%2Fv2%2Fproduct_tag&post=127284"}],"curies":[{"name":"wp","href":"https:\/\/api.w.org\/{rel}","templated":true}]}}