{"id":127432,"date":"2026-05-06T22:39:18","date_gmt":"2026-05-07T01:39:18","guid":{"rendered":"https:\/\/www.hediyepazar.com\/?product=uzun-omurlu-bataryali-sarjli-el-feneri-guclu-led-aydinlatma"},"modified":"2026-05-06T22:39:18","modified_gmt":"2026-05-07T01:39:18","slug":"uzun-omurlu-bataryali-sarjli-el-feneri-guclu-led-aydinlatma","status":"publish","type":"product","link":"https:\/\/www.hediyepazar.com\/?product=uzun-omurlu-bataryali-sarjli-el-feneri-guclu-led-aydinlatma","title":{"rendered":"Uzun \u00d6m\u00fcrl\u00fc Bataryal\u0131 \u015earjl\u0131 El Feneri G\u00fc\u00e7l\u00fc LED Ayd\u0131nlatma"},"content":{"rendered":"<p>Bu g\u00fc\u00e7l\u00fc LED el feneri, karanl\u0131k ortamlarda net ve g\u00fc\u00e7l\u00fc ayd\u0131nlatma sa\u011flar. Y\u00fcksek l\u00fcmen kapasitesi sayesinde geni\u015f alanlar\u0131 etkili bi\u00e7imde ayd\u0131nlat\u0131r. Uzun mesafeli \u0131\u015f\u0131k huzmesi ile a\u00e7\u0131k alan kullan\u0131m\u0131 i\u00e7in uygundur.9000mAh batarya kapasitesi, uzun s\u00fcreli kullan\u0131m avantaj\u0131 sunar. USB \u015farj deste\u011fi ile kolay ve pratik \u015fekilde enerji doldurulabilir. Tekrar \u015farj edilebilir yap\u0131s\u0131 sayesinde ekonomik kullan\u0131m sa\u011flar.Dayan\u0131kl\u0131 g\u00f6vde tasar\u0131m\u0131, darbelere kar\u015f\u0131 diren\u00e7lidir. Kaymaz y\u00fczeyi sayesinde g\u00fcvenli tutu\u015f sa\u011flar. \u00dcr\u00fcnle birlikte gelen ta\u015f\u0131ma \u00e7antas\u0131 hem koruma hem de d\u00fczen avantaj\u0131 sunar.Kamp, avc\u0131l\u0131k, elektrik kesintileri ve ara\u00e7 i\u00e7i kullan\u0131m i\u00e7in uygundur. G\u00fc\u00e7l\u00fc performans\u0131 sayesinde zorlu ko\u015fullarda bile etkili sonu\u00e7 verir.<\/p>\n","protected":false},"excerpt":{"rendered":"<p>Bu g\u00fc\u00e7l\u00fc LED el feneri, karanl\u0131k ortamlarda net ve g\u00fc\u00e7l\u00fc ayd\u0131nlatma sa\u011flar. Y\u00fcksek l\u00fcmen kapasitesi sayesinde geni\u015f alanlar\u0131 etkili bi\u00e7imde ayd\u0131nlat\u0131r. Uzun mesafeli \u0131\u015f\u0131k huzmesi ile a\u00e7\u0131k alan kullan\u0131m\u0131 i\u00e7in uygundur.9000mAh batarya kapasitesi, uzun s\u00fcreli kullan\u0131m avantaj\u0131 sunar. USB \u015farj deste\u011fi ile kolay ve pratik \u015fekilde enerji doldurulabilir. Tekrar \u015farj edilebilir yap\u0131s\u0131 sayesinde ekonomik kullan\u0131m&#8230;<\/p>\n","protected":false},"featured_media":127431,"comment_status":"open","ping_status":"closed","template":"","meta":{"_kad_post_transparent":"","_kad_post_title":"","_kad_post_layout":"","_kad_post_sidebar_id":"","_kad_post_content_style":"","_kad_post_vertical_padding":"","_kad_post_feature":"","_kad_post_feature_position":"","_kad_post_header":false,"_kad_post_footer":false,"_kad_post_classname":""},"product_brand":[],"product_cat":[14977],"product_tag":[],"class_list":{"0":"post-127432","1":"product","2":"type-product","3":"status-publish","4":"has-post-thumbnail","6":"product_cat-kamp-lambasi-kamp-lambasi","8":"first","9":"instock","10":"purchasable","11":"product-type-simple","12":"entry","13":"content-bg","14":"loop-entry"},"_links":{"self":[{"href":"https:\/\/www.hediyepazar.com\/index.php?rest_route=\/wp\/v2\/product\/127432","targetHints":{"allow":["GET"]}}],"collection":[{"href":"https:\/\/www.hediyepazar.com\/index.php?rest_route=\/wp\/v2\/product"}],"about":[{"href":"https:\/\/www.hediyepazar.com\/index.php?rest_route=\/wp\/v2\/types\/product"}],"replies":[{"embeddable":true,"href":"https:\/\/www.hediyepazar.com\/index.php?rest_route=%2Fwp%2Fv2%2Fcomments&post=127432"}],"wp:featuredmedia":[{"embeddable":true,"href":"https:\/\/www.hediyepazar.com\/index.php?rest_route=\/wp\/v2\/media\/127431"}],"wp:attachment":[{"href":"https:\/\/www.hediyepazar.com\/index.php?rest_route=%2Fwp%2Fv2%2Fmedia&parent=127432"}],"wp:term":[{"taxonomy":"product_brand","embeddable":true,"href":"https:\/\/www.hediyepazar.com\/index.php?rest_route=%2Fwp%2Fv2%2Fproduct_brand&post=127432"},{"taxonomy":"product_cat","embeddable":true,"href":"https:\/\/www.hediyepazar.com\/index.php?rest_route=%2Fwp%2Fv2%2Fproduct_cat&post=127432"},{"taxonomy":"product_tag","embeddable":true,"href":"https:\/\/www.hediyepazar.com\/index.php?rest_route=%2Fwp%2Fv2%2Fproduct_tag&post=127432"}],"curies":[{"name":"wp","href":"https:\/\/api.w.org\/{rel}","templated":true}]}}