{"id":127540,"date":"2026-05-06T22:51:47","date_gmt":"2026-05-07T01:51:47","guid":{"rendered":"https:\/\/www.hediyepazar.com\/?product=intercom-mesafeli-ipx6-suya-dayanikli-kask-kulaklik-sistemi"},"modified":"2026-05-06T22:51:47","modified_gmt":"2026-05-07T01:51:47","slug":"intercom-mesafeli-ipx6-suya-dayanikli-kask-kulaklik-sistemi","status":"publish","type":"product","link":"https:\/\/www.hediyepazar.com\/?product=intercom-mesafeli-ipx6-suya-dayanikli-kask-kulaklik-sistemi","title":{"rendered":"Intercom Mesafeli IPX6 Suya Dayan\u0131kl\u0131 Kask Kulakl\u0131k Sistemi"},"content":{"rendered":"<p>16 farkl\u0131 ortam \u0131\u015f\u0131\u011f\u0131 modu ile gece s\u00fcr\u00fc\u015flerinde fark edilirli\u011finizi art\u0131r\u0131r. RGB ayd\u0131nlatma hem estetik hem de g\u00fcvenlik odakl\u0131 tasarlanm\u0131\u015ft\u0131r.Y\u00fcksek \u00e7\u00f6z\u00fcn\u00fcrl\u00fckl\u00fc ses kalitesi ile m\u00fczik dinlerken veya intercom g\u00f6r\u00fc\u015fmesi yaparken net ve g\u00fc\u00e7l\u00fc ses deneyimi sunar.<\/p>\n","protected":false},"excerpt":{"rendered":"<p>16 farkl\u0131 ortam \u0131\u015f\u0131\u011f\u0131 modu ile gece s\u00fcr\u00fc\u015flerinde fark edilirli\u011finizi art\u0131r\u0131r. RGB ayd\u0131nlatma hem estetik hem de g\u00fcvenlik odakl\u0131 tasarlanm\u0131\u015ft\u0131r.Y\u00fcksek \u00e7\u00f6z\u00fcn\u00fcrl\u00fckl\u00fc ses kalitesi ile m\u00fczik dinlerken veya intercom g\u00f6r\u00fc\u015fmesi yaparken net ve g\u00fc\u00e7l\u00fc ses deneyimi sunar.<\/p>\n","protected":false},"featured_media":127539,"comment_status":"open","ping_status":"closed","template":"","meta":{"_kad_post_transparent":"","_kad_post_title":"","_kad_post_layout":"","_kad_post_sidebar_id":"","_kad_post_content_style":"","_kad_post_vertical_padding":"","_kad_post_feature":"","_kad_post_feature_position":"","_kad_post_header":false,"_kad_post_footer":false,"_kad_post_classname":""},"product_brand":[],"product_cat":[15010],"product_tag":[],"class_list":{"0":"post-127540","1":"product","2":"type-product","3":"status-publish","4":"has-post-thumbnail","6":"product_cat-intercom-intercom","8":"first","9":"instock","10":"purchasable","11":"product-type-simple","12":"entry","13":"content-bg","14":"loop-entry"},"_links":{"self":[{"href":"https:\/\/www.hediyepazar.com\/index.php?rest_route=\/wp\/v2\/product\/127540","targetHints":{"allow":["GET"]}}],"collection":[{"href":"https:\/\/www.hediyepazar.com\/index.php?rest_route=\/wp\/v2\/product"}],"about":[{"href":"https:\/\/www.hediyepazar.com\/index.php?rest_route=\/wp\/v2\/types\/product"}],"replies":[{"embeddable":true,"href":"https:\/\/www.hediyepazar.com\/index.php?rest_route=%2Fwp%2Fv2%2Fcomments&post=127540"}],"wp:featuredmedia":[{"embeddable":true,"href":"https:\/\/www.hediyepazar.com\/index.php?rest_route=\/wp\/v2\/media\/127539"}],"wp:attachment":[{"href":"https:\/\/www.hediyepazar.com\/index.php?rest_route=%2Fwp%2Fv2%2Fmedia&parent=127540"}],"wp:term":[{"taxonomy":"product_brand","embeddable":true,"href":"https:\/\/www.hediyepazar.com\/index.php?rest_route=%2Fwp%2Fv2%2Fproduct_brand&post=127540"},{"taxonomy":"product_cat","embeddable":true,"href":"https:\/\/www.hediyepazar.com\/index.php?rest_route=%2Fwp%2Fv2%2Fproduct_cat&post=127540"},{"taxonomy":"product_tag","embeddable":true,"href":"https:\/\/www.hediyepazar.com\/index.php?rest_route=%2Fwp%2Fv2%2Fproduct_tag&post=127540"}],"curies":[{"name":"wp","href":"https:\/\/api.w.org\/{rel}","templated":true}]}}